CREATE TABLE `comparisons2` (
  `ID` int(10) unsigned NOT NULL AUTO_INCREMENT,
  `subject` int(10) NOT NULL,
  `user` int(10) unsigned NOT NULL,
  `field` int(10) unsigned NOT NULL,
  `value` int(10) unsigned NOT NULL,
  `certainity` int(10) unsigned NOT NULL,
  `anchor` int(10) unsigned NOT NULL,
  PRIMARY KEY (`ID`)
) ENGINE=InnoDB AUTO_INCREMENT=7213 DEFAULT CHARSET=latin1;

--
-- Dumping data for table `comparisons2`
--

INSERT INTO `comparisons2` (`ID`,`subject`,`user`,`field`,`value`,`certainity`,`anchor`) VALUES 
 (1677,68,12,1,3,100,72),
 (1678,68,12,2,6,100,72),
 (1679,68,12,3,12,100,72),
 (1680,68,12,4,44,100,72),
 (1681,68,12,6,26,100,72),
 (1682,68,12,7,30,100,72),
 (1683,68,12,11,19,100,72),
 (1684,68,12,12,50,100,72),
 (1685,68,12,14,57,100,72),
 (1686,68,12,15,62,100,72),
 (1687,68,12,16,66,100,72),
 (1688,68,12,17,72,100,72),
 (1689,68,12,18,77,100,72),
 (1690,68,12,19,82,100,72),
 (1691,68,12,20,87,100,72),
 (1692,68,12,21,92,100,72),
 (1693,68,12,22,97,100,72),
 (1695,68,12,24,107,100,72),
 (1696,68,12,25,112,100,72),
 (1697,33,12,1,3,100,72),
 (1698,33,12,2,5,100,72),
 (1699,33,12,3,12,100,72),
 (1700,33,12,4,44,100,72),
 (1701,33,12,6,26,100,72),
 (1702,33,12,7,30,100,72),
 (1703,33,12,11,20,100,72),
 (1704,33,12,12,51,100,72),
 (1705,33,12,14,57,100,72),
 (1706,33,12,15,61,100,72),
 (1707,33,12,16,66,100,72),
 (1708,33,12,17,71,100,72),
 (1709,33,12,18,77,100,72),
 (1710,33,12,19,82,100,72),
 (1711,33,12,20,87,100,72),
 (1712,33,12,21,93,100,72),
 (1713,33,12,22,97,100,72),
 (1715,33,12,24,108,100,72),
 (1716,33,12,25,112,100,72),
 (1717,8,12,1,2,100,72),
 (1718,8,12,2,4,100,72),
 (1719,8,12,3,12,100,72),
 (1720,8,12,4,44,100,72),
 (1721,8,12,6,27,100,72),
 (1722,8,12,7,29,100,72),
 (1723,8,12,11,21,100,72),
 (1724,8,12,12,52,100,72),
 (1725,8,12,14,57,100,72),
 (1726,8,12,15,61,100,72),
 (1727,8,12,16,66,100,72),
 (1728,8,12,17,70,100,72),
 (1729,8,12,18,77,100,72),
 (1730,8,12,19,80,100,72),
 (1731,8,12,20,86,100,72),
 (1732,8,12,21,93,100,72),
 (1733,8,12,22,96,100,72),
 (1735,8,12,24,109,100,72),
 (1736,8,12,25,112,100,72),
 (1737,103,12,1,3,100,72),
 (1738,103,12,2,5,100,72),
 (1739,103,12,3,12,100,72),
 (1740,103,12,4,44,100,72),
 (1741,103,12,6,25,100,72),
 (1742,103,12,7,30,100,72),
 (1743,103,12,11,19,100,72),
 (1744,103,12,12,50,100,72),
 (1745,103,12,14,57,100,72),
 (1746,103,12,15,62,100,72),
 (1747,103,12,16,66,100,72),
 (1748,103,12,17,71,100,72),
 (1749,103,12,18,77,100,72),
 (1750,103,12,19,82,100,72),
 (1751,103,12,20,87,100,72),
 (1752,103,12,21,92,100,72),
 (1753,103,12,22,97,100,72),
 (1755,103,12,24,108,100,72),
 (1756,103,12,25,112,100,72),
 (1757,9,12,1,3,100,72),
 (1758,9,12,2,6,100,72),
 (1759,9,12,3,12,100,72),
 (1760,9,12,4,44,100,72),
 (1761,9,12,6,27,100,72),
 (1762,9,12,7,30,100,72),
 (1763,9,12,11,20,100,72),
 (1764,9,12,12,50,100,72),
 (1765,9,12,14,57,100,72),
 (1766,9,12,15,62,100,72),
 (1767,9,12,16,66,100,72),
 (1768,9,12,17,71,100,72),
 (1769,9,12,18,77,100,72),
 (1770,9,12,19,82,100,72),
 (1771,9,12,20,86,100,72),
 (1772,9,12,21,92,100,72),
 (1773,9,12,22,97,100,72),
 (1775,9,12,24,108,100,72),
 (1776,9,12,25,112,100,72),
 (1777,113,119,1,3,100,39),
 (1778,113,119,2,6,100,39),
 (1779,113,119,3,12,100,39),
 (1780,113,119,4,44,100,39),
 (1781,113,119,6,24,100,39),
 (1782,113,119,7,31,100,39),
 (1783,113,119,11,19,100,39),
 (1784,113,119,12,49,100,39),
 (1785,113,119,14,57,100,39),
 (1786,113,119,15,62,100,39),
 (1787,113,119,16,67,100,39),
 (1788,113,119,17,72,100,39),
 (1789,113,119,18,76,100,39),
 (1790,113,119,19,82,100,39),
 (1791,113,119,20,88,100,39),
 (1792,113,119,21,91,100,39),
 (1793,113,119,22,98,100,39),
 (1794,113,119,24,106,100,39),
 (1795,113,119,25,113,100,39),
 (1796,81,119,1,3,100,39),
 (1797,81,119,2,5,100,39),
 (1798,81,119,3,11,100,39),
 (1799,81,119,4,43,100,39),
 (1800,81,119,6,23,100,39),
 (1801,81,119,7,31,100,39),
 (1802,81,119,11,18,100,39),
 (1803,81,119,12,51,100,39),
 (1804,81,119,14,58,100,39),
 (1805,81,119,15,61,100,39),
 (1806,81,119,16,66,100,39),
 (1807,81,119,17,71,100,39),
 (1808,81,119,18,77,100,39),
 (1809,81,119,19,81,100,39),
 (1810,81,119,20,86,100,39),
 (1811,81,119,21,92,100,39),
 (1812,81,119,22,96,100,39),
 (1813,81,119,24,108,100,39),
 (1814,81,119,25,112,100,39),
 (1815,19,119,1,3,100,39),
 (1816,19,119,2,6,100,39),
 (1817,19,119,3,12,100,39),
 (1818,19,119,4,44,100,39),
 (1819,19,119,6,25,100,39),
 (1820,19,119,7,31,100,39),
 (1821,19,119,11,18,100,39),
 (1822,19,119,12,50,100,39),
 (1823,19,119,14,57,100,39),
 (1824,19,119,15,61,100,39),
 (1825,19,119,16,65,100,39),
 (1826,19,119,17,71,100,39),
 (1827,19,119,18,77,100,39),
 (1828,19,119,19,82,100,39),
 (1829,19,119,20,86,100,39),
 (1830,19,119,21,91,100,39),
 (1831,19,119,22,96,100,39),
 (1832,19,119,24,108,100,39),
 (1833,19,119,25,113,100,39),
 (1834,28,119,1,2,100,39),
 (1835,28,119,2,6,100,39),
 (1836,28,119,3,12,100,39),
 (1837,28,119,4,44,100,39),
 (1838,28,119,6,25,100,39),
 (1839,28,119,7,28,100,39),
 (1840,28,119,11,19,100,39),
 (1841,28,119,12,49,100,39),
 (1842,28,119,14,58,100,39),
 (1843,28,119,15,62,100,39),
 (1844,28,119,16,66,100,39),
 (1845,28,119,17,72,100,39),
 (1846,28,119,18,77,100,39),
 (1847,28,119,19,83,100,39),
 (1848,28,119,20,88,100,39),
 (1849,28,119,21,92,100,39),
 (1850,28,119,22,98,100,39),
 (1851,28,119,24,106,100,39),
 (1852,28,119,25,110,100,39),
 (1853,38,119,1,3,100,39),
 (1854,38,119,2,6,100,39),
 (1855,38,119,3,12,100,39),
 (1856,38,119,4,44,100,39),
 (1857,38,119,6,25,100,39),
 (1858,38,119,7,31,100,39),
 (1859,38,119,11,17,100,39),
 (1860,38,119,12,48,100,39),
 (1861,38,119,14,56,100,39),
 (1862,38,119,15,63,100,39),
 (1863,38,119,16,66,100,39),
 (1864,38,119,17,73,100,39),
 (1865,38,119,18,76,100,39),
 (1866,38,119,19,83,100,39),
 (1867,38,119,20,88,100,39),
 (1868,38,119,21,90,100,39),
 (1869,38,119,22,99,100,39),
 (1870,38,119,24,107,100,39),
 (1871,38,119,25,112,100,39),
 (1873,5,122,1,3,100,72),
 (1874,5,122,2,6,100,72),
 (1875,5,122,3,11,100,72),
 (1876,5,122,4,43,100,72),
 (1877,5,122,6,25,100,72),
 (1878,5,122,7,30,100,72),
 (1879,5,122,11,20,100,72),
 (1880,5,122,12,49,100,72),
 (1881,5,122,14,57,100,72),
 (1882,5,122,15,62,100,72),
 (1883,5,122,16,66,100,72),
 (1884,5,122,17,72,100,72),
 (1885,5,122,18,77,100,72),
 (1886,5,122,19,82,100,72),
 (1887,5,122,20,87,100,72),
 (1888,5,122,21,93,100,72),
 (1889,5,122,22,97,100,72),
 (1890,5,122,23,0,0,72),
 (1891,5,122,24,107,100,72),
 (1892,5,122,25,111,100,72),
 (1913,97,122,1,3,100,72),
 (1914,97,122,2,5,100,72),
 (1915,97,122,3,12,100,72),
 (1916,97,122,4,44,100,72),
 (1917,97,122,6,26,100,72),
 (1918,97,122,7,30,100,72),
 (1919,97,122,11,18,100,72),
 (1920,97,122,12,49,100,72),
 (1921,97,122,14,57,100,72),
 (1922,97,122,15,62,100,72),
 (1923,97,122,16,65,100,72),
 (1924,97,122,17,73,100,72),
 (1925,97,122,18,76,100,72),
 (1926,97,122,19,83,100,72),
 (1927,97,122,20,87,100,72),
 (1928,97,122,21,91,100,72),
 (1929,97,122,22,97,100,72),
 (1930,97,122,23,0,0,72),
 (1931,97,122,24,106,100,72),
 (1932,97,122,25,111,100,72),
 (1933,40,122,1,3,100,72),
 (1934,40,122,2,4,100,72),
 (1935,40,122,3,12,100,72),
 (1936,40,122,4,44,100,72),
 (1937,40,122,6,26,100,72),
 (1938,40,122,7,29,100,72),
 (1939,40,122,11,20,100,72),
 (1940,40,122,12,51,100,72),
 (1941,40,122,14,58,100,72),
 (1942,40,122,15,61,100,72),
 (1943,40,122,16,66,100,72),
 (1944,40,122,17,71,100,72),
 (1945,40,122,18,78,100,72),
 (1946,40,122,19,82,100,72),
 (1947,40,122,20,87,100,72),
 (1948,40,122,21,93,100,72),
 (1949,40,122,22,96,100,72),
 (1950,40,122,23,0,0,72),
 (1951,40,122,24,108,100,72),
 (1952,40,122,25,112,100,72),
 (1953,91,122,1,3,100,72),
 (1954,91,122,2,7,100,72),
 (1955,91,122,3,12,100,72),
 (1956,91,122,4,44,100,72),
 (1957,91,122,6,26,100,72),
 (1958,91,122,7,29,100,72),
 (1959,91,122,11,19,100,72),
 (1960,91,122,12,50,100,72),
 (1961,91,122,14,57,100,72),
 (1962,91,122,15,62,100,72),
 (1963,91,122,16,67,100,72),
 (1964,91,122,17,73,100,72),
 (1965,91,122,18,77,100,72),
 (1966,91,122,19,82,100,72),
 (1967,91,122,20,87,100,72),
 (1968,91,122,21,93,100,72),
 (1969,91,122,22,97,100,72),
 (1970,91,122,23,0,0,72),
 (1971,91,122,24,107,100,72),
 (1972,91,122,25,111,100,72),
 (1973,74,123,1,2,100,7),
 (1974,74,123,2,6,100,7),
 (1975,74,123,3,11,100,7),
 (1976,74,123,4,43,100,7),
 (1977,74,123,6,26,100,7),
 (1978,74,123,7,31,100,7),
 (1979,74,123,11,17,100,7),
 (1980,74,123,12,51,100,7),
 (1981,74,123,14,57,100,7),
 (1982,74,123,15,61,100,7),
 (1983,74,123,16,66,100,7),
 (1984,74,123,17,71,100,7),
 (1985,74,123,18,76,100,7),
 (1986,74,123,19,81,100,7),
 (1987,74,123,20,87,100,7),
 (1988,74,123,21,91,100,7),
 (1989,74,123,22,97,100,7),
 (1990,74,123,23,0,0,7),
 (1991,74,123,24,108,100,7),
 (1992,74,123,25,113,100,7),
 (1993,43,123,1,2,100,7),
 (1994,43,123,2,6,100,7),
 (1995,43,123,3,12,100,7),
 (1996,43,123,4,44,100,7),
 (1997,43,123,6,25,100,7),
 (1998,43,123,7,31,100,7),
 (1999,43,123,11,19,100,7),
 (2000,43,123,12,50,100,7),
 (2001,43,123,14,57,100,7),
 (2002,43,123,15,61,100,7),
 (2003,43,123,16,66,100,7),
 (2004,43,123,17,71,100,7),
 (2005,43,123,18,76,100,7),
 (2006,43,123,19,81,100,7),
 (2007,43,123,20,87,100,7),
 (2008,43,123,21,92,100,7),
 (2009,43,123,22,96,100,7),
 (2010,43,123,23,0,0,7),
 (2011,43,123,24,108,100,7),
 (2012,43,123,25,113,100,7),
 (2013,18,123,1,3,100,7),
 (2014,18,123,2,6,100,7),
 (2015,18,123,3,12,100,7),
 (2016,18,123,4,44,100,7),
 (2017,18,123,6,25,100,7),
 (2018,18,123,7,29,100,7),
 (2019,18,123,11,18,100,7),
 (2020,18,123,12,51,100,7),
 (2021,18,123,14,58,100,7),
 (2022,18,123,15,62,20,7),
 (2023,18,123,16,67,100,7),
 (2024,18,123,17,71,100,7),
 (2025,18,123,18,76,100,7),
 (2026,18,123,19,81,100,7),
 (2027,18,123,20,87,100,7),
 (2028,18,123,21,91,100,7),
 (2029,18,123,22,96,100,7),
 (2030,18,123,23,0,0,7),
 (2031,18,123,24,108,100,7),
 (2032,18,123,25,113,100,7),
 (2033,3,123,1,2,100,7),
 (2034,3,123,2,8,100,7),
 (2035,3,123,3,11,100,7),
 (2036,3,123,4,43,100,7),
 (2037,3,123,6,27,100,7),
 (2038,3,123,7,31,100,7),
 (2039,3,123,11,21,100,7),
 (2040,3,123,12,48,100,7),
 (2041,3,123,14,59,100,7),
 (2042,3,123,15,63,100,7),
 (2043,3,123,16,66,100,7),
 (2044,3,123,17,74,100,7),
 (2045,3,123,18,79,100,7),
 (2046,3,123,19,84,100,7),
 (2047,3,123,20,89,100,7),
 (2048,3,123,21,94,100,7),
 (2049,3,123,22,99,100,7),
 (2050,3,123,23,0,0,7),
 (2051,3,123,24,105,100,7),
 (2052,3,123,25,110,100,7),
 (2053,60,123,1,2,100,7),
 (2054,60,123,2,5,100,7),
 (2055,60,123,3,11,100,7),
 (2056,60,123,4,43,100,7),
 (2057,60,123,6,26,100,7),
 (2058,60,123,7,28,100,7),
 (2059,60,123,11,17,100,7),
 (2060,60,123,12,52,100,7),
 (2061,60,123,14,58,100,7),
 (2062,60,123,15,61,100,7),
 (2063,60,123,16,67,100,7),
 (2064,60,123,17,70,100,7),
 (2065,60,123,18,76,100,7),
 (2066,60,123,19,80,100,7),
 (2067,60,123,20,87,100,7),
 (2068,60,123,21,91,100,7),
 (2069,60,123,22,96,100,7),
 (2070,60,123,23,0,0,7),
 (2071,60,123,24,109,100,7),
 (2072,60,123,25,112,100,7),
 (2073,84,124,1,3,100,99),
 (2074,84,124,2,7,100,99),
 (2075,84,124,3,11,100,99),
 (2076,84,124,4,43,100,99),
 (2077,84,124,6,26,100,99),
 (2078,84,124,7,31,100,99),
 (2079,84,124,11,19,100,99),
 (2080,84,124,12,49,100,99),
 (2081,84,124,14,57,100,99),
 (2082,84,124,15,62,100,99),
 (2083,84,124,16,67,100,99),
 (2084,84,124,17,72,100,99),
 (2085,84,124,18,76,100,99),
 (2086,84,124,19,82,100,99),
 (2087,84,124,20,87,100,99),
 (2088,84,124,21,93,100,99),
 (2089,84,124,22,97,100,99),
 (2090,84,124,23,0,0,99),
 (2091,84,124,24,106,100,99),
 (2092,84,124,25,111,100,99),
 (2093,45,124,1,3,100,99),
 (2094,45,124,2,5,100,99),
 (2095,45,124,3,11,100,99),
 (2096,45,124,4,43,100,99),
 (2097,45,124,6,23,100,99),
 (2098,45,124,7,31,100,99),
 (2099,45,124,11,19,100,99),
 (2100,45,124,12,50,100,99),
 (2101,45,124,14,57,100,99),
 (2102,45,124,15,62,100,99),
 (2103,45,124,16,66,100,99),
 (2104,45,124,17,73,100,99),
 (2105,45,124,18,76,100,99),
 (2106,45,124,19,82,100,99),
 (2107,45,124,20,87,100,99),
 (2108,45,124,21,93,100,99),
 (2109,45,124,22,97,100,99),
 (2110,45,124,23,0,0,99),
 (2111,45,124,24,106,100,99),
 (2112,45,124,25,112,100,99),
 (2113,23,124,1,3,100,99),
 (2114,23,124,2,5,100,99),
 (2115,23,124,3,12,100,99),
 (2116,23,124,4,44,100,99),
 (2117,23,124,6,25,100,99),
 (2118,23,124,7,31,100,99),
 (2119,23,124,11,18,100,99),
 (2120,23,124,12,50,100,99),
 (2121,23,124,14,57,100,99),
 (2122,23,124,15,62,100,99),
 (2123,23,124,16,66,100,99),
 (2124,23,124,17,72,100,99),
 (2125,23,124,18,77,100,99),
 (2126,23,124,19,82,100,99),
 (2127,23,124,20,87,100,99),
 (2128,23,124,21,92,100,99),
 (2129,23,124,22,97,100,99),
 (2130,23,124,23,0,0,99),
 (2131,23,124,24,107,100,99),
 (2132,23,124,25,112,100,99),
 (2133,105,124,1,2,100,99),
 (2134,105,124,2,5,100,99),
 (2135,105,124,3,11,100,99),
 (2136,105,124,4,43,100,99),
 (2137,105,124,6,24,100,99),
 (2138,105,124,7,29,100,99),
 (2139,105,124,11,20,100,99),
 (2140,105,124,12,51,100,99),
 (2141,105,124,14,58,100,99),
 (2142,105,124,15,61,100,99),
 (2143,105,124,16,66,100,99),
 (2144,105,124,17,71,100,99),
 (2145,105,124,18,76,100,99),
 (2146,105,124,19,82,100,99),
 (2147,105,124,20,87,100,99),
 (2148,105,124,21,93,100,99),
 (2149,105,124,22,97,100,99),
 (2150,105,124,23,0,0,99),
 (2151,105,124,24,108,100,99),
 (2152,105,124,25,112,100,99),
 (2153,25,124,1,2,100,99),
 (2154,25,124,2,7,100,99),
 (2155,25,124,3,11,100,99),
 (2156,25,124,4,43,100,99),
 (2157,25,124,6,23,100,99),
 (2158,25,124,7,28,100,99),
 (2159,25,124,11,20,100,99),
 (2160,25,124,12,51,100,99),
 (2161,25,124,14,57,100,99),
 (2162,25,124,15,62,100,99),
 (2163,25,124,16,66,100,99),
 (2164,25,124,17,71,100,99),
 (2165,25,124,18,76,100,99),
 (2166,25,124,19,82,100,99),
 (2167,25,124,20,87,100,99),
 (2168,25,124,21,92,100,99),
 (2169,25,124,22,97,100,99),
 (2170,25,124,23,0,0,99),
 (2171,25,124,24,108,100,99),
 (2172,25,124,25,112,100,99),
 (2173,73,125,1,3,100,16),
 (2174,73,125,2,6,100,16),
 (2175,73,125,3,12,100,16),
 (2176,73,125,4,44,100,16),
 (2177,73,125,6,24,100,16),
 (2178,73,125,7,30,100,16),
 (2179,73,125,11,18,100,16),
 (2180,73,125,12,49,100,16),
 (2181,73,125,14,57,100,16),
 (2182,73,125,15,62,100,16),
 (2183,73,125,16,67,100,16),
 (2184,73,125,17,73,100,16),
 (2185,73,125,18,77,100,16),
 (2186,73,125,19,83,100,16),
 (2187,73,125,20,87,40,16),
 (2188,73,125,21,91,100,16),
 (2189,73,125,22,97,100,16),
 (2190,73,125,23,0,0,16),
 (2191,73,125,24,106,100,16),
 (2192,73,125,25,111,100,16),
 (2193,59,125,1,3,100,16),
 (2194,59,125,2,6,100,16),
 (2195,59,125,3,11,100,16),
 (2196,59,125,4,43,100,16),
 (2197,59,125,6,24,100,16),
 (2198,59,125,7,28,100,16),
 (2199,59,125,11,18,100,16),
 (2200,59,125,12,50,100,16),
 (2201,59,125,14,57,100,16),
 (2202,59,125,15,62,100,16),
 (2203,59,125,16,67,100,16),
 (2204,59,125,17,72,100,16),
 (2205,59,125,18,77,100,16),
 (2206,59,125,19,82,100,16),
 (2207,59,125,20,87,20,16),
 (2208,59,125,21,91,100,16),
 (2209,59,125,22,96,100,16),
 (2210,59,125,23,0,0,16),
 (2211,59,125,24,107,100,16),
 (2212,59,125,25,113,100,16),
 (2213,35,125,1,3,100,16),
 (2214,35,125,2,6,100,16),
 (2215,35,125,3,12,100,16),
 (2216,35,125,4,44,100,16),
 (2217,35,125,6,25,100,16),
 (2218,35,125,7,28,100,16),
 (2219,35,125,11,18,100,16),
 (2220,35,125,12,50,100,16),
 (2221,35,125,14,57,100,16),
 (2222,35,125,15,62,100,16),
 (2223,35,125,16,66,100,16),
 (2224,35,125,17,73,100,16),
 (2225,35,125,18,76,100,16),
 (2226,35,125,19,83,100,16),
 (2227,35,125,20,87,40,16),
 (2228,35,125,21,91,100,16),
 (2229,35,125,22,97,40,16),
 (2230,35,125,23,0,0,16),
 (2231,35,125,24,106,100,16),
 (2232,35,125,25,111,100,16),
 (2233,102,125,1,3,100,16),
 (2234,102,125,2,5,100,16),
 (2235,102,125,3,12,100,16),
 (2236,102,125,4,44,100,16),
 (2237,102,125,6,25,100,16),
 (2238,102,125,7,30,100,16),
 (2239,102,125,11,18,100,16),
 (2240,102,125,12,51,100,16),
 (2241,102,125,14,57,100,16),
 (2242,102,125,15,62,100,16),
 (2243,102,125,16,67,100,16),
 (2244,102,125,17,72,100,16),
 (2245,102,125,18,77,100,16),
 (2246,102,125,19,81,40,16),
 (2247,102,125,20,87,40,16),
 (2248,102,125,21,91,100,16),
 (2249,102,125,22,96,100,16),
 (2250,102,125,23,0,0,16),
 (2251,102,125,24,107,100,16),
 (2252,102,125,25,113,100,16),
 (2253,51,125,1,3,100,16),
 (2254,51,125,2,6,100,16),
 (2255,51,125,3,12,100,16),
 (2256,51,125,4,44,100,16),
 (2257,51,125,6,25,100,16),
 (2258,51,125,7,31,100,16),
 (2259,51,125,11,18,100,16),
 (2260,51,125,12,50,100,16),
 (2261,51,125,14,57,100,16),
 (2262,51,125,15,62,100,16),
 (2263,51,125,16,66,100,16),
 (2264,51,125,17,72,100,16),
 (2265,51,125,18,76,100,16),
 (2266,51,125,19,81,100,16),
 (2267,51,125,20,87,100,16),
 (2268,51,125,21,91,100,16),
 (2269,51,125,22,97,100,16),
 (2270,51,125,23,0,0,16),
 (2271,51,125,24,106,100,16),
 (2272,51,125,25,113,100,16),
 (2273,56,126,1,2,100,52),
 (2274,56,126,2,8,100,52),
 (2275,56,126,3,12,100,52),
 (2276,56,126,4,44,100,52),
 (2277,56,126,6,24,100,52),
 (2278,56,126,7,31,100,52),
 (2279,56,126,11,21,100,52),
 (2280,56,126,12,48,100,52),
 (2281,56,126,14,58,100,52),
 (2282,56,126,15,61,100,52),
 (2283,56,126,16,66,100,52),
 (2284,56,126,17,73,100,52),
 (2285,56,126,18,77,100,52),
 (2286,56,126,19,83,100,52),
 (2287,56,126,20,88,100,52),
 (2288,56,126,21,93,100,52),
 (2289,56,126,22,98,100,52),
 (2290,56,126,23,0,0,52),
 (2291,56,126,24,106,100,52),
 (2292,56,126,25,111,100,52),
 (2293,4,126,1,3,100,52),
 (2294,4,126,2,5,100,52),
 (2295,4,126,3,12,100,52),
 (2296,4,126,4,44,100,52),
 (2297,4,126,6,25,100,52),
 (2298,4,126,7,30,100,52),
 (2299,4,126,11,18,100,52),
 (2300,4,126,12,51,100,52),
 (2301,4,126,14,57,100,52),
 (2302,4,126,15,62,100,52),
 (2303,4,126,16,66,100,52),
 (2304,4,126,17,73,100,52),
 (2305,4,126,18,76,100,52),
 (2306,4,126,19,82,100,52),
 (2307,4,126,20,86,100,52),
 (2308,4,126,21,91,100,52),
 (2309,4,126,22,97,100,52),
 (2310,4,126,23,0,0,52),
 (2311,4,126,24,107,100,52),
 (2312,4,126,25,111,100,52),
 (2313,78,126,1,3,100,52),
 (2314,78,126,2,8,100,52),
 (2315,78,126,3,12,100,52),
 (2316,78,126,4,44,100,52),
 (2317,78,126,6,25,100,52),
 (2318,78,126,7,29,100,52),
 (2319,78,126,11,21,100,52),
 (2320,78,126,12,48,100,52),
 (2321,78,126,14,59,100,52),
 (2322,78,126,15,63,100,52),
 (2323,78,126,16,66,100,52),
 (2324,78,126,17,73,100,52),
 (2325,78,126,18,78,100,52),
 (2326,78,126,19,83,100,52),
 (2327,78,126,20,88,100,52),
 (2328,78,126,21,93,100,52),
 (2329,78,126,22,98,100,52),
 (2330,78,126,23,0,0,52),
 (2331,78,126,24,106,100,52),
 (2332,78,126,25,111,100,52),
 (2333,55,126,1,2,100,52),
 (2334,55,126,2,7,60,52),
 (2335,55,126,3,12,100,52),
 (2336,55,126,4,44,100,52),
 (2337,55,126,6,23,100,52),
 (2338,55,126,7,31,100,52),
 (2339,55,126,11,18,100,52),
 (2340,55,126,12,51,100,52),
 (2341,55,126,14,56,100,52),
 (2342,55,126,15,63,100,52),
 (2343,55,126,16,67,100,52),
 (2344,55,126,17,73,100,52),
 (2345,55,126,18,76,100,52),
 (2346,55,126,19,83,100,52),
 (2347,55,126,20,88,100,52),
 (2348,55,126,21,91,100,52),
 (2349,55,126,22,98,100,52),
 (2350,55,126,23,0,0,52),
 (2351,55,126,24,106,100,52),
 (2352,55,126,25,111,100,52),
 (2353,89,126,1,2,100,52),
 (2354,89,126,2,4,100,52),
 (2355,89,126,3,12,100,52),
 (2356,89,126,4,44,100,52),
 (2357,89,126,6,24,100,52),
 (2358,89,126,7,31,100,52),
 (2359,89,126,11,18,100,52),
 (2360,89,126,12,52,100,52),
 (2361,89,126,14,57,100,52),
 (2362,89,126,15,61,100,52),
 (2363,89,126,16,67,100,52),
 (2364,89,126,17,71,100,52),
 (2365,89,126,18,77,100,52),
 (2366,89,126,19,81,100,52),
 (2367,89,126,20,86,100,52),
 (2368,89,126,21,92,100,52),
 (2369,89,126,22,96,100,52),
 (2370,89,126,23,0,0,52),
 (2371,89,126,24,108,100,52),
 (2372,89,126,25,113,100,52),
 (2373,68,127,1,2,100,71),
 (2374,68,127,2,7,80,71),
 (2375,68,127,3,12,100,71),
 (2376,68,127,4,44,100,71),
 (2377,68,127,6,24,100,71),
 (2378,68,127,7,32,100,71),
 (2379,68,127,11,17,100,71),
 (2380,68,127,12,51,100,71),
 (2381,68,127,14,58,80,71),
 (2382,68,127,15,61,100,71),
 (2383,68,127,16,65,60,71),
 (2384,68,127,17,71,80,71),
 (2385,68,127,18,76,60,71),
 (2386,68,127,19,81,100,71),
 (2387,68,127,20,86,80,71),
 (2388,68,127,21,90,100,71),
 (2389,68,127,22,95,80,71),
 (2390,68,127,23,0,0,71),
 (2391,68,127,24,108,100,71),
 (2392,68,127,25,113,80,71),
 (2393,33,127,1,2,100,71),
 (2394,33,127,2,5,100,71),
 (2395,33,127,3,12,60,71),
 (2396,33,127,4,44,100,71),
 (2397,33,127,6,24,100,71),
 (2398,33,127,7,32,100,71),
 (2399,33,127,11,19,60,71),
 (2400,33,127,12,51,100,71),
 (2401,33,127,14,58,60,71),
 (2402,33,127,15,61,100,71),
 (2403,33,127,16,67,100,71),
 (2404,33,127,17,71,100,71),
 (2405,33,127,18,76,60,71),
 (2406,33,127,19,81,80,71),
 (2407,33,127,20,86,60,71),
 (2408,33,127,21,92,40,71),
 (2409,33,127,22,96,80,71),
 (2410,33,127,23,0,0,71),
 (2411,33,127,24,108,100,71),
 (2412,33,127,25,111,80,71),
 (2413,8,127,1,3,100,71),
 (2414,8,127,2,5,100,71),
 (2415,8,127,3,12,100,71),
 (2416,8,127,4,44,100,71),
 (2417,8,127,6,26,100,71),
 (2418,8,127,7,31,100,71),
 (2419,8,127,11,20,60,71),
 (2420,8,127,12,52,80,71),
 (2421,8,127,14,57,40,71),
 (2422,8,127,15,61,80,71),
 (2423,8,127,16,67,80,71),
 (2424,8,127,17,71,100,71),
 (2425,8,127,18,76,100,71),
 (2426,8,127,19,81,100,71),
 (2427,8,127,20,86,100,71),
 (2428,8,127,21,91,80,71),
 (2429,8,127,22,96,100,71),
 (2430,8,127,23,0,0,71),
 (2431,8,127,24,109,100,71),
 (2432,8,127,25,111,100,71),
 (2453,68,118,1,3,100,104),
 (2454,68,118,2,6,100,104),
 (2455,68,118,3,12,100,104),
 (2456,68,118,4,44,100,104),
 (2457,68,118,6,25,100,104),
 (2458,68,118,7,30,100,104),
 (2459,68,118,11,17,100,104),
 (2460,68,118,12,51,100,104),
 (2461,68,118,14,56,100,104),
 (2462,68,118,15,62,80,104),
 (2463,68,118,16,67,60,104),
 (2464,68,118,17,71,100,104),
 (2465,68,118,18,77,100,104),
 (2466,68,118,19,82,100,104),
 (2467,68,118,20,86,100,104),
 (2468,68,118,21,91,100,104),
 (2469,68,118,22,96,100,104),
 (2470,68,118,23,0,0,104),
 (2471,68,118,24,108,100,104),
 (2472,68,118,25,113,100,104),
 (2473,33,118,1,3,100,104),
 (2474,33,118,2,5,100,104),
 (2475,33,118,3,12,100,104),
 (2476,33,118,4,44,100,104),
 (2477,33,118,6,27,100,104),
 (2478,33,118,7,30,100,104),
 (2479,33,118,11,20,100,104),
 (2480,33,118,12,51,100,104),
 (2481,33,118,14,57,60,104),
 (2482,33,118,15,62,60,104),
 (2483,33,118,16,66,60,104),
 (2484,33,118,17,71,80,104),
 (2485,33,118,18,77,100,104),
 (2486,33,118,19,82,100,104),
 (2487,33,118,20,86,100,104),
 (2488,33,118,21,92,100,104),
 (2489,33,118,22,96,100,104),
 (2490,33,118,23,0,0,104),
 (2491,33,118,24,108,100,104),
 (2492,33,118,25,112,100,104),
 (2493,8,118,1,2,100,104),
 (2494,8,118,2,4,100,104),
 (2495,8,118,3,12,100,104),
 (2496,8,118,4,44,100,104),
 (2497,8,118,6,27,100,104),
 (2498,8,118,7,29,100,104),
 (2499,8,118,11,20,100,104),
 (2500,8,118,12,51,100,104),
 (2501,8,118,14,58,100,104),
 (2502,8,118,15,61,100,104),
 (2503,8,118,16,67,80,104),
 (2504,8,118,17,71,80,104),
 (2505,8,118,18,77,100,104),
 (2506,8,118,19,81,100,104),
 (2507,8,118,20,86,100,104),
 (2508,8,118,21,93,100,104),
 (2509,8,118,22,96,100,104),
 (2510,8,118,23,0,0,104),
 (2511,8,118,24,108,100,104),
 (2512,8,118,25,113,100,104),
 (2513,103,118,1,2,100,104),
 (2514,103,118,2,5,100,104),
 (2515,103,118,3,11,100,104),
 (2516,103,118,4,43,100,104),
 (2517,103,118,6,25,100,104),
 (2518,103,118,7,30,100,104),
 (2519,103,118,11,18,100,104),
 (2520,103,118,12,51,100,104),
 (2521,103,118,14,57,80,104),
 (2522,103,118,15,61,80,104),
 (2523,103,118,16,66,100,104),
 (2524,103,118,17,71,100,104),
 (2525,103,118,18,77,80,104),
 (2526,103,118,19,82,80,104),
 (2527,103,118,20,86,100,104),
 (2528,103,118,21,91,100,104),
 (2529,103,118,22,96,100,104),
 (2530,103,118,23,0,0,104),
 (2531,103,118,24,108,100,104),
 (2532,103,118,25,113,100,104),
 (2533,9,118,1,3,100,104),
 (2534,9,118,2,6,100,104),
 (2535,9,118,3,12,100,104),
 (2536,9,118,4,44,100,104),
 (2537,9,118,6,26,100,104),
 (2538,9,118,7,31,100,104),
 (2539,9,118,11,19,100,104),
 (2540,9,118,12,51,100,104),
 (2541,9,118,14,58,100,104),
 (2542,9,118,15,61,100,104),
 (2543,9,118,16,67,100,104),
 (2544,9,118,17,71,100,104),
 (2545,9,118,18,77,80,104),
 (2546,9,118,19,81,80,104),
 (2547,9,118,20,86,80,104),
 (2548,9,118,21,93,80,104),
 (2549,9,118,22,96,80,104),
 (2550,9,118,23,0,0,104),
 (2551,9,118,24,108,100,104),
 (2552,9,118,25,112,100,104),
 (2553,58,128,1,3,100,104),
 (2554,58,128,2,5,100,104),
 (2555,58,128,3,12,100,104),
 (2556,58,128,4,44,100,104),
 (2557,58,128,6,25,100,104),
 (2558,58,128,7,32,100,104),
 (2559,58,128,11,19,100,104),
 (2560,58,128,12,50,100,104),
 (2561,58,128,14,57,100,104),
 (2562,58,128,15,62,100,104),
 (2563,58,128,16,67,100,104),
 (2564,58,128,17,71,100,104),
 (2565,58,128,18,77,100,104),
 (2566,58,128,19,82,100,104),
 (2567,58,128,20,87,100,104),
 (2568,58,128,21,92,100,104),
 (2569,58,128,22,97,100,104),
 (2570,58,128,23,0,0,104),
 (2571,58,128,24,107,100,104),
 (2572,58,128,25,112,100,104),
 (2573,81,128,1,3,100,104),
 (2574,81,128,2,6,100,104),
 (2575,81,128,3,11,100,104),
 (2576,81,128,4,43,100,104),
 (2577,81,128,6,23,100,104),
 (2578,81,128,7,30,100,104),
 (2579,81,128,11,19,100,104),
 (2580,81,128,12,52,100,104),
 (2581,81,128,14,58,100,104),
 (2582,81,128,15,62,100,104),
 (2583,81,128,16,67,100,104),
 (2584,81,128,17,70,100,104),
 (2585,81,128,18,77,100,104),
 (2586,81,128,19,82,100,104),
 (2587,81,128,20,86,100,104),
 (2588,81,128,21,92,100,104),
 (2589,81,128,22,96,100,104),
 (2590,81,128,23,0,0,104),
 (2591,81,128,24,108,100,104),
 (2592,81,128,25,113,100,104),
 (2593,19,128,1,3,100,104),
 (2594,19,128,2,6,100,104),
 (2595,19,128,3,12,100,104),
 (2596,19,128,4,44,100,104),
 (2597,19,128,6,25,100,104),
 (2598,19,128,7,30,100,104),
 (2599,19,128,11,19,100,104),
 (2600,19,128,12,51,100,104),
 (2601,19,128,14,57,100,104),
 (2602,19,128,15,62,100,104),
 (2603,19,128,16,66,100,104),
 (2604,19,128,17,71,100,104),
 (2605,19,128,18,77,100,104),
 (2606,19,128,19,81,100,104),
 (2607,19,128,20,86,100,104),
 (2608,19,128,21,92,100,104),
 (2609,19,128,22,96,100,104),
 (2610,19,128,23,0,0,104),
 (2611,19,128,24,108,100,104),
 (2612,19,128,25,113,100,104),
 (2613,28,128,1,2,100,104),
 (2614,28,128,2,6,100,104),
 (2615,28,128,3,12,100,104),
 (2616,28,128,4,44,100,104),
 (2617,28,128,6,26,100,104),
 (2618,28,128,7,28,100,104),
 (2619,28,128,11,20,100,104),
 (2620,28,128,12,50,100,104),
 (2621,28,128,14,57,100,104),
 (2622,28,128,15,63,100,104),
 (2623,28,128,16,66,100,104),
 (2624,28,128,17,72,100,104),
 (2625,28,128,18,78,100,104),
 (2626,28,128,19,82,100,104),
 (2627,28,128,20,87,100,104),
 (2628,28,128,21,92,100,104),
 (2629,28,128,22,96,100,104),
 (2630,28,128,23,0,0,104),
 (2631,28,128,24,107,100,104),
 (2632,28,128,25,112,100,104),
 (2633,38,128,1,3,100,104),
 (2634,38,128,2,6,100,104),
 (2635,38,128,3,12,100,104),
 (2636,38,128,4,44,100,104),
 (2637,38,128,6,26,100,104),
 (2638,38,128,7,30,100,104),
 (2639,38,128,11,19,100,104),
 (2640,38,128,12,50,100,104),
 (2641,38,128,14,56,100,104),
 (2642,38,128,15,62,100,104),
 (2643,38,128,16,66,100,104),
 (2644,38,128,17,72,100,104),
 (2645,38,128,18,77,100,104),
 (2646,38,128,19,82,100,104),
 (2647,38,128,20,87,100,104),
 (2648,38,128,21,92,100,104),
 (2649,38,128,22,97,100,104),
 (2650,38,128,23,0,0,104),
 (2651,38,128,24,107,100,104),
 (2652,38,128,25,112,100,104),
 (2653,62,129,1,3,100,39),
 (2654,62,129,2,7,100,39),
 (2655,62,129,3,12,100,39),
 (2656,62,129,4,44,100,39),
 (2657,62,129,6,25,40,39),
 (2658,62,129,7,31,40,39),
 (2659,62,129,11,19,100,39),
 (2660,62,129,12,49,100,39),
 (2661,62,129,14,57,0,39),
 (2662,62,129,15,63,20,39),
 (2663,62,129,16,65,20,39),
 (2664,62,129,17,73,80,39),
 (2665,62,129,18,77,40,39),
 (2666,62,129,19,82,40,39),
 (2667,62,129,20,87,0,39),
 (2668,62,129,21,92,60,39),
 (2669,62,129,22,97,40,39),
 (2670,62,129,23,0,0,39),
 (2671,62,129,24,106,80,39),
 (2672,62,129,25,111,60,39),
 (2673,29,129,1,3,100,39),
 (2674,29,129,2,6,100,39),
 (2675,29,129,3,12,100,39),
 (2676,29,129,4,44,100,39),
 (2677,29,129,6,25,60,39),
 (2678,29,129,7,30,60,39),
 (2679,29,129,11,20,80,39),
 (2680,29,129,12,51,100,39),
 (2681,29,129,14,57,0,39),
 (2682,29,129,15,62,0,39),
 (2683,29,129,16,66,60,39),
 (2684,29,129,17,71,80,39),
 (2685,29,129,18,77,20,39),
 (2686,29,129,19,82,20,39),
 (2687,29,129,20,87,0,39),
 (2688,29,129,21,92,20,39),
 (2689,29,129,22,96,20,39),
 (2690,29,129,23,0,0,39),
 (2691,29,129,24,108,60,39),
 (2692,29,129,25,113,60,39),
 (2693,20,129,1,2,100,39),
 (2694,20,129,2,6,100,39),
 (2695,20,129,3,11,100,39),
 (2696,20,129,4,43,100,39),
 (2697,20,129,6,26,100,39),
 (2698,20,129,7,31,100,39),
 (2699,20,129,11,18,100,39),
 (2700,20,129,12,51,100,39),
 (2701,20,129,14,56,20,39),
 (2702,20,129,15,62,0,39),
 (2703,20,129,16,65,80,39),
 (2704,20,129,17,71,80,39),
 (2705,20,129,18,77,0,39),
 (2706,20,129,19,81,20,39),
 (2707,20,129,20,87,0,39),
 (2708,20,129,21,91,80,39),
 (2709,20,129,22,96,60,39),
 (2710,20,129,23,0,0,39),
 (2711,20,129,24,108,80,39),
 (2712,20,129,25,114,100,39),
 (2713,66,129,1,3,100,39),
 (2714,66,129,2,6,100,39),
 (2715,66,129,3,12,100,39),
 (2716,66,129,4,44,100,39),
 (2717,66,129,6,24,100,39),
 (2718,66,129,7,32,100,39),
 (2719,66,129,11,18,60,39),
 (2720,66,129,12,50,60,39),
 (2721,66,129,14,57,0,39),
 (2722,66,129,15,62,0,39),
 (2723,66,129,16,66,80,39),
 (2724,66,129,17,72,80,39),
 (2725,66,129,18,77,0,39),
 (2726,66,129,19,82,0,39),
 (2727,66,129,20,87,0,39),
 (2728,66,129,21,92,60,39),
 (2729,66,129,22,97,60,39),
 (2730,66,129,23,0,0,39),
 (2731,66,129,24,108,20,39),
 (2732,66,129,25,113,60,39),
 (2733,1,129,1,3,100,39),
 (2734,1,129,2,6,100,39),
 (2735,1,129,3,12,100,39),
 (2736,1,129,4,44,100,39),
 (2737,1,129,6,26,60,39),
 (2738,1,129,7,31,80,39),
 (2739,1,129,11,20,60,39),
 (2740,1,129,12,51,60,39),
 (2741,1,129,14,57,0,39),
 (2742,1,129,15,62,0,39),
 (2743,1,129,16,67,20,39),
 (2744,1,129,17,71,60,39),
 (2745,1,129,18,77,0,39),
 (2746,1,129,19,82,0,39),
 (2747,1,129,20,87,0,39),
 (2748,1,129,21,92,60,39),
 (2749,1,129,22,97,0,39),
 (2750,1,129,23,0,0,39),
 (2751,1,129,24,108,60,39),
 (2752,1,129,25,113,60,39),
 (2753,5,131,1,3,100,10),
 (2754,5,131,2,5,100,10),
 (2755,5,131,3,11,100,10),
 (2756,5,131,4,43,100,10),
 (2757,5,131,6,25,100,10),
 (2758,5,131,7,32,100,10),
 (2759,5,131,11,18,100,10),
 (2760,5,131,12,50,100,10),
 (2761,5,131,14,56,80,10),
 (2762,5,131,15,61,100,10),
 (2763,5,131,16,65,100,10),
 (2764,5,131,17,71,100,10),
 (2765,5,131,18,78,60,10),
 (2766,5,131,19,81,100,10),
 (2767,5,131,20,86,100,10),
 (2768,5,131,21,92,100,10),
 (2769,5,131,22,96,100,10),
 (2770,5,131,23,0,0,10),
 (2771,5,131,24,106,100,10),
 (2772,5,131,25,114,100,10),
 (2773,114,122,1,3,100,72),
 (2774,114,122,2,7,100,72),
 (2775,114,122,3,12,100,72),
 (2776,114,122,4,44,100,72),
 (2777,114,122,6,25,100,72),
 (2778,114,122,7,29,100,72),
 (2779,114,122,11,20,100,72),
 (2780,114,122,12,51,100,72),
 (2781,114,122,14,57,100,72),
 (2782,114,122,15,62,100,72),
 (2783,114,122,16,66,100,72),
 (2784,114,122,17,71,100,72),
 (2785,114,122,18,77,100,72),
 (2786,114,122,19,82,100,72),
 (2787,114,122,20,87,100,72),
 (2788,114,122,21,93,100,72),
 (2789,114,122,22,97,100,72),
 (2790,114,122,23,0,0,72),
 (2791,114,122,24,108,100,72),
 (2792,114,122,25,113,100,72),
 (2813,74,132,1,3,100,72),
 (2814,74,132,2,6,100,72),
 (2815,74,132,3,12,100,72),
 (2816,74,132,4,44,100,72),
 (2817,74,132,6,25,100,72),
 (2818,74,132,7,29,100,72),
 (2819,74,132,11,19,100,72),
 (2820,74,132,12,50,100,72),
 (2821,74,132,14,58,40,72),
 (2822,74,132,15,61,60,72),
 (2823,74,132,16,67,60,72),
 (2824,74,132,17,72,100,72),
 (2825,74,132,18,78,60,72),
 (2826,74,132,19,82,100,72),
 (2827,74,132,20,87,80,72),
 (2828,74,132,21,92,60,72),
 (2829,74,132,22,97,100,72),
 (2830,74,132,23,0,0,72),
 (2831,74,132,24,107,80,72),
 (2832,74,132,25,111,60,72),
 (2833,43,132,1,3,100,72),
 (2834,43,132,2,6,100,72),
 (2835,43,132,3,11,100,72),
 (2836,43,132,4,43,100,72),
 (2837,43,132,6,24,100,72),
 (2838,43,132,7,29,80,72),
 (2839,43,132,11,20,100,72),
 (2840,43,132,12,50,100,72),
 (2841,43,132,14,57,60,72),
 (2842,43,132,15,62,80,72),
 (2843,43,132,16,66,80,72),
 (2844,43,132,17,72,100,72),
 (2845,43,132,18,76,100,72),
 (2846,43,132,19,82,100,72),
 (2847,43,132,20,87,80,72),
 (2848,43,132,21,94,100,72),
 (2849,43,132,22,96,80,72),
 (2850,43,132,23,0,0,72),
 (2851,43,132,24,108,60,72),
 (2852,43,132,25,112,100,72),
 (2853,18,132,1,3,100,72),
 (2854,18,132,2,6,100,72),
 (2855,18,132,3,11,100,72),
 (2856,18,132,4,43,100,72),
 (2857,18,132,6,23,100,72),
 (2858,18,132,7,29,100,72),
 (2859,18,132,11,20,80,72),
 (2860,18,132,12,50,100,72),
 (2861,18,132,14,57,80,72),
 (2862,18,132,15,61,80,72),
 (2863,18,132,16,65,80,72),
 (2864,18,132,17,72,100,72),
 (2865,18,132,18,78,60,72),
 (2866,18,132,19,82,100,72),
 (2867,18,132,20,87,80,72),
 (2868,18,132,21,93,100,72),
 (2869,18,132,22,97,100,72),
 (2870,18,132,23,0,0,72),
 (2871,18,132,24,107,80,72),
 (2872,18,132,25,112,80,72),
 (2873,3,132,1,3,100,72),
 (2874,3,132,2,8,100,72),
 (2875,3,132,3,12,100,72),
 (2876,3,132,4,44,100,72),
 (2877,3,132,6,25,80,72),
 (2878,3,132,7,30,60,72),
 (2879,3,132,11,21,100,72),
 (2880,3,132,12,49,100,72),
 (2881,3,132,14,57,80,72),
 (2882,3,132,15,63,80,72),
 (2883,3,132,16,67,80,72),
 (2884,3,132,17,73,100,72),
 (2885,3,132,18,76,60,72),
 (2886,3,132,19,83,100,72),
 (2887,3,132,20,87,40,72),
 (2888,3,132,21,93,80,72),
 (2889,3,132,22,98,100,72),
 (2890,3,132,23,0,0,72),
 (2891,3,132,24,106,100,72),
 (2892,3,132,25,110,100,72),
 (2893,60,132,1,3,100,72),
 (2894,60,132,2,6,100,72),
 (2895,60,132,3,12,100,72),
 (2896,60,132,4,44,100,72),
 (2897,60,132,6,24,100,72),
 (2898,60,132,7,28,100,72),
 (2899,60,132,11,19,80,72),
 (2900,60,132,12,51,100,72),
 (2901,60,132,14,56,80,72),
 (2902,60,132,15,61,100,72),
 (2903,60,132,16,66,80,72),
 (2904,60,132,17,71,100,72),
 (2905,60,132,18,77,100,72),
 (2906,60,132,19,81,100,72),
 (2907,60,132,20,88,80,72),
 (2908,60,132,21,92,100,72),
 (2909,60,132,22,98,100,72),
 (2910,60,132,23,0,0,72),
 (2911,60,132,24,108,100,72),
 (2912,60,132,25,112,100,72),
 (2913,5,130,1,3,100,32),
 (2914,5,130,2,5,100,32),
 (2915,5,130,3,12,100,32),
 (2916,5,130,4,44,100,32),
 (2917,5,130,6,25,100,32),
 (2918,5,130,7,30,100,32),
 (2919,5,130,11,19,100,32),
 (2920,5,130,12,50,100,32),
 (2921,5,130,14,57,100,32),
 (2922,5,130,15,62,100,32),
 (2923,5,130,16,67,100,32),
 (2924,5,130,17,72,100,32),
 (2925,5,130,18,77,100,32),
 (2926,5,130,19,82,100,32),
 (2927,5,130,20,87,100,32),
 (2928,5,130,21,91,100,32),
 (2929,5,130,22,96,100,32),
 (2930,5,130,23,0,0,32),
 (2931,5,130,24,108,100,32),
 (2932,5,130,25,113,100,32),
 (2933,114,130,1,3,100,32),
 (2934,114,130,2,6,100,32),
 (2935,114,130,3,12,100,32),
 (2936,114,130,4,44,100,32),
 (2937,114,130,6,25,100,32),
 (2938,114,130,7,30,100,32),
 (2939,114,130,11,20,100,32),
 (2940,114,130,12,50,100,32),
 (2941,114,130,14,58,100,32),
 (2942,114,130,15,61,100,32),
 (2943,114,130,16,67,100,32),
 (2944,114,130,17,71,100,32),
 (2945,114,130,18,77,100,32),
 (2946,114,130,19,81,100,32),
 (2947,114,130,20,87,100,32),
 (2948,114,130,21,93,100,32),
 (2949,114,130,22,96,100,32),
 (2950,114,130,23,0,0,32),
 (2951,114,130,24,107,100,32),
 (2952,114,130,25,113,100,32),
 (2953,97,130,1,3,100,32),
 (2954,97,130,2,5,100,32),
 (2955,97,130,3,12,100,32),
 (2956,97,130,4,44,100,32),
 (2957,97,130,6,26,100,32),
 (2958,97,130,7,31,100,32),
 (2959,97,130,11,17,100,32),
 (2960,97,130,12,49,100,32),
 (2961,97,130,14,57,100,32),
 (2962,97,130,15,62,100,32),
 (2963,97,130,16,66,100,32),
 (2964,97,130,17,73,100,32),
 (2965,97,130,18,76,100,32),
 (2966,97,130,19,83,100,32),
 (2967,97,130,20,88,100,32),
 (2968,97,130,21,91,100,32),
 (2969,97,130,22,98,100,32),
 (2970,97,130,23,0,0,32),
 (2971,97,130,24,107,100,32),
 (2972,97,130,25,111,100,32),
 (2973,40,130,1,3,100,32),
 (2974,40,130,2,4,100,32),
 (2975,40,130,3,12,100,32),
 (2976,40,130,4,44,100,32),
 (2977,40,130,6,24,100,32),
 (2978,40,130,7,29,100,32),
 (2979,40,130,11,19,100,32),
 (2980,40,130,12,51,100,32),
 (2981,40,130,14,58,100,32),
 (2982,40,130,15,61,100,32),
 (2983,40,130,16,67,100,32),
 (2984,40,130,17,71,100,32),
 (2985,40,130,18,77,100,32),
 (2986,40,130,19,81,100,32),
 (2987,40,130,20,86,100,32),
 (2988,40,130,21,93,100,32),
 (2989,40,130,22,96,100,32),
 (2990,40,130,23,0,0,32),
 (2991,40,130,24,108,100,32),
 (2992,40,130,25,111,100,32),
 (2993,91,130,1,3,100,32),
 (2994,91,130,2,6,100,32),
 (2995,91,130,3,12,100,32),
 (2996,91,130,4,44,100,32),
 (2997,91,130,6,26,100,32),
 (2998,91,130,7,29,100,32),
 (2999,91,130,11,18,100,32),
 (3000,91,130,12,50,100,32),
 (3001,91,130,14,57,100,32),
 (3002,91,130,15,62,100,32),
 (3003,91,130,16,67,100,32),
 (3004,91,130,17,73,100,32),
 (3005,91,130,18,77,100,32),
 (3006,91,130,19,82,100,32),
 (3007,91,130,20,87,100,32),
 (3008,91,130,21,92,100,32),
 (3009,91,130,22,97,100,32),
 (3010,91,130,23,0,0,32),
 (3011,91,130,24,107,100,32),
 (3012,91,130,25,111,100,32),
 (3013,114,131,1,3,100,10),
 (3014,114,131,2,7,100,10),
 (3015,114,131,3,12,100,10),
 (3016,114,131,4,44,100,10),
 (3017,114,131,6,25,100,10),
 (3018,114,131,7,30,100,10),
 (3019,114,131,11,20,80,10),
 (3020,114,131,12,51,100,10),
 (3021,114,131,14,58,100,10),
 (3022,114,131,15,60,100,10),
 (3023,114,131,16,65,100,10),
 (3024,114,131,17,71,100,10),
 (3025,114,131,18,77,60,10),
 (3026,114,131,19,81,80,10),
 (3027,114,131,20,87,80,10),
 (3028,114,131,21,93,80,10),
 (3029,114,131,22,96,80,10),
 (3030,114,131,23,0,0,10),
 (3031,114,131,24,106,80,10),
 (3032,114,131,25,114,80,10),
 (3033,97,131,1,3,100,10),
 (3034,97,131,2,5,60,10),
 (3035,97,131,3,12,100,10),
 (3036,97,131,4,44,100,10),
 (3037,97,131,6,26,80,10),
 (3038,97,131,7,32,100,10),
 (3039,97,131,11,18,100,10),
 (3040,97,131,12,49,100,10),
 (3041,97,131,14,56,100,10),
 (3042,97,131,15,62,80,10),
 (3043,97,131,16,66,80,10),
 (3044,97,131,17,72,80,10),
 (3045,97,131,18,76,80,10),
 (3046,97,131,19,82,80,10),
 (3047,97,131,20,87,100,10),
 (3048,97,131,21,91,80,10),
 (3049,97,131,22,96,80,10),
 (3050,97,131,23,0,0,10),
 (3051,97,131,24,106,100,10),
 (3052,97,131,25,111,100,10),
 (3053,40,131,1,3,100,10),
 (3054,40,131,2,6,60,10),
 (3055,40,131,3,12,100,10),
 (3056,40,131,4,44,100,10),
 (3057,40,131,6,26,80,10),
 (3058,40,131,7,30,100,10),
 (3059,40,131,11,19,100,10),
 (3060,40,131,12,51,100,10),
 (3061,40,131,14,58,80,10),
 (3062,40,131,15,61,80,10),
 (3063,40,131,16,67,80,10),
 (3064,40,131,17,71,80,10),
 (3065,40,131,18,76,100,10),
 (3066,40,131,19,82,100,10),
 (3067,40,131,20,86,80,10),
 (3068,40,131,21,91,100,10),
 (3069,40,131,22,96,80,10),
 (3070,40,131,23,0,0,10),
 (3071,40,131,24,108,80,10),
 (3072,40,131,25,112,100,10),
 (3073,91,131,1,3,100,10),
 (3074,91,131,2,7,100,10),
 (3075,91,131,3,12,100,10),
 (3076,91,131,4,44,100,10),
 (3077,91,131,6,25,100,10),
 (3078,91,131,7,30,100,10),
 (3079,91,131,11,19,80,10),
 (3080,91,131,12,49,80,10),
 (3081,91,131,14,56,100,10),
 (3082,91,131,15,63,100,10),
 (3083,91,131,16,66,80,10),
 (3084,91,131,17,73,60,10),
 (3085,91,131,18,76,100,10),
 (3086,91,131,19,83,60,10),
 (3087,91,131,20,87,100,10),
 (3088,91,131,21,91,80,10),
 (3089,91,131,22,97,100,10),
 (3090,91,131,23,0,0,10),
 (3091,91,131,24,105,100,10),
 (3092,91,131,25,112,100,10),
 (3093,103,127,1,2,100,71),
 (3094,103,127,2,5,100,71),
 (3095,103,127,3,11,40,71),
 (3096,103,127,4,44,60,71),
 (3097,103,127,6,23,100,71),
 (3098,103,127,7,32,100,71),
 (3099,103,127,11,17,100,71),
 (3100,103,127,12,52,100,71),
 (3101,103,127,14,58,40,71),
 (3102,103,127,15,61,100,71),
 (3103,103,127,16,65,100,71),
 (3104,103,127,17,71,100,71),
 (3105,103,127,18,76,80,71),
 (3106,103,127,19,81,100,71),
 (3107,103,127,20,86,100,71),
 (3108,103,127,21,90,100,71),
 (3109,103,127,22,96,100,71),
 (3110,103,127,23,0,0,71),
 (3111,103,127,24,108,100,71),
 (3112,103,127,25,112,40,71),
 (3113,9,127,1,2,100,71),
 (3114,9,127,2,7,60,71),
 (3115,9,127,3,12,80,71),
 (3116,9,127,4,44,80,71),
 (3117,9,127,6,24,100,71),
 (3118,9,127,7,32,100,71),
 (3119,9,127,11,18,80,71),
 (3120,9,127,12,51,100,71),
 (3121,9,127,14,56,60,71),
 (3122,9,127,15,61,100,71),
 (3123,9,127,16,66,80,71),
 (3124,9,127,17,71,80,71),
 (3125,9,127,18,76,100,71),
 (3126,9,127,19,81,100,71),
 (3127,9,127,20,86,100,71),
 (3128,9,127,21,91,40,71),
 (3129,9,127,22,96,100,71),
 (3130,9,127,23,0,0,71),
 (3131,9,127,24,108,100,71),
 (3132,9,127,25,111,80,71),
 (3133,84,133,1,2,100,7),
 (3134,84,133,2,7,100,7),
 (3135,84,133,3,11,100,7),
 (3136,84,133,4,43,100,7),
 (3137,84,133,6,26,100,7),
 (3138,84,133,7,31,100,7),
 (3139,84,133,11,19,100,7),
 (3140,84,133,12,50,100,7),
 (3141,84,133,14,57,100,7),
 (3142,84,133,15,62,100,7),
 (3143,84,133,16,65,100,7),
 (3144,84,133,17,72,100,7),
 (3145,84,133,18,77,100,7),
 (3146,84,133,19,83,100,7),
 (3147,84,133,20,88,100,7),
 (3148,84,133,21,92,100,7),
 (3149,84,133,22,98,100,7),
 (3150,84,133,23,0,0,7),
 (3151,84,133,24,106,100,7),
 (3152,84,133,25,112,100,7),
 (3153,45,133,1,2,100,7),
 (3154,45,133,2,6,100,7),
 (3155,45,133,3,11,100,7),
 (3156,45,133,4,43,100,7),
 (3157,45,133,6,25,100,7),
 (3158,45,133,7,31,100,7),
 (3159,45,133,11,18,100,7),
 (3160,45,133,12,51,100,7),
 (3161,45,133,14,56,100,7),
 (3162,45,133,15,61,100,7),
 (3163,45,133,16,65,100,7),
 (3164,45,133,17,71,100,7),
 (3165,45,133,18,76,100,7),
 (3166,45,133,19,81,100,7),
 (3167,45,133,20,87,100,7),
 (3168,45,133,21,91,100,7),
 (3169,45,133,22,97,100,7),
 (3170,45,133,23,0,0,7),
 (3171,45,133,24,108,100,7),
 (3172,45,133,25,113,100,7),
 (3173,23,133,1,2,100,7),
 (3174,23,133,2,5,100,7),
 (3175,23,133,3,12,100,7),
 (3176,23,133,4,44,100,7),
 (3177,23,133,6,25,100,7),
 (3178,23,133,7,31,100,7),
 (3179,23,133,11,18,100,7),
 (3180,23,133,12,51,100,7),
 (3181,23,133,14,56,100,7),
 (3182,23,133,15,61,100,7),
 (3183,23,133,16,65,100,7),
 (3184,23,133,17,71,100,7),
 (3185,23,133,18,76,100,7),
 (3186,23,133,19,81,100,7),
 (3187,23,133,20,87,100,7),
 (3188,23,133,21,91,100,7),
 (3189,23,133,22,96,100,7),
 (3190,23,133,23,0,0,7),
 (3191,23,133,24,108,100,7),
 (3192,23,133,25,113,100,7),
 (3193,105,133,1,3,100,7),
 (3194,105,133,2,5,100,7),
 (3195,105,133,3,11,100,7),
 (3196,105,133,4,44,100,7),
 (3197,105,133,6,25,100,7),
 (3198,105,133,7,29,100,7),
 (3199,105,133,11,19,100,7),
 (3200,105,133,12,50,100,7),
 (3201,105,133,14,57,100,7),
 (3202,105,133,15,62,100,7),
 (3203,105,133,16,66,100,7),
 (3204,105,133,17,71,100,7),
 (3205,105,133,18,77,100,7),
 (3206,105,133,19,82,100,7),
 (3207,105,133,20,87,100,7),
 (3208,105,133,21,92,100,7),
 (3209,105,133,22,97,100,7),
 (3210,105,133,23,0,0,7),
 (3211,105,133,24,107,100,7),
 (3212,105,133,25,112,100,7),
 (3213,25,133,1,3,100,7),
 (3214,25,133,2,7,100,7),
 (3215,25,133,3,11,100,7),
 (3216,25,133,4,43,100,7),
 (3217,25,133,6,25,100,7),
 (3218,25,133,7,29,100,7),
 (3219,25,133,11,20,100,7),
 (3220,25,133,12,50,100,7),
 (3221,25,133,14,57,100,7),
 (3222,25,133,15,62,100,7),
 (3223,25,133,16,67,100,7),
 (3224,25,133,17,71,100,7),
 (3225,25,133,18,77,100,7),
 (3226,25,133,19,82,100,7),
 (3227,25,133,20,86,100,7),
 (3228,25,133,21,93,100,7),
 (3229,25,133,22,97,100,7),
 (3230,25,133,23,0,0,7),
 (3231,25,133,24,107,100,7),
 (3232,25,133,25,112,100,7),
 (3233,56,135,1,3,100,16),
 (3234,56,135,2,8,100,16),
 (3235,56,135,3,12,100,16),
 (3236,56,135,4,44,100,16),
 (3237,56,135,6,26,100,16),
 (3238,56,135,7,30,100,16),
 (3239,56,135,11,21,100,16),
 (3240,56,135,12,48,100,16),
 (3241,56,135,14,59,100,16),
 (3242,56,135,15,64,100,16),
 (3243,56,135,16,66,100,16),
 (3244,56,135,17,74,100,16),
 (3245,56,135,18,77,100,16),
 (3246,56,135,19,84,100,16),
 (3247,56,135,20,88,100,16),
 (3248,56,135,21,93,100,16),
 (3249,56,135,22,99,100,16),
 (3250,56,135,23,0,0,16),
 (3251,56,135,24,105,100,16),
 (3252,56,135,25,110,100,16),
 (3253,4,135,1,2,100,16),
 (3254,4,135,2,5,100,16),
 (3255,4,135,3,12,100,16),
 (3256,4,135,4,44,100,16),
 (3257,4,135,6,26,100,16),
 (3258,4,135,7,29,100,16),
 (3259,4,135,11,19,100,16),
 (3260,4,135,12,49,100,16),
 (3261,4,135,14,58,100,16),
 (3262,4,135,15,63,100,16),
 (3263,4,135,16,66,100,16),
 (3264,4,135,17,72,100,16),
 (3265,4,135,18,76,100,16),
 (3266,4,135,19,83,100,16),
 (3267,4,135,20,86,100,16),
 (3268,4,135,21,91,100,16),
 (3269,4,135,22,98,100,16),
 (3270,4,135,23,0,0,16),
 (3271,4,135,24,106,100,16),
 (3272,4,135,25,111,100,16),
 (3273,78,135,1,2,100,16),
 (3274,78,135,2,8,100,16),
 (3275,78,135,3,12,100,16),
 (3276,78,135,4,44,100,16),
 (3277,78,135,6,27,100,16),
 (3278,78,135,7,28,100,16),
 (3279,78,135,11,21,100,16),
 (3280,78,135,12,48,100,16),
 (3281,78,135,14,59,100,16),
 (3282,78,135,15,63,100,16),
 (3283,78,135,16,67,100,16),
 (3284,78,135,17,74,100,16),
 (3285,78,135,18,78,100,16),
 (3286,78,135,19,84,100,16),
 (3287,78,135,20,89,100,16),
 (3288,78,135,21,94,100,16),
 (3289,78,135,22,99,100,16),
 (3290,78,135,23,0,0,16),
 (3291,78,135,24,105,100,16),
 (3292,78,135,25,110,100,16),
 (3313,68,136,1,2,100,52),
 (3314,68,136,2,4,100,52),
 (3315,68,136,3,12,100,52),
 (3316,68,136,4,44,100,52),
 (3317,68,136,6,23,100,52),
 (3318,68,136,7,31,100,52),
 (3319,68,136,11,17,100,52),
 (3320,68,136,12,51,100,52),
 (3321,68,136,14,57,100,52),
 (3322,68,136,15,61,100,52),
 (3323,68,136,16,67,100,52),
 (3324,68,136,17,73,100,52),
 (3325,68,136,18,76,100,52),
 (3326,68,136,19,81,100,52),
 (3327,68,136,20,87,100,52),
 (3328,68,136,21,91,100,52),
 (3329,68,136,22,96,100,52),
 (3330,68,136,23,0,0,52),
 (3331,68,136,24,106,100,52),
 (3332,68,136,25,111,100,52),
 (3333,33,136,1,2,100,52),
 (3334,33,136,2,4,100,52),
 (3335,33,136,3,12,100,52),
 (3336,33,136,4,44,100,52),
 (3337,33,136,6,24,100,52),
 (3338,33,136,7,31,100,52),
 (3339,33,136,11,18,100,52),
 (3340,33,136,12,51,100,52),
 (3341,33,136,14,57,100,52),
 (3342,33,136,15,61,100,52),
 (3343,33,136,16,67,100,52),
 (3344,33,136,17,71,100,52),
 (3345,33,136,18,77,100,52),
 (3346,33,136,19,81,100,52),
 (3347,33,136,20,86,100,52),
 (3348,33,136,21,93,100,52),
 (3349,33,136,22,96,100,52),
 (3350,33,136,23,0,0,52),
 (3351,33,136,24,109,100,52),
 (3352,33,136,25,112,100,52),
 (3353,8,136,1,3,100,52),
 (3354,8,136,2,4,100,52),
 (3355,8,136,3,12,100,52),
 (3356,8,136,4,44,100,52),
 (3357,8,136,6,27,100,52),
 (3358,8,136,7,31,100,52),
 (3359,8,136,11,18,100,52),
 (3360,8,136,12,52,100,52),
 (3361,8,136,14,57,100,52),
 (3362,8,136,15,61,100,52),
 (3363,8,136,16,67,100,52),
 (3364,8,136,17,70,100,52),
 (3365,8,136,18,77,100,52),
 (3366,8,136,19,80,100,52),
 (3367,8,136,20,86,100,52),
 (3368,8,136,21,93,100,52),
 (3369,8,136,22,96,100,52),
 (3370,8,136,23,0,0,52),
 (3371,8,136,24,109,100,52),
 (3372,8,136,25,112,100,52),
 (3373,103,136,1,2,100,52),
 (3374,103,136,2,5,100,52),
 (3375,103,136,3,12,100,52),
 (3376,103,136,4,43,100,52),
 (3377,103,136,6,23,100,52),
 (3378,103,136,7,31,100,52),
 (3379,103,136,11,17,100,52),
 (3380,103,136,12,51,100,52),
 (3381,103,136,14,57,100,52),
 (3382,103,136,15,61,100,52),
 (3383,103,136,16,65,100,52),
 (3384,103,136,17,72,100,52),
 (3385,103,136,18,78,100,52),
 (3386,103,136,19,82,100,52),
 (3387,103,136,20,86,100,52),
 (3388,103,136,21,91,100,52),
 (3389,103,136,22,96,100,52),
 (3390,103,136,23,0,0,52),
 (3391,103,136,24,108,100,52),
 (3392,103,136,25,113,100,52),
 (3393,9,136,1,2,100,52),
 (3394,9,136,2,7,100,52),
 (3395,9,136,3,12,100,52),
 (3396,9,136,4,44,100,52),
 (3397,9,136,6,23,100,52),
 (3398,9,136,7,32,100,52),
 (3399,9,136,11,18,100,52),
 (3400,9,136,12,50,100,52),
 (3401,9,136,14,58,100,52),
 (3402,9,136,15,62,100,52),
 (3403,9,136,16,66,100,52),
 (3404,9,136,17,73,100,52),
 (3405,9,136,18,77,100,52),
 (3406,9,136,19,83,100,52),
 (3407,9,136,20,87,100,52),
 (3408,9,136,21,93,100,52),
 (3409,9,136,22,97,100,52),
 (3410,9,136,23,0,0,52),
 (3411,9,136,24,107,100,52),
 (3412,9,136,25,113,100,52),
 (3413,58,137,1,2,100,71),
 (3414,58,137,2,6,100,71),
 (3415,58,137,3,12,100,71),
 (3416,58,137,4,44,100,71),
 (3417,58,137,6,26,100,71),
 (3418,58,137,7,29,100,71),
 (3419,58,137,11,20,100,71),
 (3420,58,137,12,49,100,71),
 (3421,58,137,14,57,100,71),
 (3422,58,137,15,62,100,71),
 (3423,58,137,16,66,100,71),
 (3424,58,137,17,71,100,71),
 (3425,58,137,18,78,100,71),
 (3426,58,137,19,82,100,71),
 (3427,58,137,20,87,100,71),
 (3428,58,137,21,92,100,71),
 (3429,58,137,22,97,100,71),
 (3430,58,137,23,0,0,71),
 (3431,58,137,24,107,100,71),
 (3432,58,137,25,112,100,71),
 (3433,81,137,1,2,100,71),
 (3434,81,137,2,7,100,71),
 (3435,81,137,3,11,100,71),
 (3436,81,137,4,43,100,71),
 (3437,81,137,6,23,100,71),
 (3438,81,137,7,31,100,71),
 (3439,81,137,11,17,100,71),
 (3440,81,137,12,52,100,71),
 (3441,81,137,14,58,100,71),
 (3442,81,137,15,61,100,71),
 (3443,81,137,16,65,100,71),
 (3444,81,137,17,71,100,71),
 (3445,81,137,18,76,100,71),
 (3446,81,137,19,82,100,71),
 (3447,81,137,20,87,100,71),
 (3448,81,137,21,92,100,71),
 (3449,81,137,22,96,100,71),
 (3450,81,137,23,0,0,71),
 (3451,81,137,24,109,100,71),
 (3452,81,137,25,112,100,71),
 (3453,19,137,1,2,100,71),
 (3454,19,137,2,7,100,71),
 (3455,19,137,3,12,100,71),
 (3456,19,137,4,44,100,71),
 (3457,19,137,6,24,100,71),
 (3458,19,137,7,32,100,71),
 (3459,19,137,11,17,100,71),
 (3460,19,137,12,51,100,71),
 (3461,19,137,14,57,100,71),
 (3462,19,137,15,61,100,71),
 (3463,19,137,16,67,100,71),
 (3464,19,137,17,73,100,71),
 (3465,19,137,18,76,100,71),
 (3466,19,137,19,81,100,71),
 (3467,19,137,20,87,100,71),
 (3468,19,137,21,91,100,71),
 (3469,19,137,22,96,100,71),
 (3470,19,137,23,0,0,71),
 (3471,19,137,24,108,100,71),
 (3472,19,137,25,113,100,71),
 (3473,28,137,1,3,100,71),
 (3474,28,137,2,7,100,71),
 (3475,28,137,3,12,100,71),
 (3476,28,137,4,44,100,71),
 (3477,28,137,6,25,100,71),
 (3478,28,137,7,29,100,71),
 (3479,28,137,11,19,100,71),
 (3480,28,137,12,51,100,71),
 (3481,28,137,14,58,100,71),
 (3482,28,137,15,62,100,71),
 (3483,28,137,16,66,100,71),
 (3484,28,137,17,72,100,71),
 (3485,28,137,18,77,100,71),
 (3486,28,137,19,82,100,71),
 (3487,28,137,20,87,100,71),
 (3488,28,137,21,91,100,71),
 (3489,28,137,22,97,100,71),
 (3490,28,137,23,0,0,71),
 (3491,28,137,24,107,100,71),
 (3492,28,137,25,112,100,71),
 (3493,38,137,1,2,100,71),
 (3494,38,137,2,7,100,71),
 (3495,38,137,3,12,100,71),
 (3496,38,137,4,44,100,71),
 (3497,38,137,6,25,100,71),
 (3498,38,137,7,32,100,71),
 (3499,38,137,11,18,100,71),
 (3500,38,137,12,50,100,71),
 (3501,38,137,14,57,100,71),
 (3502,38,137,15,61,100,71),
 (3503,38,137,16,66,100,71),
 (3504,38,137,17,73,100,71),
 (3505,38,137,18,78,100,71),
 (3506,38,137,19,81,100,71),
 (3507,38,137,20,87,100,71),
 (3508,38,137,21,91,100,71),
 (3509,38,137,22,96,100,71),
 (3510,38,137,23,0,0,71),
 (3511,38,137,24,107,100,71),
 (3512,38,137,25,112,100,71),
 (3513,62,40,1,3,100,32),
 (3514,62,40,2,6,100,32),
 (3515,62,40,3,12,100,32),
 (3516,62,40,4,44,100,32),
 (3517,62,40,6,25,100,32),
 (3518,62,40,7,30,100,32),
 (3519,62,40,11,19,100,32),
 (3520,62,40,12,51,100,32),
 (3521,62,40,14,57,100,32),
 (3522,62,40,15,61,100,32),
 (3523,62,40,16,65,100,32),
 (3524,62,40,17,71,100,32),
 (3525,62,40,18,77,100,32),
 (3526,62,40,19,82,100,32),
 (3527,62,40,20,86,100,32),
 (3528,62,40,21,92,100,32),
 (3529,62,40,22,96,100,32),
 (3530,62,40,23,0,0,32),
 (3531,62,40,24,108,100,32),
 (3532,62,40,25,112,100,32),
 (3533,29,40,1,3,100,32),
 (3534,29,40,2,6,100,32),
 (3535,29,40,3,12,100,32),
 (3536,29,40,4,44,100,32),
 (3537,29,40,6,25,100,32),
 (3538,29,40,7,31,100,32),
 (3539,29,40,11,19,100,32),
 (3540,29,40,12,49,100,32),
 (3541,29,40,14,56,100,32),
 (3542,29,40,15,63,100,32),
 (3543,29,40,16,65,100,32),
 (3544,29,40,17,73,100,32),
 (3545,29,40,18,77,100,32),
 (3546,29,40,19,82,100,32),
 (3547,29,40,20,88,100,32),
 (3548,29,40,21,92,100,32),
 (3549,29,40,22,98,100,32),
 (3550,29,40,23,0,0,32),
 (3551,29,40,24,106,100,32),
 (3552,29,40,25,111,100,32),
 (3553,20,40,1,2,100,32),
 (3554,20,40,2,7,100,32),
 (3555,20,40,3,11,100,32),
 (3556,20,40,4,43,100,32),
 (3557,20,40,6,23,100,32),
 (3558,20,40,7,28,100,32),
 (3559,20,40,11,20,100,32),
 (3560,20,40,12,49,100,32),
 (3561,20,40,14,58,100,32),
 (3562,20,40,15,63,100,32),
 (3563,20,40,16,67,100,32),
 (3564,20,40,17,73,100,32),
 (3565,20,40,18,78,100,32),
 (3566,20,40,19,83,100,32),
 (3567,20,40,20,89,100,32),
 (3568,20,40,21,93,100,32),
 (3569,20,40,22,99,100,32),
 (3570,20,40,23,0,0,32),
 (3571,20,40,24,105,100,32),
 (3572,20,40,25,110,100,32),
 (3573,56,37,1,2,100,71),
 (3574,56,37,2,8,100,71),
 (3575,56,37,3,12,100,71),
 (3576,56,37,4,43,100,71),
 (3577,56,37,6,24,100,71),
 (3578,56,37,7,32,100,71),
 (3579,56,37,11,21,100,71),
 (3580,56,37,12,48,100,71),
 (3581,56,37,14,59,100,71),
 (3582,56,37,15,61,100,71),
 (3583,56,37,16,66,100,71),
 (3584,56,37,17,71,100,71),
 (3585,56,37,18,78,100,71),
 (3586,56,37,19,81,100,71),
 (3587,56,37,20,86,100,71),
 (3588,56,37,21,93,100,71),
 (3589,56,37,22,96,100,71),
 (3590,56,37,23,0,0,71),
 (3591,56,37,24,107,100,71),
 (3592,56,37,25,113,100,71),
 (3593,66,40,1,3,100,32),
 (3594,66,40,2,7,100,32),
 (3595,66,40,3,12,100,32),
 (3596,66,40,4,44,100,32),
 (3597,66,40,6,27,100,32),
 (3598,66,40,7,28,100,32),
 (3599,66,40,11,20,100,32),
 (3600,66,40,12,49,100,32),
 (3601,66,40,14,58,100,32),
 (3602,66,40,15,61,100,32),
 (3603,66,40,16,67,100,32),
 (3604,66,40,17,71,100,32),
 (3605,66,40,18,75,100,32),
 (3606,66,40,19,83,100,32),
 (3607,66,40,20,87,100,32),
 (3608,66,40,21,92,100,32),
 (3609,66,40,22,96,100,32),
 (3610,66,40,23,0,0,32),
 (3611,66,40,24,108,100,32),
 (3612,66,40,25,112,100,32),
 (3613,5,42,1,3,100,72),
 (3614,5,42,2,5,100,72),
 (3615,5,42,3,12,100,72),
 (3616,5,42,4,44,100,72),
 (3617,5,42,6,25,100,72),
 (3618,5,42,7,30,100,72),
 (3619,5,42,11,20,100,72),
 (3620,5,42,12,50,100,72),
 (3621,5,42,14,57,100,72),
 (3622,5,42,15,62,100,72),
 (3623,5,42,16,66,100,72),
 (3624,5,42,17,73,100,72),
 (3625,5,42,18,76,100,72),
 (3626,5,42,19,83,100,72),
 (3627,5,42,20,87,100,72),
 (3628,5,42,21,93,100,72),
 (3629,5,42,22,98,100,72),
 (3630,5,42,23,0,0,72),
 (3631,5,42,24,107,100,72),
 (3632,5,42,25,112,100,72),
 (3633,56,64,1,3,100,99),
 (3634,56,64,2,8,100,99),
 (3635,56,64,3,12,100,99),
 (3636,56,64,4,44,100,99),
 (3637,56,64,6,26,100,99),
 (3638,56,64,7,31,100,99),
 (3639,56,64,11,20,100,99),
 (3640,56,64,12,48,100,99),
 (3641,56,64,14,58,100,99),
 (3642,56,64,15,63,100,99),
 (3643,56,64,16,65,100,99),
 (3644,56,64,17,73,100,99),
 (3645,56,64,18,78,100,99),
 (3646,56,64,19,83,100,99),
 (3647,56,64,20,88,100,99),
 (3648,56,64,21,93,100,99),
 (3649,56,64,22,98,100,99),
 (3650,56,64,23,0,0,99),
 (3651,56,64,24,106,100,99),
 (3652,56,64,25,110,100,99),
 (3653,62,41,1,3,100,10),
 (3654,62,41,2,6,100,10),
 (3655,62,41,3,12,100,10),
 (3656,62,41,4,44,100,10),
 (3657,62,41,6,25,100,10),
 (3658,62,41,7,30,100,10),
 (3659,62,41,11,18,100,10),
 (3660,62,41,12,50,100,10),
 (3661,62,41,14,57,60,10),
 (3662,62,41,15,62,60,10),
 (3663,62,41,16,66,100,10),
 (3664,62,41,17,72,100,10),
 (3665,62,41,18,77,60,10),
 (3666,62,41,19,82,60,10),
 (3667,62,41,20,87,100,10),
 (3668,62,41,21,92,100,10),
 (3669,62,41,22,98,60,10),
 (3670,62,41,23,0,0,10),
 (3671,62,41,24,106,40,10),
 (3672,62,41,25,113,100,10),
 (3673,4,37,1,3,100,71),
 (3674,4,37,2,6,100,71),
 (3675,4,37,3,12,100,71),
 (3676,4,37,4,44,100,71),
 (3677,4,37,6,25,100,71),
 (3678,4,37,7,32,100,71),
 (3679,4,37,11,20,100,71),
 (3680,4,37,12,51,100,71),
 (3681,4,37,14,57,100,71),
 (3682,4,37,15,62,100,71),
 (3683,4,37,16,66,100,71),
 (3684,4,37,17,71,100,71),
 (3685,4,37,18,78,100,71),
 (3686,4,37,19,81,100,71),
 (3687,4,37,20,86,100,71),
 (3688,4,37,21,93,100,71),
 (3689,4,37,22,96,100,71),
 (3690,4,37,23,0,0,71),
 (3691,4,37,24,108,100,71),
 (3692,4,37,25,113,100,71),
 (3693,74,69,1,3,100,39),
 (3694,74,69,2,5,100,39),
 (3695,74,69,3,12,100,39),
 (3696,74,69,4,44,100,39),
 (3697,74,69,6,24,100,39),
 (3698,74,69,7,29,100,39),
 (3699,74,69,11,18,100,39),
 (3700,74,69,12,49,100,39),
 (3701,74,69,14,58,100,39),
 (3702,74,69,15,61,100,39),
 (3703,74,69,16,65,100,39),
 (3704,74,69,17,73,40,39),
 (3705,74,69,18,77,40,39),
 (3706,74,69,19,83,40,39),
 (3707,74,69,20,88,40,39),
 (3708,74,69,21,91,80,39),
 (3709,74,69,22,98,100,39),
 (3710,74,69,23,0,0,39),
 (3711,74,69,24,106,100,39),
 (3712,74,69,25,113,100,39),
 (3713,62,67,1,2,100,71),
 (3714,62,67,2,6,40,71),
 (3715,62,67,3,12,100,71),
 (3716,62,67,4,44,100,71),
 (3717,62,67,6,24,100,71),
 (3718,62,67,7,32,100,71),
 (3719,62,67,11,19,80,71),
 (3720,62,67,12,51,100,71),
 (3721,62,67,14,58,80,71),
 (3722,62,67,15,61,100,71),
 (3723,62,67,16,65,80,71),
 (3724,62,67,17,71,100,71),
 (3725,62,67,18,77,60,71),
 (3726,62,67,19,81,100,71),
 (3727,62,67,20,87,80,71),
 (3728,62,67,21,92,60,71),
 (3729,62,67,22,96,80,71),
 (3730,62,67,23,0,0,71),
 (3731,62,67,24,108,100,71),
 (3732,62,67,25,113,100,71),
 (3733,74,34,1,3,100,99),
 (3734,74,34,2,6,100,99),
 (3735,74,34,3,11,100,99),
 (3736,74,34,4,43,100,99),
 (3737,74,34,6,25,100,99),
 (3738,74,34,7,30,100,99),
 (3739,74,34,11,18,100,99),
 (3740,74,34,12,50,100,99),
 (3741,74,34,14,58,60,99),
 (3742,74,34,15,62,40,99),
 (3743,74,34,16,67,80,99),
 (3744,74,34,17,72,60,99),
 (3745,74,34,18,78,60,99),
 (3746,74,34,19,82,60,99),
 (3747,74,34,20,87,60,99),
 (3748,74,34,21,91,80,99),
 (3749,74,34,22,97,60,99),
 (3750,74,34,23,0,0,99),
 (3751,74,34,24,107,100,99),
 (3752,74,34,25,112,100,99),
 (3753,58,30,1,3,100,32),
 (3754,58,30,2,5,100,32),
 (3755,58,30,3,12,100,32),
 (3756,58,30,4,44,100,32),
 (3757,58,30,6,25,100,32),
 (3758,58,30,7,31,100,32),
 (3759,58,30,11,20,100,32),
 (3760,58,30,12,49,100,32),
 (3761,58,30,14,56,60,32),
 (3762,58,30,15,63,40,32),
 (3763,58,30,16,67,100,32),
 (3764,58,30,17,72,100,32),
 (3765,58,30,18,76,100,32),
 (3766,58,30,19,83,100,32),
 (3767,58,30,20,88,100,32),
 (3768,58,30,21,93,100,32),
 (3769,58,30,22,98,100,32),
 (3770,58,30,23,0,0,32),
 (3771,58,30,24,107,100,32),
 (3772,58,30,25,111,100,32),
 (3773,1,40,1,3,100,32),
 (3774,1,40,2,7,100,32),
 (3775,1,40,3,12,100,32),
 (3776,1,40,4,44,100,32),
 (3777,1,40,6,25,100,32),
 (3778,1,40,7,29,100,32),
 (3779,1,40,11,20,100,32),
 (3780,1,40,12,49,100,32),
 (3781,1,40,14,58,100,32),
 (3782,1,40,15,62,100,32),
 (3783,1,40,16,67,100,32),
 (3784,1,40,17,73,100,32),
 (3785,1,40,18,76,100,32),
 (3786,1,40,19,83,100,32),
 (3787,1,40,20,87,100,32),
 (3788,1,40,21,92,100,32),
 (3789,1,40,22,98,100,32),
 (3790,1,40,23,0,0,32),
 (3791,1,40,24,106,100,32),
 (3792,1,40,25,111,100,32),
 (3793,114,42,1,3,100,72),
 (3794,114,42,2,7,100,72),
 (3795,114,42,3,12,100,72),
 (3796,114,42,4,44,100,72),
 (3797,114,42,6,25,100,72),
 (3798,114,42,7,30,100,72),
 (3799,114,42,11,20,100,72),
 (3800,114,42,12,49,100,72),
 (3801,114,42,14,58,100,72),
 (3802,114,42,15,61,100,72),
 (3803,114,42,16,67,100,72),
 (3804,114,42,17,73,100,72),
 (3805,114,42,18,78,100,72),
 (3806,114,42,19,83,100,72),
 (3807,114,42,20,86,100,72),
 (3808,114,42,21,93,100,72),
 (3809,114,42,22,96,100,72),
 (3810,114,42,23,0,0,72),
 (3811,114,42,24,106,100,72),
 (3812,114,42,25,113,100,72),
 (3813,68,65,1,3,100,16),
 (3814,68,65,2,5,100,16),
 (3815,68,65,3,12,100,16),
 (3816,68,65,4,44,100,16),
 (3817,68,65,6,24,100,16),
 (3818,68,65,7,30,100,16),
 (3819,68,65,11,18,100,16),
 (3820,68,65,12,50,100,16),
 (3821,68,65,14,56,80,16),
 (3822,68,65,15,63,60,16),
 (3823,68,65,16,65,40,16),
 (3824,68,65,17,73,60,16),
 (3825,68,65,18,76,80,16),
 (3826,68,65,19,83,60,16),
 (3827,68,65,20,88,60,16),
 (3828,68,65,21,91,80,16),
 (3829,68,65,22,98,80,16),
 (3830,68,65,23,0,0,16),
 (3831,68,65,24,106,100,16),
 (3832,68,65,25,113,60,16),
 (3833,74,25,1,3,100,16),
 (3834,74,25,2,5,100,16),
 (3835,74,25,3,12,100,16),
 (3836,74,25,4,44,100,16),
 (3837,74,25,6,25,100,16),
 (3838,74,25,7,30,100,16),
 (3839,74,25,11,18,60,16),
 (3840,74,25,12,50,80,16),
 (3841,74,25,14,58,80,16),
 (3842,74,25,15,61,80,16),
 (3843,74,25,16,65,80,16),
 (3844,74,25,17,72,80,16),
 (3845,74,25,18,76,80,16),
 (3846,74,25,19,81,80,16),
 (3847,74,25,20,87,100,16),
 (3848,74,25,21,91,100,16),
 (3849,74,25,22,96,100,16),
 (3850,74,25,23,0,0,16),
 (3851,74,25,24,107,80,16),
 (3852,74,25,25,112,80,16),
 (3853,78,37,1,3,100,71),
 (3854,78,37,2,8,100,71),
 (3855,78,37,3,12,100,71),
 (3856,78,37,4,44,100,71),
 (3857,78,37,6,25,100,71),
 (3858,78,37,7,30,100,71),
 (3859,78,37,11,21,100,71),
 (3860,78,37,12,48,100,71),
 (3861,78,37,14,57,100,71),
 (3862,78,37,15,62,100,71),
 (3863,78,37,16,66,100,71),
 (3864,78,37,17,73,100,71),
 (3865,78,37,18,77,100,71),
 (3866,78,37,19,82,100,71),
 (3867,78,37,20,88,100,71),
 (3868,78,37,21,94,100,71),
 (3869,78,37,22,96,100,71),
 (3870,78,37,23,0,0,71),
 (3871,78,37,24,105,100,71),
 (3872,78,37,25,113,100,71),
 (3873,68,20,1,2,100,32),
 (3874,68,20,2,5,100,32),
 (3875,68,20,3,12,100,32),
 (3876,68,20,4,44,100,32),
 (3877,68,20,6,25,100,32),
 (3878,68,20,7,30,100,32),
 (3879,68,20,11,18,100,32),
 (3880,68,20,12,51,100,32),
 (3881,68,20,14,56,100,32),
 (3882,68,20,15,62,80,32),
 (3883,68,20,16,67,80,32),
 (3884,68,20,17,71,100,32),
 (3885,68,20,18,76,100,32),
 (3886,68,20,19,81,100,32),
 (3887,68,20,20,86,60,32),
 (3888,68,20,21,91,100,32),
 (3889,68,20,22,97,60,32),
 (3890,68,20,23,0,0,32),
 (3891,68,20,24,108,100,32),
 (3892,68,20,25,113,100,32),
 (3893,74,61,1,3,100,10),
 (3894,74,61,2,6,100,10),
 (3895,74,61,3,12,100,10),
 (3896,74,61,4,44,100,10),
 (3897,74,61,6,26,80,10),
 (3898,74,61,7,30,100,10),
 (3899,74,61,11,18,60,10),
 (3900,74,61,12,50,60,10),
 (3901,74,61,14,58,80,10),
 (3902,74,61,15,61,80,10),
 (3903,74,61,16,67,80,10),
 (3904,74,61,17,71,80,10),
 (3905,74,61,18,77,100,10),
 (3906,74,61,19,81,60,10),
 (3907,74,61,20,88,40,10),
 (3908,74,61,21,92,100,10),
 (3909,74,61,22,98,100,10),
 (3910,74,61,23,0,0,10),
 (3911,74,61,24,107,100,10),
 (3912,74,61,25,113,40,10),
 (3913,58,75,1,3,100,16),
 (3914,58,75,2,5,100,16),
 (3915,58,75,3,12,100,16),
 (3916,58,75,4,44,100,16),
 (3917,58,75,6,26,100,16),
 (3918,58,75,7,31,100,16),
 (3919,58,75,11,19,60,16),
 (3920,58,75,12,49,80,16),
 (3921,58,75,14,56,100,16),
 (3922,58,75,15,62,80,16),
 (3923,58,75,16,66,80,16),
 (3924,58,75,17,71,40,16),
 (3925,58,75,18,77,60,16),
 (3926,58,75,19,82,60,16),
 (3927,58,75,20,86,60,16),
 (3928,58,75,21,92,80,16),
 (3929,58,75,22,98,60,16),
 (3930,58,75,23,0,0,16),
 (3931,58,75,24,106,60,16),
 (3932,58,75,25,113,60,16),
 (3933,43,69,1,3,100,39),
 (3934,43,69,2,5,100,39),
 (3935,43,69,3,11,100,39),
 (3936,43,69,4,43,100,39),
 (3937,43,69,6,24,100,39),
 (3938,43,69,7,29,100,39),
 (3939,43,69,11,19,100,39),
 (3940,43,69,12,49,100,39),
 (3941,43,69,14,58,100,39),
 (3942,43,69,15,63,100,39),
 (3943,43,69,16,65,100,39),
 (3944,43,69,17,73,100,39),
 (3945,43,69,18,77,40,39),
 (3946,43,69,19,83,40,39),
 (3947,43,69,20,88,20,39),
 (3948,43,69,21,92,20,39),
 (3949,43,69,22,98,20,39),
 (3950,43,69,23,0,0,39),
 (3951,43,69,24,106,100,39),
 (3952,43,69,25,111,100,39),
 (3953,58,39,1,3,100,39),
 (3954,58,39,2,6,80,39),
 (3955,58,39,3,12,100,39),
 (3956,58,39,4,44,100,39),
 (3957,58,39,6,26,100,39),
 (3958,58,39,7,29,100,39),
 (3959,58,39,11,20,100,39),
 (3960,58,39,12,50,80,39),
 (3961,58,39,14,57,80,39),
 (3962,58,39,15,62,80,39),
 (3963,58,39,16,66,80,39),
 (3964,58,39,17,72,80,39),
 (3965,58,39,18,77,60,39),
 (3966,58,39,19,82,60,39),
 (3967,58,39,20,86,60,39),
 (3968,58,39,21,93,80,39),
 (3969,58,39,22,96,60,39),
 (3970,58,39,23,0,0,39),
 (3971,58,39,24,107,60,39),
 (3972,58,39,25,113,60,39),
 (3973,29,41,1,3,100,10),
 (3974,29,41,2,7,100,10),
 (3975,29,41,3,12,60,10),
 (3976,29,41,4,43,100,10),
 (3977,29,41,6,25,100,10),
 (3978,29,41,7,30,100,10),
 (3979,29,41,11,18,100,10),
 (3980,29,41,12,49,100,10),
 (3981,29,41,14,58,60,10),
 (3982,29,41,15,62,100,10),
 (3983,29,41,16,65,100,10),
 (3984,29,41,17,71,100,10),
 (3985,29,41,18,76,100,10),
 (3986,29,41,19,82,100,10),
 (3987,29,41,20,87,100,10),
 (3988,29,41,21,91,100,10),
 (3989,29,41,22,98,100,10),
 (3990,29,41,23,0,0,10),
 (3991,29,41,24,106,100,10),
 (3992,29,41,25,113,60,10),
 (3993,81,30,1,3,100,32),
 (3994,81,30,2,6,100,32),
 (3995,81,30,3,11,100,32),
 (3996,81,30,4,43,100,32),
 (3997,81,30,6,24,100,32),
 (3998,81,30,7,30,100,32),
 (3999,81,30,11,18,100,32),
 (4000,81,30,12,52,100,32),
 (4001,81,30,14,58,100,32),
 (4002,81,30,15,61,100,32),
 (4003,81,30,16,67,100,32),
 (4004,81,30,17,70,100,32),
 (4005,81,30,18,77,100,32),
 (4006,81,30,19,81,100,32),
 (4007,81,30,20,86,100,32),
 (4008,81,30,21,92,100,32),
 (4009,81,30,22,96,100,32),
 (4010,81,30,23,0,0,32),
 (4011,81,30,24,109,100,32),
 (4012,81,30,25,111,100,32),
 (4013,62,76,1,2,100,52),
 (4014,62,76,2,6,100,52),
 (4015,62,76,3,12,100,52),
 (4016,62,76,4,44,100,52),
 (4017,62,76,6,24,100,52),
 (4018,62,76,7,31,100,52),
 (4019,62,76,11,18,20,52),
 (4020,62,76,12,50,40,52),
 (4021,62,76,14,57,40,52),
 (4022,62,76,15,61,80,52),
 (4023,62,76,16,65,60,52),
 (4024,62,76,17,71,80,52),
 (4025,62,76,18,77,80,52),
 (4026,62,76,19,82,80,52),
 (4027,62,76,20,87,80,52),
 (4028,62,76,21,92,100,52),
 (4029,62,76,22,97,100,52),
 (4030,62,76,23,0,0,52),
 (4031,62,76,24,108,100,52),
 (4032,62,76,25,113,100,52),
 (4033,43,34,1,3,100,99),
 (4034,43,34,2,6,100,99),
 (4035,43,34,3,12,100,99),
 (4036,43,34,4,44,100,99),
 (4037,43,34,6,25,100,99),
 (4038,43,34,7,30,100,99),
 (4039,43,34,11,19,80,99);
INSERT INTO `comparisons2` (`ID`,`subject`,`user`,`field`,`value`,`certainity`,`anchor`) VALUES 
 (4040,43,34,12,50,60,99),
 (4041,43,34,14,57,60,99),
 (4042,43,34,15,62,80,99),
 (4043,43,34,16,65,40,99),
 (4044,43,34,17,72,80,99),
 (4045,43,34,18,77,80,99),
 (4046,43,34,19,82,60,99),
 (4047,43,34,20,87,60,99),
 (4048,43,34,21,92,60,99),
 (4049,43,34,22,97,80,99),
 (4050,43,34,23,0,0,99),
 (4051,43,34,24,107,80,99),
 (4052,43,34,25,112,80,99),
 (4053,97,42,1,3,100,72),
 (4054,97,42,2,5,100,72),
 (4055,97,42,3,12,100,72),
 (4056,97,42,4,44,100,72),
 (4057,97,42,6,25,100,72),
 (4058,97,42,7,32,100,72),
 (4059,97,42,11,19,100,72),
 (4060,97,42,12,49,100,72),
 (4061,97,42,14,56,100,72),
 (4062,97,42,15,62,100,72),
 (4063,97,42,16,66,100,72),
 (4064,97,42,17,73,100,72),
 (4065,97,42,18,76,100,72),
 (4066,97,42,19,83,100,72),
 (4067,97,42,20,88,100,72),
 (4068,97,42,21,92,100,72),
 (4069,97,42,22,97,100,72),
 (4070,97,42,23,0,0,72),
 (4071,97,42,24,106,100,72),
 (4072,97,42,25,111,100,72),
 (4073,62,32,1,3,100,72),
 (4074,62,32,2,7,100,72),
 (4075,62,32,3,12,100,72),
 (4076,62,32,4,44,100,72),
 (4077,62,32,6,25,100,72),
 (4078,62,32,7,29,100,72),
 (4079,62,32,11,20,100,72),
 (4080,62,32,12,50,80,72),
 (4081,62,32,14,57,80,72),
 (4082,62,32,15,63,80,72),
 (4083,62,32,16,67,100,72),
 (4084,62,32,17,71,100,72),
 (4085,62,32,18,78,80,72),
 (4086,62,32,19,83,80,72),
 (4087,62,32,20,88,100,72),
 (4088,62,32,21,93,100,72),
 (4089,62,32,22,97,60,72),
 (4090,62,32,23,0,0,72),
 (4091,62,32,24,106,100,72),
 (4092,62,32,25,111,100,72),
 (4093,55,37,1,2,100,71),
 (4094,55,37,2,7,100,71),
 (4095,55,37,3,12,100,71),
 (4096,55,37,4,44,100,71),
 (4097,55,37,6,23,100,71),
 (4098,55,37,7,32,100,71),
 (4099,55,37,11,19,100,71),
 (4100,55,37,12,51,100,71),
 (4101,55,37,14,57,100,71),
 (4102,55,37,15,62,100,71),
 (4103,55,37,16,67,100,71),
 (4104,55,37,17,71,100,71),
 (4105,55,37,18,78,100,71),
 (4106,55,37,19,81,100,71),
 (4107,55,37,20,86,100,71),
 (4108,55,37,21,93,100,71),
 (4109,55,37,22,96,100,71),
 (4110,55,37,23,0,0,71),
 (4111,55,37,24,108,100,71),
 (4112,55,37,25,113,100,71),
 (4113,62,23,1,2,100,7),
 (4114,62,23,2,7,100,7),
 (4115,62,23,3,11,100,7),
 (4116,62,23,4,43,100,7),
 (4117,62,23,6,26,100,7),
 (4118,4,64,1,2,100,99),
 (4119,62,23,7,30,100,7),
 (4120,4,64,2,7,100,99),
 (4121,4,64,3,11,100,99),
 (4122,62,23,11,18,100,7),
 (4123,4,64,4,43,100,99),
 (4124,4,64,6,26,100,99),
 (4125,62,23,12,51,100,7),
 (4126,4,64,7,29,100,99),
 (4127,4,64,11,19,60,99),
 (4128,62,23,14,57,40,7),
 (4129,4,64,12,49,80,99),
 (4130,4,64,14,58,60,99),
 (4131,62,23,15,62,40,7),
 (4132,4,64,15,63,100,99),
 (4133,4,64,16,67,60,99),
 (4134,62,23,16,65,100,7),
 (4135,4,64,17,73,60,99),
 (4136,4,64,18,77,80,99),
 (4137,62,23,17,71,80,7),
 (4138,4,64,19,83,80,99),
 (4139,4,64,20,87,80,99),
 (4140,62,23,18,77,40,7),
 (4141,4,64,21,93,80,99),
 (4142,4,64,22,98,80,99),
 (4143,62,23,19,82,40,7),
 (4144,4,64,23,0,0,99),
 (4145,4,64,24,106,60,99),
 (4146,62,23,20,87,60,7),
 (4147,4,64,25,111,80,99),
 (4148,62,23,21,92,60,7),
 (4149,62,23,22,96,100,7),
 (4150,62,23,23,0,0,7),
 (4151,62,23,24,108,100,7),
 (4152,62,23,25,112,100,7),
 (4153,84,62,1,3,100,72),
 (4154,84,62,2,6,100,72),
 (4155,84,62,3,12,100,72),
 (4156,84,62,4,44,100,72),
 (4157,84,62,6,26,100,72),
 (4158,84,62,7,31,100,72),
 (4159,84,62,11,18,100,72),
 (4160,84,62,12,50,100,72),
 (4161,84,62,14,56,100,72),
 (4162,84,62,15,63,100,72),
 (4163,84,62,16,65,100,72),
 (4164,84,62,17,71,100,72),
 (4165,84,62,18,76,100,72),
 (4166,84,62,19,81,100,72),
 (4167,84,62,20,86,100,72),
 (4168,84,62,21,91,100,72),
 (4169,84,62,22,97,100,72),
 (4170,84,62,23,0,0,72),
 (4171,84,62,24,107,100,72),
 (4172,84,62,25,113,100,72),
 (4173,29,67,1,2,100,71),
 (4174,29,67,2,6,60,71),
 (4175,29,67,3,12,100,71),
 (4176,29,67,4,44,100,71),
 (4177,29,67,6,24,100,71),
 (4178,29,67,7,32,100,71),
 (4179,29,67,11,18,80,71),
 (4180,29,67,12,51,100,71),
 (4181,29,67,14,58,80,71),
 (4182,29,67,15,61,80,71),
 (4183,29,67,16,65,80,71),
 (4184,29,67,17,71,100,71),
 (4185,29,67,18,77,60,71),
 (4186,29,67,19,81,80,71),
 (4187,29,67,20,87,80,71),
 (4188,29,67,21,92,80,71),
 (4189,29,67,22,97,80,71),
 (4190,29,67,23,0,0,71),
 (4191,29,67,24,108,100,71),
 (4192,29,67,25,113,100,71),
 (4193,84,70,1,3,100,32),
 (4194,84,70,2,6,60,32),
 (4195,84,70,3,12,100,32),
 (4196,84,70,4,44,100,32),
 (4197,84,70,6,26,40,32),
 (4198,84,70,7,30,80,32),
 (4199,84,70,11,20,40,32),
 (4200,84,70,12,50,80,32),
 (4201,84,70,14,57,60,32),
 (4202,84,70,15,63,20,32),
 (4203,33,65,1,3,100,16),
 (4204,84,70,16,67,40,32),
 (4205,33,65,2,5,100,16),
 (4206,33,65,3,12,100,16),
 (4207,84,70,17,73,40,32),
 (4208,33,65,4,44,100,16),
 (4209,33,65,6,26,100,16),
 (4210,84,70,18,76,40,32),
 (4211,33,65,7,30,60,16),
 (4212,33,65,11,19,60,16),
 (4213,84,70,19,82,40,32),
 (4214,33,65,12,51,100,16),
 (4215,33,65,14,57,60,16),
 (4216,84,70,20,87,40,32),
 (4217,33,65,15,62,60,16),
 (4218,33,65,16,67,60,16),
 (4219,84,70,21,92,40,32),
 (4220,33,65,17,71,100,16),
 (4221,33,65,18,78,100,16),
 (4222,84,70,22,98,20,32),
 (4223,33,65,19,81,100,16),
 (4224,33,65,20,86,100,16),
 (4225,84,70,23,0,0,32),
 (4226,33,65,21,93,100,16),
 (4227,33,65,22,96,100,16),
 (4228,84,70,24,107,40,32),
 (4229,33,65,23,0,0,16),
 (4230,33,65,24,108,100,16),
 (4231,84,70,25,111,60,32),
 (4232,33,65,25,111,100,16),
 (4233,5,24,1,3,100,99),
 (4234,5,24,2,6,60,99),
 (4235,5,24,3,11,100,99),
 (4236,5,24,4,43,100,99),
 (4237,5,24,6,26,100,99),
 (4238,5,24,7,31,100,99),
 (4239,5,24,11,19,80,99),
 (4240,5,24,12,50,80,99),
 (4241,5,24,14,58,40,99),
 (4242,5,24,15,61,60,99),
 (4243,5,24,16,66,60,99),
 (4244,5,24,17,72,60,99),
 (4245,5,24,18,77,60,99),
 (4246,5,24,19,82,60,99),
 (4247,5,24,20,87,60,99),
 (4248,5,24,21,93,60,99),
 (4249,5,24,22,97,80,99),
 (4250,5,24,23,0,0,99),
 (4251,5,24,24,108,80,99),
 (4252,5,24,25,112,80,99),
 (4253,74,43,1,2,100,7),
 (4254,74,43,2,4,100,7),
 (4255,74,43,3,12,100,7),
 (4256,74,43,4,44,100,7),
 (4257,74,43,6,25,100,7),
 (4258,74,43,7,30,100,7),
 (4259,74,43,11,18,80,7),
 (4260,74,43,12,51,80,7),
 (4261,74,43,14,58,60,7),
 (4262,74,43,15,61,60,7),
 (4263,74,43,16,65,60,7),
 (4264,74,43,17,71,60,7),
 (4265,74,43,18,78,60,7),
 (4266,74,43,19,81,40,7),
 (4267,74,43,20,86,80,7),
 (4268,74,43,21,92,60,7),
 (4269,74,43,22,96,60,7),
 (4270,74,43,23,0,0,7),
 (4271,74,43,24,108,100,7),
 (4272,74,43,25,113,100,7),
 (4273,19,30,1,3,100,32),
 (4274,19,30,2,6,100,32),
 (4275,19,30,3,12,100,32),
 (4276,19,30,4,44,100,32),
 (4277,19,30,6,26,100,32),
 (4278,19,30,7,31,100,32),
 (4279,19,30,11,18,100,32),
 (4280,19,30,12,51,100,32),
 (4281,19,30,14,58,100,32),
 (4282,19,30,15,61,100,32),
 (4283,19,30,16,65,100,32),
 (4284,19,30,17,71,100,32),
 (4285,19,30,18,77,100,32),
 (4286,19,30,19,81,100,32),
 (4287,19,30,20,86,100,32),
 (4288,19,30,21,91,100,32),
 (4289,19,30,22,96,100,32),
 (4290,19,30,23,0,0,32),
 (4291,19,30,24,108,100,32),
 (4292,19,30,25,113,100,32),
 (4293,81,75,1,3,100,16),
 (4294,81,75,2,6,100,16),
 (4295,81,75,3,11,100,16),
 (4296,81,75,4,43,100,16),
 (4297,81,75,6,24,100,16),
 (4298,81,75,7,30,100,16),
 (4299,81,75,11,18,100,16),
 (4300,81,75,12,52,100,16),
 (4301,81,75,14,57,60,16),
 (4302,81,75,15,61,100,16),
 (4303,81,75,16,66,100,16),
 (4304,81,75,17,70,100,16),
 (4305,81,75,18,77,80,16),
 (4306,81,75,19,81,100,16),
 (4307,81,75,20,86,100,16),
 (4308,81,75,21,91,60,16),
 (4309,81,75,22,96,100,16),
 (4310,81,75,23,0,0,16),
 (4311,81,75,24,108,100,16),
 (4312,81,75,25,112,100,16),
 (4313,18,69,1,3,100,39),
 (4314,18,69,2,5,100,39),
 (4315,18,69,3,11,100,39),
 (4316,18,69,4,43,100,39),
 (4317,18,69,6,24,100,39),
 (4318,18,69,7,28,100,39),
 (4319,18,69,11,19,100,39),
 (4320,18,69,12,49,100,39),
 (4321,18,69,14,57,100,39),
 (4322,18,69,15,62,100,39),
 (4323,18,69,16,65,100,39),
 (4324,18,69,17,71,100,39),
 (4325,18,69,18,78,100,39),
 (4326,18,69,19,82,40,39),
 (4327,18,69,20,87,40,39),
 (4328,18,69,21,93,20,39),
 (4329,18,69,22,97,20,39),
 (4330,18,69,23,0,0,39),
 (4331,18,69,24,106,20,39),
 (4332,18,69,25,113,100,39),
 (4333,20,41,1,2,100,10),
 (4334,20,41,2,7,100,10),
 (4335,20,41,3,11,100,10),
 (4336,20,41,4,43,100,10),
 (4337,20,41,6,24,100,10),
 (4338,20,41,7,28,100,10),
 (4339,20,41,11,20,100,10),
 (4340,20,41,12,49,100,10),
 (4341,20,41,14,58,100,10),
 (4342,20,41,15,63,80,10),
 (4343,20,41,16,65,100,10),
 (4344,20,41,17,73,100,10),
 (4345,20,41,18,78,100,10),
 (4346,20,41,19,83,100,10),
 (4347,20,41,20,88,100,10),
 (4348,20,41,21,93,100,10),
 (4349,20,41,22,99,100,10),
 (4350,20,41,23,0,0,10),
 (4351,20,41,24,105,100,10),
 (4352,20,41,25,111,100,10),
 (4353,43,25,1,3,100,16),
 (4354,43,25,2,6,40,16),
 (4355,43,25,3,11,100,16),
 (4356,43,25,4,43,100,16),
 (4357,43,25,6,24,100,16),
 (4358,43,25,7,30,100,16),
 (4359,43,25,11,20,100,16),
 (4360,43,25,12,50,80,16),
 (4361,43,25,14,58,100,16),
 (4362,43,25,15,61,80,16),
 (4363,43,25,16,65,80,16),
 (4364,43,25,17,73,60,16),
 (4365,43,25,18,75,100,16),
 (4366,43,25,19,82,80,16),
 (4367,43,25,20,87,80,16),
 (4368,43,25,21,93,100,16),
 (4369,43,25,22,96,100,16),
 (4370,43,25,23,0,0,16),
 (4371,43,25,24,107,80,16),
 (4372,43,25,25,112,60,16),
 (4373,40,42,1,3,100,72),
 (4374,40,42,2,5,100,72),
 (4375,40,42,3,12,100,72),
 (4376,40,42,4,44,100,72),
 (4377,40,42,6,26,100,72),
 (4378,40,42,7,29,100,72),
 (4379,40,42,11,20,100,72),
 (4380,40,42,12,51,100,72),
 (4381,40,42,14,58,100,72),
 (4382,40,42,15,61,100,72),
 (4383,40,42,16,66,100,72),
 (4384,40,42,17,71,100,72),
 (4385,40,42,18,79,100,72),
 (4386,40,42,19,81,100,72),
 (4387,40,42,20,86,100,72),
 (4388,40,42,21,93,100,72),
 (4389,40,42,22,96,100,72),
 (4390,40,42,23,0,0,72),
 (4391,40,42,24,108,100,72),
 (4392,40,42,25,112,100,72),
 (4393,43,61,1,3,100,10),
 (4394,43,61,2,7,100,10),
 (4395,43,61,3,11,100,10),
 (4396,43,61,4,43,100,10),
 (4397,43,61,6,24,100,10),
 (4398,43,61,7,30,100,10),
 (4399,43,61,11,20,100,10),
 (4400,43,61,12,49,100,10),
 (4401,43,61,14,57,60,10),
 (4402,43,61,15,61,40,10),
 (4403,43,61,16,67,100,10),
 (4404,43,61,17,70,100,10),
 (4405,43,61,18,76,100,10),
 (4406,43,61,19,81,40,10),
 (4407,43,61,20,89,100,10),
 (4408,43,61,21,93,100,10),
 (4409,43,61,22,96,100,10),
 (4410,43,61,23,0,0,10),
 (4411,43,61,24,108,60,10),
 (4412,43,61,25,114,100,10),
 (4413,73,36,1,2,100,52),
 (4414,73,36,2,6,60,52),
 (4415,73,36,3,12,100,52),
 (4416,73,36,4,44,100,52),
 (4417,73,36,6,24,100,52),
 (4418,73,36,7,31,100,52),
 (4419,73,36,11,18,100,52),
 (4420,73,36,12,50,80,52),
 (4421,73,36,14,56,60,52),
 (4422,73,36,15,62,60,52),
 (4423,73,36,16,66,60,52),
 (4424,73,36,17,73,100,52),
 (4425,73,36,18,76,100,52),
 (4426,73,36,19,82,100,52),
 (4427,73,36,20,87,60,52),
 (4428,73,36,21,91,100,52),
 (4429,73,36,22,97,100,52),
 (4430,73,36,23,0,0,52),
 (4431,73,36,24,107,60,52),
 (4432,73,36,25,113,60,52),
 (4433,33,20,1,3,100,32),
 (4434,33,20,2,4,100,32),
 (4435,33,20,3,12,100,32),
 (4436,33,20,4,44,100,32),
 (4437,33,20,6,25,100,32),
 (4438,33,20,7,30,100,32),
 (4439,33,20,11,19,100,32),
 (4440,33,20,12,52,100,32),
 (4441,33,20,14,58,80,32),
 (4442,33,20,15,61,60,32),
 (4443,33,20,16,67,60,32),
 (4444,33,20,17,71,100,32),
 (4445,33,20,18,77,60,32),
 (4446,33,20,19,82,40,32),
 (4447,33,20,20,87,80,32),
 (4448,33,20,21,92,100,32),
 (4449,33,20,22,96,80,32),
 (4450,33,20,23,0,0,32),
 (4451,33,20,24,109,100,32),
 (4452,33,20,25,112,100,32),
 (4453,81,39,1,3,100,39),
 (4454,81,39,2,6,60,39),
 (4455,81,39,3,11,100,39),
 (4456,81,39,4,43,100,39),
 (4457,81,39,6,26,100,39),
 (4458,81,39,7,30,80,39),
 (4459,81,39,11,20,80,39),
 (4460,81,39,12,49,100,39),
 (4461,81,39,14,57,60,39),
 (4462,81,39,15,63,60,39),
 (4463,81,39,16,66,60,39),
 (4464,81,39,17,73,60,39),
 (4465,81,39,18,77,60,39),
 (4466,81,39,19,83,60,39),
 (4467,81,39,20,88,80,39),
 (4468,81,39,21,93,60,39),
 (4469,81,39,22,98,60,39),
 (4470,81,39,23,0,0,39),
 (4471,81,39,24,106,60,39),
 (4472,81,39,25,111,80,39),
 (4473,29,76,1,2,100,52),
 (4474,29,76,2,7,100,52),
 (4475,29,76,3,11,100,52),
 (4476,29,76,4,43,100,52),
 (4477,29,76,6,24,100,52),
 (4478,29,76,7,31,100,52),
 (4479,29,76,11,18,100,52),
 (4480,29,76,12,49,100,52),
 (4481,29,76,14,56,100,52),
 (4482,29,76,15,63,100,52),
 (4483,29,76,16,66,100,52),
 (4484,29,76,17,73,100,52),
 (4485,29,76,18,76,40,52),
 (4486,29,76,19,82,40,52),
 (4487,29,76,20,88,100,52),
 (4488,29,76,21,91,100,52),
 (4489,29,76,22,98,100,52),
 (4490,29,76,23,0,0,52),
 (4491,29,76,24,106,100,52),
 (4492,29,76,25,111,100,52),
 (4493,78,64,1,2,100,99),
 (4494,78,64,2,8,100,99),
 (4495,78,64,3,11,100,99),
 (4496,78,64,4,43,100,99),
 (4497,78,64,6,27,100,99),
 (4498,78,64,7,28,100,99),
 (4499,78,64,11,21,100,99),
 (4500,78,64,12,48,100,99),
 (4501,78,64,14,59,100,99),
 (4502,78,64,15,64,100,99),
 (4503,78,64,16,65,100,99),
 (4504,78,64,17,74,100,99),
 (4505,78,64,18,79,100,99),
 (4506,78,64,19,84,100,99),
 (4507,78,64,20,89,100,99),
 (4508,78,64,21,94,100,99),
 (4509,78,64,22,99,100,99),
 (4510,78,64,23,0,0,99),
 (4511,78,64,24,105,100,99),
 (4512,78,64,25,110,100,99),
 (4513,29,32,1,3,100,72),
 (4514,29,32,2,7,100,72),
 (4515,29,32,3,12,100,72),
 (4516,29,32,4,44,100,72),
 (4517,29,32,6,26,100,72),
 (4518,29,32,7,29,100,72),
 (4519,29,32,11,20,100,72),
 (4520,29,32,12,49,100,72),
 (4521,29,32,14,58,60,72),
 (4522,29,32,15,63,100,72),
 (4523,29,32,16,67,100,72),
 (4524,29,32,17,73,100,72),
 (4525,29,32,18,76,100,72),
 (4526,29,32,19,83,100,72),
 (4527,29,32,20,88,100,72),
 (4528,29,32,21,93,100,72),
 (4529,29,32,22,98,100,72),
 (4530,29,32,23,0,0,72),
 (4531,29,32,24,106,100,72),
 (4532,29,32,25,111,100,72),
 (4533,89,37,1,2,100,71),
 (4534,89,37,2,5,100,71),
 (4535,89,37,3,12,100,71),
 (4536,89,37,4,44,100,71),
 (4537,89,37,6,25,100,71),
 (4538,89,37,7,32,100,71),
 (4539,89,37,11,20,100,71),
 (4540,89,37,12,51,100,71),
 (4541,89,37,14,58,100,71),
 (4542,89,37,15,61,100,71),
 (4543,89,37,16,67,100,71),
 (4544,89,37,17,71,100,71),
 (4545,89,37,18,78,100,71),
 (4546,89,37,19,81,100,71),
 (4547,89,37,20,86,100,71),
 (4548,89,37,21,93,100,71),
 (4549,89,37,22,96,100,71),
 (4550,89,37,23,0,0,71),
 (4551,89,37,24,108,100,71),
 (4552,89,37,25,113,100,71),
 (4553,68,74,1,3,100,99),
 (4554,68,74,2,7,100,99),
 (4555,68,74,3,11,100,99),
 (4556,68,74,4,43,100,99),
 (4557,68,74,6,26,100,99),
 (4558,68,74,7,31,100,99),
 (4559,68,74,11,18,100,99),
 (4560,68,74,12,51,100,99),
 (4561,68,74,14,56,100,99),
 (4562,68,74,15,60,100,99),
 (4563,68,74,16,67,100,99),
 (4564,68,74,17,71,100,99),
 (4565,68,74,18,77,100,99),
 (4566,68,74,19,81,100,99),
 (4567,68,74,20,85,100,99),
 (4568,68,74,21,91,100,99),
 (4569,68,74,22,96,100,99),
 (4570,68,74,23,0,0,99),
 (4571,68,74,24,108,100,99),
 (4572,68,74,25,114,100,99),
 (4573,18,34,1,3,100,99),
 (4574,18,34,2,6,100,99),
 (4575,18,34,3,12,100,99),
 (4576,18,34,4,44,100,99),
 (4577,18,34,6,25,100,99),
 (4578,18,34,7,29,80,99),
 (4579,18,34,11,19,80,99),
 (4580,18,34,12,50,60,99),
 (4581,18,34,14,57,60,99),
 (4582,18,34,15,62,60,99),
 (4583,18,34,16,66,60,99),
 (4584,18,34,17,72,60,99),
 (4585,18,34,18,77,60,99),
 (4586,18,34,19,82,60,99),
 (4587,18,34,20,87,60,99),
 (4588,18,34,21,92,40,99),
 (4589,18,34,22,97,80,99),
 (4590,18,34,23,0,0,99),
 (4591,18,34,24,107,80,99),
 (4592,18,34,25,112,40,99),
 (4593,3,69,1,3,100,39),
 (4594,3,69,2,8,100,39),
 (4595,3,69,3,12,100,39),
 (4596,3,69,4,44,100,39),
 (4597,3,69,6,24,100,39),
 (4598,3,69,7,30,100,39),
 (4599,3,69,11,21,100,39),
 (4600,3,69,12,49,100,39),
 (4601,3,69,14,56,100,39),
 (4602,3,69,15,63,100,39),
 (4603,3,69,16,65,100,39),
 (4604,3,69,17,73,100,39),
 (4605,3,69,18,79,100,39),
 (4606,3,69,19,83,100,39),
 (4607,3,69,20,88,100,39),
 (4608,3,69,21,94,100,39),
 (4609,3,69,22,99,100,39),
 (4610,3,69,23,0,0,39),
 (4611,3,69,24,105,100,39),
 (4612,3,69,25,110,100,39),
 (4613,20,67,1,3,100,71),
 (4614,20,67,2,7,100,71),
 (4615,20,67,3,11,100,71),
 (4616,20,67,4,43,100,71),
 (4617,20,67,6,23,100,71),
 (4618,20,67,7,31,100,71),
 (4619,20,67,11,20,100,71),
 (4620,20,67,12,49,100,71),
 (4621,20,67,14,57,40,71),
 (4622,20,67,15,62,40,71),
 (4623,20,67,16,66,40,71),
 (4624,20,67,17,73,80,71),
 (4625,20,67,18,78,80,71),
 (4626,20,67,19,83,80,71),
 (4627,20,67,20,88,80,71),
 (4628,20,67,21,93,80,71),
 (4629,20,67,22,97,80,71),
 (4630,20,67,23,0,0,71),
 (4631,20,67,24,106,100,71),
 (4632,20,67,25,111,100,71),
 (4633,28,30,1,2,100,32),
 (4634,28,30,2,7,100,32),
 (4635,28,30,3,12,100,32),
 (4636,28,30,4,44,100,32),
 (4637,28,30,6,27,100,32),
 (4638,28,30,7,28,100,32),
 (4639,28,30,11,21,100,32),
 (4640,28,30,12,49,100,32),
 (4641,28,30,14,56,100,32),
 (4642,28,30,15,63,100,32),
 (4643,28,30,16,67,100,32),
 (4644,28,30,17,73,100,32),
 (4645,28,30,18,78,100,32),
 (4646,28,30,19,83,100,32),
 (4647,28,30,20,86,100,32),
 (4648,28,30,21,93,100,32),
 (4649,28,30,22,98,100,32),
 (4650,28,30,23,0,0,32),
 (4651,28,30,24,107,100,32),
 (4652,28,30,25,111,100,32),
 (4653,8,65,1,2,100,16),
 (4654,8,65,2,4,100,16),
 (4655,8,65,3,12,100,16),
 (4656,8,65,4,44,100,16),
 (4657,8,65,6,27,100,16),
 (4658,8,65,7,29,100,16),
 (4659,8,65,11,20,100,16),
 (4660,8,65,12,51,100,16),
 (4661,8,65,14,58,100,16),
 (4662,8,65,15,61,100,16),
 (4663,8,65,16,67,100,16),
 (4664,8,65,17,71,100,16),
 (4665,8,65,18,78,100,16),
 (4666,8,65,19,81,100,16),
 (4667,8,65,20,86,100,16),
 (4668,8,65,21,93,100,16),
 (4669,8,65,22,96,100,16),
 (4670,8,65,23,0,0,16),
 (4671,8,65,24,108,100,16),
 (4672,8,65,25,110,100,16),
 (4673,45,70,1,3,100,32),
 (4674,45,70,2,5,40,32),
 (4675,45,70,3,11,100,32),
 (4676,45,70,4,43,100,32),
 (4677,45,70,6,24,100,32),
 (4678,45,70,7,31,60,32),
 (4679,45,70,11,20,40,32),
 (4680,45,70,12,50,40,32),
 (4681,45,70,14,57,40,32),
 (4682,45,70,15,63,20,32),
 (4683,45,70,16,66,40,32),
 (4684,45,70,17,73,40,32),
 (4685,45,70,18,76,40,32),
 (4686,45,70,19,83,40,32),
 (4687,45,70,20,87,60,32),
 (4688,45,70,21,91,60,32),
 (4689,45,70,22,97,40,32),
 (4690,45,70,23,0,0,32),
 (4691,45,70,24,106,20,32),
 (4692,45,70,25,112,60,32),
 (4693,91,42,1,3,100,72),
 (4694,91,42,2,6,100,72),
 (4695,91,42,3,12,100,72),
 (4696,91,42,4,44,100,72),
 (4697,91,42,6,25,100,72),
 (4698,91,42,7,29,100,72),
 (4699,91,42,11,20,100,72),
 (4700,91,42,12,49,100,72),
 (4701,91,42,14,57,100,72),
 (4702,91,42,15,62,100,72),
 (4703,91,42,16,67,100,72),
 (4704,91,42,17,72,100,72),
 (4705,91,42,18,77,100,72),
 (4706,91,42,19,82,100,72),
 (4707,91,42,20,88,100,72),
 (4708,91,42,21,93,100,72),
 (4709,91,42,22,96,100,72),
 (4710,91,42,23,0,0,72),
 (4711,91,42,24,107,100,72),
 (4712,91,42,25,112,100,72),
 (4713,45,62,1,3,100,72),
 (4714,45,62,2,5,100,72),
 (4715,45,62,3,11,100,72),
 (4716,45,62,4,43,100,72),
 (4717,45,62,6,23,100,72),
 (4718,45,62,7,31,100,72),
 (4719,45,62,11,20,100,72),
 (4720,45,62,12,49,100,72),
 (4721,45,62,14,57,100,72),
 (4722,45,62,15,63,100,72),
 (4723,45,62,16,66,100,72),
 (4724,45,62,17,73,100,72),
 (4725,45,62,18,78,100,72),
 (4726,45,62,19,82,100,72),
 (4727,45,62,20,88,100,72),
 (4728,45,62,21,93,100,72),
 (4729,45,62,22,97,100,72),
 (4730,45,62,23,0,0,72),
 (4731,45,62,24,106,100,72),
 (4732,45,62,25,111,100,72),
 (4733,43,43,1,2,100,7),
 (4734,43,43,2,6,40,7),
 (4735,43,43,3,11,100,7),
 (4736,43,43,4,43,100,7),
 (4737,43,43,6,25,100,7),
 (4738,43,43,7,30,100,7),
 (4739,43,43,11,20,60,7),
 (4740,43,43,12,50,80,7),
 (4741,43,43,14,58,100,7),
 (4742,43,43,15,61,80,7),
 (4743,43,43,16,65,100,7),
 (4744,43,43,17,72,40,7),
 (4745,43,43,18,77,100,7),
 (4746,43,43,19,81,60,7),
 (4747,43,43,20,87,60,7),
 (4748,43,43,21,93,80,7),
 (4749,43,43,22,96,60,7),
 (4750,43,43,23,0,0,7),
 (4751,43,43,24,107,60,7),
 (4752,43,43,25,113,100,7),
 (4753,18,61,1,3,100,10),
 (4754,18,61,2,7,100,10),
 (4755,18,61,3,11,100,10),
 (4756,18,61,4,43,100,10),
 (4757,18,61,6,24,100,10),
 (4758,18,61,7,29,100,10),
 (4759,18,61,11,19,100,10),
 (4760,18,61,12,51,100,10),
 (4761,18,61,14,57,60,10),
 (4762,18,61,15,62,60,10),
 (4763,18,61,16,67,100,10),
 (4764,18,61,17,71,100,10),
 (4765,18,61,18,77,100,10),
 (4766,18,61,19,82,80,10),
 (4767,18,61,20,87,80,10),
 (4768,18,61,21,93,100,10),
 (4769,18,61,22,98,40,10),
 (4770,18,61,23,0,0,10),
 (4771,18,61,24,107,40,10),
 (4772,18,61,25,113,100,10),
 (4773,68,38,1,3,100,104),
 (4774,68,38,2,5,100,104),
 (4775,68,38,3,12,100,104),
 (4776,68,38,4,44,100,104),
 (4777,68,38,6,26,100,104),
 (4778,68,38,7,30,100,104),
 (4779,68,38,11,18,100,104),
 (4780,68,38,12,50,100,104),
 (4781,68,38,14,57,100,104),
 (4782,68,38,15,62,100,104),
 (4783,68,38,16,65,100,104),
 (4784,68,38,17,71,100,104),
 (4785,68,38,18,77,100,104),
 (4786,68,38,19,82,100,104),
 (4787,68,38,20,87,100,104),
 (4788,68,38,21,91,100,104),
 (4789,68,38,22,97,100,104),
 (4790,68,38,23,0,0,104),
 (4791,68,38,24,107,100,104),
 (4792,68,38,25,112,100,104),
 (4793,73,63,1,2,100,7),
 (4794,73,63,2,5,100,7),
 (4795,73,63,3,11,100,7),
 (4796,73,63,4,43,100,7),
 (4797,73,63,6,26,100,7),
 (4798,73,63,7,30,100,7),
 (4799,73,63,11,18,100,7),
 (4800,73,63,12,51,100,7),
 (4801,73,63,14,57,100,7),
 (4802,73,63,15,62,100,7),
 (4803,73,63,16,65,100,7),
 (4804,73,63,17,73,100,7),
 (4805,73,63,18,76,100,7),
 (4806,73,63,19,81,100,7),
 (4807,73,63,20,87,100,7),
 (4808,73,63,21,91,100,7),
 (4809,73,63,22,96,100,7),
 (4810,73,63,23,0,0,7),
 (4811,73,63,24,108,100,7),
 (4812,73,63,25,113,100,7),
 (4813,66,41,1,3,100,10),
 (4814,66,41,2,6,100,10),
 (4815,66,41,3,12,100,10),
 (4816,66,41,4,44,100,10),
 (4817,66,41,6,26,100,10),
 (4818,66,41,7,28,100,10),
 (4819,66,41,11,18,100,10),
 (4820,66,41,12,49,100,10),
 (4821,66,41,14,58,100,10),
 (4822,66,41,15,62,100,10),
 (4823,66,41,16,67,100,10),
 (4824,66,41,17,72,100,10),
 (4825,66,41,18,76,100,10),
 (4826,66,41,19,82,100,10),
 (4827,66,41,20,88,100,10),
 (4828,66,41,21,92,80,10),
 (4829,66,41,22,97,100,10),
 (4830,66,41,23,0,0,10),
 (4831,66,41,24,106,100,10),
 (4832,66,41,25,112,100,10),
 (4833,19,75,1,3,100,16),
 (4834,19,75,2,6,100,16),
 (4835,19,75,3,12,100,16),
 (4836,19,75,4,44,100,16),
 (4837,19,75,6,26,100,16),
 (4838,19,75,7,31,40,16),
 (4839,19,75,11,18,100,16),
 (4840,19,75,12,51,100,16),
 (4841,19,75,14,56,60,16),
 (4842,19,75,15,62,80,16),
 (4843,19,75,16,65,80,16),
 (4844,19,75,17,71,80,16),
 (4845,19,75,18,77,80,16),
 (4846,19,75,19,82,80,16),
 (4847,19,75,20,86,100,16),
 (4848,19,75,21,92,80,16),
 (4849,19,75,22,96,40,16),
 (4850,19,75,23,0,0,16),
 (4851,19,75,24,107,60,16),
 (4852,19,75,25,113,80,16),
 (4853,68,29,1,3,100,39),
 (4854,68,29,2,5,100,39),
 (4855,68,29,3,12,100,39),
 (4856,68,29,4,44,100,39),
 (4857,68,29,6,24,100,39),
 (4858,68,29,7,31,80,39),
 (4859,68,29,11,18,100,39),
 (4860,68,29,12,51,100,39),
 (4861,68,29,14,56,80,39),
 (4862,68,29,15,62,80,39),
 (4863,68,29,16,65,80,39),
 (4864,68,29,17,71,80,39),
 (4865,68,29,18,76,100,39),
 (4866,68,29,19,81,80,39),
 (4867,68,29,20,86,100,39),
 (4868,68,29,21,91,100,39),
 (4869,68,29,22,96,80,39),
 (4870,68,29,23,0,0,39),
 (4871,68,29,24,108,80,39),
 (4872,68,29,25,113,80,39),
 (4873,18,25,1,3,100,16),
 (4874,18,25,2,7,40,16),
 (4875,18,25,3,11,60,16),
 (4876,18,25,4,44,40,16),
 (4877,18,25,6,24,100,16),
 (4878,18,25,7,28,100,16),
 (4879,18,25,11,18,80,16),
 (4880,18,25,12,51,100,16),
 (4881,18,25,14,58,100,16),
 (4882,18,25,15,61,100,16),
 (4883,18,25,16,67,100,16),
 (4884,18,25,17,72,80,16),
 (4885,18,25,18,76,100,16),
 (4886,18,25,19,82,80,16),
 (4887,18,25,20,86,80,16),
 (4888,18,25,21,92,100,16),
 (4889,18,25,22,96,80,16),
 (4890,18,25,23,0,0,16),
 (4891,18,25,24,108,100,16),
 (4892,18,25,25,113,60,16),
 (4893,60,69,1,3,100,39),
 (4894,60,69,2,5,100,39),
 (4895,60,69,3,12,100,39),
 (4896,60,69,4,44,100,39),
 (4897,60,69,6,25,100,39),
 (4898,60,69,7,28,100,39),
 (4899,60,69,11,17,100,39),
 (4900,60,69,12,51,100,39),
 (4901,60,69,14,58,100,39),
 (4902,60,69,15,61,100,39),
 (4903,60,69,16,66,100,39),
 (4904,60,69,17,71,100,39),
 (4905,60,69,18,76,100,39),
 (4906,60,69,19,81,60,39),
 (4907,60,69,20,86,100,39),
 (4908,60,69,21,91,100,39),
 (4909,60,69,22,96,100,39),
 (4910,60,69,23,0,0,39),
 (4911,60,69,24,108,100,39),
 (4912,60,69,25,113,100,39),
 (4913,59,36,1,2,100,52),
 (4914,59,36,2,6,40,52),
 (4915,59,36,3,11,100,52),
 (4916,59,36,4,43,100,52),
 (4917,59,36,6,23,100,52),
 (4918,59,36,7,28,100,52),
 (4919,59,36,11,18,100,52),
 (4920,59,36,12,51,100,52),
 (4921,59,36,14,56,100,52),
 (4922,59,36,15,62,60,52),
 (4923,59,36,16,67,100,52),
 (4924,59,36,17,71,80,52),
 (4925,59,36,18,76,100,52),
 (4926,59,36,19,82,100,52),
 (4927,59,36,20,86,100,52),
 (4928,59,36,21,91,100,52),
 (4929,59,36,22,96,60,52),
 (4930,59,36,23,0,0,52),
 (4931,59,36,24,108,100,52),
 (4932,59,36,25,113,100,52),
 (4933,84,35,1,3,80,16),
 (4934,84,35,2,6,80,16),
 (4935,84,35,3,12,100,16),
 (4936,84,35,4,44,100,16),
 (4937,84,35,6,26,80,16),
 (4938,84,35,7,31,60,16),
 (4939,84,35,11,20,80,16),
 (4940,84,35,12,49,60,16),
 (4941,84,35,14,58,60,16),
 (4942,84,35,15,62,60,16),
 (4943,84,35,16,65,60,16),
 (4944,84,35,17,73,40,16),
 (4945,84,35,18,76,40,16),
 (4946,84,35,19,82,40,16),
 (4947,84,35,20,87,40,16),
 (4948,84,35,21,92,40,16),
 (4949,84,35,22,98,40,16),
 (4950,84,35,23,0,0,16),
 (4951,84,35,24,106,60,16),
 (4952,84,35,25,111,40,16),
 (4953,84,71,1,3,100,10),
 (4954,84,71,2,7,40,10),
 (4955,84,71,3,12,40,10),
 (4956,84,71,4,44,40,10),
 (4957,84,71,6,26,60,10),
 (4958,84,71,7,30,40,10),
 (4959,84,71,11,19,40,10),
 (4960,84,71,12,49,40,10),
 (4961,84,71,14,58,20,10),
 (4962,84,71,15,62,40,10),
 (4963,84,71,16,67,40,10),
 (4964,84,71,17,73,20,10),
 (4965,84,71,18,77,20,10),
 (4966,84,71,19,83,20,10),
 (4967,84,71,20,87,0,10),
 (4968,84,71,21,93,40,10),
 (4969,84,71,22,98,40,10),
 (4970,84,71,23,0,0,10),
 (4971,84,71,24,106,20,10),
 (4972,84,71,25,111,40,10),
 (4973,20,32,1,2,100,72),
 (4974,20,32,2,7,100,72),
 (4975,20,32,3,11,100,72),
 (4976,20,32,4,43,100,72),
 (4977,20,32,6,24,100,72),
 (4978,20,32,7,28,100,72),
 (4979,20,32,11,20,100,72),
 (4980,20,32,12,48,100,72),
 (4981,20,32,14,58,100,72),
 (4982,20,32,15,63,100,72),
 (4983,20,32,16,67,100,72),
 (4984,20,32,17,73,100,72),
 (4985,20,32,18,78,100,72),
 (4986,20,32,19,83,100,72),
 (4987,20,32,20,88,100,72),
 (4988,20,32,21,93,100,72),
 (4989,20,32,22,99,100,72),
 (4990,20,32,23,0,0,72),
 (4991,20,32,24,105,100,72),
 (4992,20,32,25,110,100,72),
 (4993,68,21,1,3,100,10),
 (4994,68,21,2,7,100,10),
 (4995,68,21,3,12,100,10),
 (4996,68,21,4,44,100,10),
 (4997,68,21,6,25,100,10),
 (4998,68,21,7,30,100,10),
 (4999,68,21,11,17,100,10),
 (5000,68,21,12,52,100,10),
 (5001,68,21,14,56,80,10),
 (5002,68,21,15,62,60,10),
 (5003,68,21,16,65,100,10),
 (5004,68,21,17,71,100,10),
 (5005,68,21,18,76,60,10),
 (5006,68,21,19,81,80,10),
 (5007,68,21,20,86,100,10),
 (5008,68,21,21,91,100,10),
 (5009,68,21,22,96,100,10),
 (5010,68,21,23,0,0,10),
 (5011,68,21,24,108,100,10),
 (5012,68,21,25,113,80,10),
 (5013,33,74,1,3,100,99),
 (5014,33,74,2,5,100,99),
 (5015,33,74,3,11,100,99),
 (5016,33,74,4,43,100,99),
 (5017,33,74,6,26,100,99),
 (5018,33,74,7,31,100,99),
 (5019,33,74,11,19,100,99),
 (5020,33,74,12,51,100,99),
 (5021,33,74,14,57,100,99),
 (5022,33,74,15,61,100,99),
 (5023,33,74,16,66,100,99),
 (5024,33,74,17,71,100,99),
 (5025,33,74,18,78,100,99),
 (5026,33,74,19,81,100,99),
 (5027,33,74,20,86,100,99),
 (5028,33,74,21,93,100,99),
 (5029,33,74,22,96,100,99),
 (5030,33,74,23,0,0,99),
 (5031,33,74,24,109,100,99),
 (5032,33,74,25,113,100,99),
 (5033,8,20,1,2,100,32),
 (5034,8,20,2,4,100,32),
 (5035,8,20,3,12,100,32),
 (5036,8,20,4,44,100,32),
 (5037,8,20,6,27,100,32),
 (5038,8,20,7,29,100,32),
 (5039,8,20,11,20,100,32),
 (5040,8,20,12,51,100,32),
 (5041,8,20,14,58,80,32),
 (5042,8,20,15,62,80,32),
 (5043,8,20,16,66,80,32),
 (5044,8,20,17,71,100,32),
 (5045,8,20,18,77,100,32),
 (5046,8,20,19,81,100,32),
 (5047,8,20,20,86,100,32),
 (5048,8,20,21,92,40,32),
 (5049,8,20,22,96,60,32),
 (5050,8,20,23,0,0,32),
 (5051,8,20,24,109,100,32),
 (5052,8,20,25,112,60,32),
 (5053,73,72,1,3,100,72),
 (5054,73,72,2,7,100,72),
 (5055,73,72,3,12,20,72),
 (5056,73,72,4,44,100,72),
 (5057,73,72,6,25,40,72),
 (5058,73,72,7,29,100,72),
 (5059,73,72,11,20,40,72),
 (5060,73,72,12,49,40,72),
 (5061,73,72,14,56,40,72),
 (5062,73,72,15,63,40,72),
 (5063,73,72,16,67,20,72),
 (5064,73,72,17,73,20,72),
 (5065,73,72,18,77,40,72),
 (5066,73,72,19,83,20,72),
 (5067,73,72,20,88,20,72),
 (5068,73,72,21,93,40,72),
 (5069,73,72,22,97,20,72),
 (5070,73,72,23,0,0,72),
 (5071,73,72,24,106,20,72),
 (5072,73,72,25,112,40,72),
 (5073,55,64,1,3,100,99),
 (5074,55,64,2,7,100,99),
 (5075,55,64,3,11,100,99),
 (5076,55,64,4,43,100,99),
 (5077,55,64,6,26,100,99),
 (5078,55,64,7,31,100,99),
 (5079,55,64,11,18,100,99),
 (5080,55,64,12,49,80,99),
 (5081,55,64,14,56,80,99),
 (5082,55,64,15,63,60,99),
 (5083,55,64,16,67,80,99),
 (5084,55,64,17,73,60,99),
 (5085,55,64,18,78,60,99),
 (5086,55,64,19,83,80,99),
 (5087,55,64,20,88,60,99),
 (5088,55,64,21,91,80,99),
 (5089,55,64,22,98,40,99),
 (5090,55,64,23,0,0,99),
 (5091,55,64,24,106,60,99),
 (5092,55,64,25,111,60,99),
 (5093,38,30,1,3,100,32),
 (5094,38,30,2,7,100,32),
 (5095,38,30,3,12,100,32),
 (5096,38,30,4,44,100,32),
 (5097,38,30,6,26,100,32),
 (5098,38,30,7,31,100,32),
 (5099,38,30,11,19,100,32),
 (5100,38,30,12,50,100,32),
 (5101,38,30,14,58,100,32),
 (5102,38,30,15,63,100,32),
 (5103,38,30,16,67,100,32),
 (5104,38,30,17,72,100,32),
 (5105,38,30,18,76,100,32),
 (5106,38,30,19,83,100,32),
 (5107,38,30,20,87,100,32),
 (5108,38,30,21,92,100,32),
 (5109,38,30,22,98,100,32),
 (5110,38,30,23,0,0,32),
 (5111,38,30,24,106,100,32),
 (5112,38,30,25,110,100,32),
 (5113,20,76,1,3,100,52),
 (5114,20,76,2,7,100,52),
 (5115,20,76,3,11,100,52),
 (5116,20,76,4,43,100,52),
 (5117,20,76,6,23,100,52),
 (5118,20,76,7,31,100,52),
 (5119,20,76,11,19,100,52),
 (5120,20,76,12,49,100,52),
 (5121,20,76,14,57,20,52),
 (5122,20,76,15,63,60,52),
 (5123,20,76,16,65,20,52),
 (5124,20,76,17,73,100,52),
 (5125,20,76,18,77,40,52),
 (5126,20,76,19,83,40,52),
 (5127,20,76,20,88,100,52),
 (5128,20,76,21,93,60,52),
 (5129,20,76,22,98,100,52),
 (5130,20,76,23,0,0,52),
 (5131,20,76,24,106,100,52),
 (5132,20,76,25,110,100,52),
 (5133,3,34,1,3,100,99),
 (5134,3,34,2,8,100,99),
 (5135,3,34,3,11,100,99),
 (5136,3,34,4,43,100,99),
 (5137,3,34,6,26,100,99),
 (5138,3,34,7,30,60,99),
 (5139,3,34,11,21,100,99),
 (5140,3,34,12,48,100,99),
 (5141,3,34,14,58,80,99),
 (5142,3,34,15,63,80,99),
 (5143,3,34,16,65,80,99),
 (5144,3,34,17,73,100,99),
 (5145,3,34,18,79,100,99),
 (5146,3,34,19,84,100,99),
 (5147,3,34,20,89,100,99),
 (5148,3,34,21,94,100,99),
 (5149,3,34,22,99,100,99),
 (5150,3,34,23,0,0,99),
 (5151,3,34,24,105,100,99),
 (5152,3,34,25,110,100,99),
 (5153,56,73,1,2,100,7),
 (5154,56,73,2,8,100,7),
 (5155,56,73,3,12,100,7),
 (5156,56,73,4,44,100,7),
 (5157,56,73,6,26,100,7),
 (5158,56,73,7,31,100,7),
 (5159,56,73,11,20,100,7),
 (5160,56,73,12,49,100,7),
 (5161,56,73,14,58,100,7),
 (5162,56,73,15,62,100,7),
 (5163,56,73,16,66,100,7),
 (5164,56,73,17,73,100,7),
 (5165,56,73,18,78,100,7),
 (5166,56,73,19,83,100,7),
 (5167,56,73,20,88,100,7),
 (5168,56,73,21,93,100,7),
 (5169,56,73,22,98,100,7),
 (5170,56,73,23,0,0,7),
 (5171,56,73,24,106,100,7),
 (5172,56,73,25,111,100,7),
 (5173,19,39,1,3,100,39),
 (5174,19,39,2,7,40,39),
 (5175,19,39,3,12,100,39),
 (5176,19,39,4,44,100,39),
 (5177,19,39,6,25,80,39),
 (5178,19,39,7,29,80,39),
 (5179,19,39,11,20,80,39),
 (5180,19,39,12,49,80,39),
 (5181,19,39,14,57,80,39),
 (5182,19,39,15,62,80,39),
 (5183,19,39,16,65,80,39),
 (5184,19,39,17,73,80,39),
 (5185,19,39,18,77,60,39),
 (5186,19,39,19,82,80,39),
 (5187,19,39,20,88,60,39),
 (5188,19,39,21,92,40,39),
 (5189,19,39,22,97,40,39),
 (5190,19,39,23,0,0,39),
 (5191,19,39,24,106,40,39),
 (5192,19,39,25,111,60,39),
 (5193,29,23,1,2,100,7),
 (5194,29,23,2,7,100,7),
 (5195,29,23,3,11,100,7),
 (5196,29,23,4,43,100,7),
 (5197,29,23,6,25,100,7),
 (5198,29,23,7,31,100,7),
 (5199,29,23,11,18,100,7),
 (5200,29,23,12,51,100,7),
 (5201,29,23,14,58,100,7),
 (5202,29,23,15,64,60,7),
 (5203,29,23,16,66,100,7),
 (5204,29,23,17,73,100,7),
 (5205,29,23,18,77,40,7),
 (5206,29,23,19,82,60,7),
 (5207,29,23,20,88,80,7),
 (5208,29,23,21,92,100,7),
 (5209,29,23,22,98,100,7),
 (5210,29,23,23,0,0,7),
 (5211,29,23,24,106,100,7),
 (5212,29,23,25,113,100,7),
 (5213,84,26,1,2,100,52),
 (5214,84,26,2,5,80,52),
 (5215,84,26,3,12,100,52),
 (5216,84,26,4,44,100,52),
 (5217,84,26,6,23,100,52),
 (5218,84,26,7,29,100,52),
 (5219,84,26,11,18,80,52),
 (5220,84,26,12,50,40,52),
 (5221,84,26,14,57,80,52),
 (5222,84,26,15,62,60,52),
 (5223,84,26,16,66,80,52),
 (5224,84,26,17,72,80,52),
 (5225,84,26,18,78,40,52),
 (5226,84,26,19,81,60,52),
 (5227,84,26,20,88,40,52),
 (5228,84,26,21,91,40,52),
 (5229,84,26,22,97,80,52),
 (5230,84,26,23,0,0,52),
 (5231,84,26,24,107,80,52),
 (5232,84,26,25,112,100,52),
 (5233,23,70,1,3,100,32),
 (5234,23,70,2,5,60,32),
 (5235,23,70,3,11,100,32),
 (5236,23,70,4,43,100,32),
 (5237,23,70,6,24,60,32),
 (5238,23,70,7,31,60,32),
 (5239,23,70,11,19,60,32),
 (5240,23,70,12,49,40,32),
 (5241,23,70,14,58,20,32),
 (5242,23,70,15,62,40,32),
 (5243,23,70,16,67,60,32),
 (5244,23,70,17,73,60,32),
 (5245,23,70,18,76,20,32),
 (5246,23,70,19,83,60,32),
 (5247,23,70,20,88,60,32),
 (5248,23,70,21,92,60,32),
 (5249,23,70,22,97,40,32),
 (5250,23,70,23,0,0,32),
 (5251,23,70,24,106,60,32),
 (5252,23,70,25,111,60,32),
 (5253,59,63,1,2,100,7),
 (5254,59,63,2,5,100,7),
 (5255,59,63,3,11,100,7),
 (5256,59,63,4,43,100,7),
 (5257,59,63,6,25,100,7),
 (5258,59,63,7,29,100,7),
 (5259,59,63,11,19,100,7),
 (5260,59,63,12,51,100,7),
 (5261,59,63,14,57,100,7),
 (5262,59,63,15,61,100,7),
 (5263,59,63,16,66,100,7),
 (5264,59,63,17,72,100,7),
 (5265,59,63,18,77,100,7),
 (5266,59,63,19,81,100,7),
 (5267,59,63,20,87,100,7),
 (5268,59,63,21,92,100,7),
 (5269,59,63,22,96,100,7),
 (5270,59,63,23,0,0,7),
 (5271,59,63,24,108,100,7),
 (5272,59,63,25,113,100,7),
 (5273,56,19,1,3,100,39),
 (5274,56,19,2,8,100,39),
 (5275,56,19,3,12,100,39),
 (5276,56,19,4,44,100,39),
 (5277,56,19,6,25,100,39),
 (5278,56,19,7,30,100,39),
 (5279,56,19,11,21,100,39),
 (5280,56,19,12,48,100,39),
 (5281,56,19,14,57,100,39),
 (5282,56,19,15,63,100,39),
 (5283,56,19,16,66,100,39),
 (5284,56,19,17,74,100,39),
 (5285,56,19,18,78,100,39),
 (5286,56,19,19,84,100,39),
 (5287,56,19,20,88,100,39),
 (5288,56,19,21,93,100,39),
 (5289,56,19,22,98,100,39),
 (5290,56,19,23,0,0,39),
 (5291,56,19,24,106,100,39),
 (5292,56,19,25,111,100,39),
 (5293,3,25,1,3,100,16),
 (5294,3,25,2,8,100,16),
 (5295,3,25,3,12,100,16),
 (5296,3,25,4,44,100,16),
 (5297,3,25,6,25,100,16),
 (5298,3,25,7,30,60,16),
 (5299,3,25,11,21,100,16),
 (5300,3,25,12,48,100,16),
 (5301,3,25,14,58,100,16),
 (5302,3,25,15,63,100,16),
 (5303,3,25,16,67,60,16),
 (5304,3,25,17,74,100,16),
 (5305,3,25,18,79,100,16),
 (5306,3,25,19,83,100,16),
 (5307,3,25,20,89,100,16),
 (5308,3,25,21,94,100,16),
 (5309,3,25,22,99,100,16),
 (5310,3,25,23,0,0,16),
 (5311,3,25,24,105,100,16),
 (5312,3,25,25,110,100,16),
 (5313,33,38,1,3,100,104),
 (5314,33,38,2,5,100,104),
 (5315,33,38,3,12,100,104),
 (5316,33,38,4,44,100,104),
 (5317,33,38,6,26,100,104),
 (5318,33,38,7,29,100,104),
 (5319,33,38,11,20,100,104),
 (5320,33,38,12,51,100,104),
 (5321,33,38,14,58,100,104),
 (5322,33,38,15,61,100,104),
 (5323,33,38,16,66,100,104),
 (5324,33,38,17,71,100,104),
 (5325,33,38,18,77,100,104),
 (5326,33,38,19,82,100,104),
 (5327,33,38,20,86,100,104),
 (5328,33,38,21,92,100,104),
 (5329,33,38,22,96,100,104),
 (5330,33,38,23,0,0,104),
 (5331,33,38,24,108,100,104),
 (5332,33,38,25,111,100,104),
 (5333,66,67,1,2,100,71),
 (5334,66,67,2,6,60,71),
 (5335,66,67,3,12,100,71),
 (5336,66,67,4,44,100,71),
 (5337,66,67,6,25,100,71),
 (5338,66,67,7,30,60,71),
 (5339,66,67,11,19,80,71),
 (5340,66,67,12,51,100,71),
 (5341,66,67,14,58,80,71),
 (5342,66,67,15,61,60,71),
 (5343,66,67,16,65,100,71),
 (5344,66,67,17,71,100,71),
 (5345,66,67,18,76,100,71),
 (5346,66,67,19,81,100,71),
 (5347,66,67,20,86,40,71),
 (5348,66,67,21,92,40,71),
 (5349,66,67,22,96,80,71),
 (5350,66,67,23,0,0,71),
 (5351,66,67,24,108,80,71),
 (5352,66,67,25,113,100,71),
 (5353,3,61,1,3,100,10),
 (5354,3,61,2,8,100,10),
 (5355,3,61,3,12,100,10),
 (5356,3,61,4,44,100,10),
 (5357,3,61,6,26,60,10),
 (5358,3,61,7,30,100,10),
 (5359,3,61,11,21,100,10),
 (5360,3,61,12,48,100,10),
 (5361,3,61,14,58,100,10),
 (5362,3,61,15,62,40,10),
 (5363,3,61,16,65,100,10),
 (5364,3,61,17,73,100,10),
 (5365,3,61,18,78,100,10),
 (5366,3,61,19,84,100,10),
 (5367,3,61,20,88,100,10),
 (5368,3,61,21,93,100,10),
 (5369,3,61,22,99,100,10),
 (5370,3,61,23,0,0,10),
 (5371,3,61,24,105,100,10),
 (5372,3,61,25,111,100,10),
 (5373,8,74,1,2,100,99),
 (5374,8,74,2,5,100,99),
 (5375,8,74,3,11,100,99),
 (5376,8,74,4,43,100,99),
 (5377,8,74,6,27,100,99),
 (5378,8,74,7,29,100,99),
 (5379,8,74,11,20,100,99),
 (5380,8,74,12,51,100,99),
 (5381,8,74,14,57,100,99),
 (5382,8,74,15,61,100,99),
 (5383,8,74,16,67,100,99),
 (5384,8,74,17,71,100,99),
 (5385,8,74,18,76,100,99),
 (5386,8,74,19,81,100,99),
 (5387,8,74,20,85,100,99),
 (5388,8,74,21,93,100,99),
 (5389,8,74,22,96,100,99),
 (5390,8,74,23,0,0,99),
 (5391,8,74,24,109,100,99),
 (5392,8,74,25,113,100,99),
 (5393,18,43,1,2,100,7),
 (5394,18,43,2,5,100,7),
 (5395,23,62,1,3,100,72),
 (5396,18,43,3,11,100,7),
 (5397,23,62,2,6,100,72),
 (5398,23,62,3,11,100,72),
 (5399,18,43,4,43,100,7),
 (5400,23,62,4,43,100,72),
 (5401,23,62,6,24,100,72),
 (5402,18,43,6,25,100,7),
 (5403,23,62,7,31,100,72),
 (5404,23,62,11,19,100,72),
 (5405,18,43,7,29,100,7),
 (5406,23,62,12,49,100,72),
 (5407,23,62,14,57,100,72),
 (5408,18,43,11,19,80,7),
 (5409,23,62,15,63,100,72),
 (5410,23,62,16,67,100,72),
 (5411,18,43,12,51,100,7),
 (5412,23,62,17,73,100,72),
 (5413,23,62,18,76,100,72),
 (5414,18,43,14,57,100,7),
 (5415,23,62,19,82,100,72),
 (5416,23,62,20,88,100,72),
 (5417,18,43,15,61,100,7),
 (5418,23,62,21,93,100,72),
 (5419,23,62,22,98,100,72),
 (5420,18,43,16,67,60,7),
 (5421,23,62,23,0,0,72),
 (5422,23,62,24,106,100,72),
 (5423,18,43,17,73,60,7),
 (5424,23,62,25,111,100,72),
 (5425,18,43,18,78,60,7),
 (5426,18,43,19,81,80,7),
 (5427,18,43,20,86,60,7),
 (5428,18,43,21,93,40,7),
 (5429,18,43,22,96,60,7),
 (5430,18,43,23,0,0,7),
 (5431,18,43,24,108,80,7),
 (5432,18,43,25,112,60,7),
 (5433,1,41,1,3,100,10),
 (5434,1,41,2,6,100,10),
 (5435,1,41,3,12,100,10),
 (5436,1,41,4,44,100,10),
 (5437,1,41,6,25,100,10),
 (5438,1,41,7,30,100,10),
 (5439,1,41,11,18,100,10),
 (5440,1,41,12,49,60,10),
 (5441,1,41,14,57,100,10),
 (5442,1,41,15,62,40,10),
 (5443,1,41,16,66,100,10),
 (5444,1,41,17,72,100,10),
 (5445,1,41,18,77,100,10),
 (5446,1,41,19,83,100,10),
 (5447,1,41,20,87,100,10),
 (5448,1,41,21,91,100,10),
 (5449,1,41,22,98,100,10),
 (5450,1,41,23,0,0,10),
 (5451,1,41,24,106,100,10),
 (5452,1,41,25,113,100,10),
 (5453,58,66,1,2,100,52),
 (5454,58,66,2,5,80,52),
 (5455,58,66,3,12,100,52),
 (5456,58,66,4,44,100,52),
 (5457,58,66,6,24,100,52),
 (5458,58,66,7,32,100,52),
 (5459,58,66,11,18,100,52),
 (5460,58,66,12,49,100,52),
 (5461,58,66,14,55,100,52),
 (5462,58,66,15,63,100,52),
 (5463,58,66,16,66,40,52),
 (5464,58,66,17,73,100,52),
 (5465,58,66,18,76,100,52),
 (5466,58,66,19,82,80,52),
 (5467,58,66,20,88,100,52),
 (5468,58,66,21,91,100,52),
 (5469,58,66,22,98,40,52),
 (5470,58,66,23,0,0,52),
 (5471,58,66,24,107,40,52),
 (5472,58,66,25,112,40,52),
 (5473,28,75,1,2,100,16),
 (5474,28,75,2,6,100,16),
 (5475,28,75,3,12,100,16),
 (5476,28,75,4,44,100,16),
 (5477,28,75,6,26,100,16),
 (5478,28,75,7,28,100,16),
 (5479,28,75,11,20,60,16),
 (5480,28,75,12,49,100,16),
 (5481,28,75,14,56,100,16),
 (5482,28,75,15,63,100,16),
 (5483,28,75,16,67,100,16),
 (5484,28,75,17,71,100,16),
 (5485,28,75,18,77,100,16),
 (5486,28,75,19,82,100,16),
 (5487,28,75,20,86,100,16),
 (5488,28,75,21,92,60,16),
 (5489,28,75,22,98,60,16),
 (5490,28,75,23,0,0,16),
 (5491,28,75,24,106,80,16),
 (5492,28,75,25,113,40,16),
 (5493,33,29,1,3,100,39),
 (5494,33,29,2,4,100,39),
 (5495,33,29,3,12,100,39),
 (5496,33,29,4,44,100,39),
 (5497,33,29,6,24,100,39),
 (5498,33,29,7,29,100,39),
 (5499,33,29,11,18,100,39),
 (5500,33,29,12,51,100,39),
 (5501,33,29,14,58,80,39),
 (5502,33,29,15,61,80,39),
 (5503,33,29,16,65,80,39),
 (5504,33,29,17,71,80,39),
 (5505,33,29,18,76,80,39),
 (5506,33,29,19,81,80,39),
 (5507,33,29,20,86,100,39),
 (5508,33,29,21,91,60,39),
 (5509,33,29,22,96,80,39),
 (5510,33,29,23,0,0,39),
 (5511,33,29,24,108,100,39),
 (5512,33,29,25,111,80,39),
 (5513,114,24,1,3,100,99),
 (5514,114,24,2,6,100,99),
 (5515,114,24,3,11,100,99),
 (5516,114,24,4,43,100,99),
 (5517,114,24,6,26,100,99),
 (5518,114,24,7,31,100,99),
 (5519,114,24,11,20,80,99),
 (5520,114,24,12,51,80,99),
 (5521,114,24,14,58,60,99),
 (5522,114,24,15,61,60,99),
 (5523,114,24,16,66,60,99),
 (5524,114,24,17,72,60,99),
 (5525,114,24,18,77,80,99),
 (5526,114,24,19,81,60,99),
 (5527,114,24,20,87,60,99),
 (5528,114,24,21,93,60,99),
 (5529,114,24,22,97,80,99),
 (5530,114,24,23,0,0,99),
 (5531,114,24,24,108,80,99),
 (5532,114,24,25,112,60,99),
 (5533,103,65,1,3,100,16),
 (5534,103,65,2,5,100,16),
 (5535,103,65,3,11,100,16),
 (5536,103,65,4,43,100,16),
 (5537,103,65,6,24,100,16),
 (5538,103,65,7,31,100,16),
 (5539,103,65,11,18,100,16),
 (5540,103,65,12,51,80,16),
 (5541,103,65,14,57,60,16),
 (5542,103,65,15,61,60,16),
 (5543,103,65,16,65,100,16),
 (5544,103,65,17,72,100,16),
 (5545,103,65,18,76,100,16),
 (5546,103,65,19,81,100,16),
 (5547,103,65,20,87,100,16),
 (5548,103,65,21,91,100,16),
 (5549,103,65,22,96,60,16),
 (5550,103,65,23,0,0,16),
 (5551,103,65,24,108,100,16),
 (5552,103,65,25,112,40,16),
 (5553,35,36,1,2,100,52),
 (5554,35,36,2,6,60,52),
 (5555,35,36,3,12,100,52),
 (5556,35,36,4,44,100,52),
 (5557,35,36,6,24,80,52),
 (5558,35,36,7,28,100,52),
 (5559,35,36,11,18,100,52),
 (5560,35,36,12,50,60,52),
 (5561,35,36,14,56,100,52),
 (5562,35,36,15,63,60,52),
 (5563,35,36,16,67,100,52),
 (5564,35,36,17,73,60,52),
 (5565,35,36,18,76,100,52),
 (5566,35,36,19,83,80,52),
 (5567,35,36,20,88,60,52),
 (5568,35,36,21,91,100,52),
 (5569,35,36,22,97,60,52),
 (5570,35,36,23,0,0,52),
 (5571,35,36,24,107,80,52),
 (5572,35,36,25,112,80,52),
 (5573,89,64,1,3,100,99),
 (5574,89,64,2,5,100,99),
 (5575,89,64,3,11,100,99),
 (5576,89,64,4,43,100,99),
 (5577,89,64,6,26,100,99),
 (5578,89,64,7,30,100,99),
 (5579,89,64,11,20,60,99),
 (5580,89,64,12,51,100,99),
 (5581,89,64,14,57,60,99),
 (5582,89,64,15,61,80,99),
 (5583,89,64,16,66,60,99),
 (5584,89,64,17,71,60,99),
 (5585,89,64,18,77,60,99),
 (5586,89,64,19,82,60,99),
 (5587,89,64,20,86,60,99),
 (5588,89,64,21,93,60,99),
 (5589,89,64,22,96,80,99),
 (5590,89,64,23,0,0,99),
 (5591,89,64,24,108,100,99),
 (5592,89,64,25,112,60,99),
 (5593,33,21,1,3,100,10),
 (5594,33,21,2,6,100,10),
 (5595,33,21,3,12,100,10),
 (5596,33,21,4,44,100,10),
 (5597,33,21,6,25,100,10),
 (5598,33,21,7,30,80,10),
 (5599,33,21,11,18,100,10),
 (5600,33,21,12,51,100,10),
 (5601,33,21,14,56,60,10),
 (5602,33,21,15,61,80,10),
 (5603,33,21,16,65,100,10),
 (5604,33,21,17,70,100,10),
 (5605,33,21,18,77,60,10),
 (5606,33,21,19,81,80,10),
 (5607,33,21,20,86,100,10),
 (5608,33,21,21,92,100,10),
 (5609,33,21,22,96,80,10),
 (5610,33,21,23,0,0,10),
 (5611,33,21,24,108,100,10),
 (5612,33,21,25,113,100,10),
 (5613,60,34,1,3,100,99),
 (5614,60,34,2,6,100,99),
 (5615,60,34,3,11,100,99),
 (5616,60,34,4,43,100,99),
 (5617,60,34,6,26,80,99),
 (5618,60,34,7,29,100,99),
 (5619,60,34,11,18,100,99),
 (5620,60,34,12,51,100,99),
 (5621,60,34,14,58,100,99),
 (5622,60,34,15,61,100,99),
 (5623,60,34,16,67,80,99),
 (5624,60,34,17,71,80,99),
 (5625,60,34,18,76,80,99),
 (5626,60,34,19,81,100,99),
 (5627,60,34,20,86,100,99),
 (5628,60,34,21,92,80,99),
 (5629,60,34,22,96,80,99),
 (5630,60,34,23,0,0,99),
 (5631,60,34,24,109,80,99),
 (5632,60,34,25,114,80,99),
 (5633,59,72,1,3,100,72),
 (5634,59,72,2,5,20,72),
 (5635,59,72,3,12,20,72),
 (5636,59,72,4,44,100,72),
 (5637,59,72,6,24,100,72),
 (5638,59,72,7,28,100,72),
 (5639,59,72,11,20,40,72),
 (5640,59,72,12,51,40,72),
 (5641,59,72,14,57,40,72),
 (5642,59,72,15,61,40,72),
 (5643,59,72,16,65,20,72),
 (5644,59,72,17,71,40,72),
 (5645,59,72,18,77,20,72),
 (5646,59,72,19,82,60,72),
 (5647,59,72,20,87,20,72),
 (5648,59,72,21,92,20,72),
 (5649,59,72,22,97,20,72),
 (5650,59,72,23,0,0,72),
 (5651,59,72,24,108,20,72),
 (5652,59,72,25,113,20,72),
 (5653,4,73,1,3,100,7),
 (5654,4,73,2,6,80,7),
 (5655,4,73,3,12,100,7),
 (5656,4,73,4,44,100,7),
 (5657,4,73,6,27,100,7),
 (5658,4,73,7,30,100,7),
 (5659,4,73,11,19,80,7),
 (5660,4,73,12,50,100,7),
 (5661,4,73,14,57,100,7),
 (5662,4,73,15,62,100,7),
 (5663,4,73,16,67,100,7),
 (5664,4,73,17,73,100,7),
 (5665,4,73,18,76,100,7),
 (5666,4,73,19,83,100,7),
 (5667,4,73,20,88,100,7),
 (5668,4,73,21,92,100,7),
 (5669,4,73,22,98,100,7),
 (5670,4,73,23,0,0,7),
 (5671,4,73,24,106,100,7),
 (5672,4,73,25,111,100,7),
 (5673,66,32,1,3,100,72),
 (5674,66,32,2,7,100,72),
 (5675,66,32,3,12,100,72),
 (5676,66,32,4,44,100,72),
 (5677,66,32,6,26,100,72),
 (5678,66,32,7,28,100,72),
 (5679,66,32,11,20,100,72),
 (5680,66,32,12,49,60,72),
 (5681,66,32,14,58,80,72),
 (5682,66,32,15,63,60,72),
 (5683,66,32,16,67,60,72),
 (5684,66,32,17,72,40,72),
 (5685,66,32,18,76,80,72),
 (5686,66,32,19,82,40,72),
 (5687,66,32,20,87,40,72),
 (5688,66,32,21,93,100,72),
 (5689,66,32,22,98,40,72),
 (5690,66,32,23,0,0,72),
 (5691,66,32,24,106,60,72),
 (5692,66,32,25,112,40,72),
 (5693,103,20,1,3,100,32),
 (5694,103,20,2,5,100,32),
 (5695,103,20,3,11,100,32),
 (5696,103,20,4,44,100,32),
 (5697,103,20,6,24,100,32),
 (5698,103,20,7,30,100,32),
 (5699,103,20,11,18,100,32),
 (5700,103,20,12,51,100,32),
 (5701,103,20,14,57,80,32),
 (5702,103,20,15,62,60,32),
 (5703,103,20,16,65,60,32),
 (5704,103,20,17,71,100,32),
 (5705,103,20,18,77,60,32),
 (5706,103,20,19,83,80,32),
 (5707,103,20,20,86,100,32),
 (5708,103,20,21,91,80,32),
 (5709,103,20,22,96,80,32),
 (5710,103,20,23,0,0,32),
 (5711,103,20,24,108,100,32),
 (5712,103,20,25,113,60,32),
 (5713,66,76,1,2,100,52),
 (5714,66,76,2,6,100,52),
 (5715,66,76,3,12,100,52),
 (5716,66,76,4,44,100,52),
 (5717,66,76,6,26,100,52),
 (5718,66,76,7,30,80,52),
 (5719,66,76,11,18,40,52),
 (5720,66,76,12,51,60,52),
 (5721,66,76,14,57,60,52),
 (5722,66,76,15,62,20,52),
 (5723,66,76,16,65,60,52),
 (5724,66,76,17,71,80,52),
 (5725,66,76,18,76,60,52),
 (5726,66,76,19,82,100,52),
 (5727,66,76,20,88,100,52),
 (5728,66,76,21,92,60,52),
 (5729,66,76,22,98,60,52),
 (5730,66,76,23,0,0,52),
 (5731,66,76,24,107,80,52),
 (5732,66,76,25,112,80,52),
 (5733,45,71,1,3,100,10),
 (5734,45,71,2,6,20,10),
 (5735,45,71,3,11,100,10),
 (5736,45,71,4,43,100,10),
 (5737,45,71,6,24,60,10),
 (5738,45,71,7,31,60,10),
 (5739,45,71,11,19,40,10),
 (5740,45,71,12,50,20,10),
 (5741,45,71,14,56,20,10),
 (5742,45,71,15,62,0,10),
 (5743,45,71,16,65,40,10),
 (5744,45,71,17,71,40,10),
 (5745,45,71,18,77,20,10),
 (5746,45,71,19,81,20,10),
 (5747,45,71,20,87,20,10),
 (5748,45,71,21,92,20,10),
 (5749,45,71,22,97,20,10),
 (5750,45,71,23,0,0,10),
 (5751,45,71,24,107,20,10),
 (5752,45,71,25,113,20,10),
 (5753,60,25,1,3,80,16),
 (5754,60,25,2,5,80,16),
 (5755,60,25,3,12,80,16),
 (5756,60,25,4,44,100,16),
 (5757,60,25,6,24,100,16),
 (5758,60,25,7,28,100,16),
 (5759,60,25,11,18,100,16),
 (5760,60,25,12,51,100,16),
 (5761,60,25,14,58,60,16),
 (5762,60,25,15,60,100,16),
 (5763,60,25,16,67,100,16),
 (5764,60,25,17,71,100,16),
 (5765,60,25,18,76,100,16),
 (5766,60,25,19,82,60,16),
 (5767,60,25,20,86,100,16),
 (5768,60,25,21,90,100,16),
 (5769,60,25,22,96,60,16),
 (5770,60,25,23,0,0,16),
 (5771,60,25,24,109,100,16),
 (5772,60,25,25,113,100,16),
 (5773,103,74,1,3,100,99),
 (5774,103,74,2,5,100,99),
 (5775,103,74,3,11,100,99),
 (5776,103,74,4,43,100,99),
 (5777,103,74,6,25,100,99),
 (5778,103,74,7,31,100,99),
 (5779,103,74,11,18,100,99),
 (5780,103,74,12,52,100,99),
 (5781,103,74,14,56,100,99),
 (5782,103,74,15,61,100,99),
 (5783,103,74,16,65,100,99),
 (5784,103,74,17,70,100,99),
 (5785,103,74,18,76,100,99),
 (5786,103,74,19,80,100,99),
 (5787,103,74,20,85,100,99),
 (5788,103,74,21,92,100,99),
 (5789,103,74,22,95,100,99),
 (5790,103,74,23,0,0,99),
 (5791,103,74,24,109,100,99),
 (5792,103,74,25,113,100,99),
 (5793,28,39,1,2,100,39),
 (5794,28,39,2,6,60,39),
 (5795,28,39,3,12,100,39),
 (5796,28,39,4,44,100,39),
 (5797,28,39,6,25,40,39),
 (5798,28,39,7,32,100,39),
 (5799,28,39,11,19,60,39),
 (5800,28,39,12,51,80,39),
 (5801,28,39,14,57,40,39),
 (5802,28,39,15,61,80,39),
 (5803,28,39,16,65,80,39),
 (5804,28,39,17,71,60,39),
 (5805,28,39,18,77,80,39),
 (5806,28,39,19,81,80,39),
 (5807,28,39,20,86,80,39),
 (5808,28,39,21,91,80,39),
 (5809,28,39,22,96,80,39),
 (5810,28,39,23,0,0,39),
 (5811,28,39,24,108,80,39),
 (5812,28,39,25,113,80,39),
 (5813,35,63,1,2,100,7),
 (5814,35,63,2,7,100,7),
 (5815,35,63,3,11,100,7),
 (5816,35,63,4,43,100,7),
 (5817,20,23,1,3,100,7),
 (5818,35,63,6,26,100,7),
 (5819,20,23,2,7,100,7),
 (5820,20,23,3,12,60,7),
 (5821,35,63,7,29,100,7),
 (5822,20,23,4,44,80,7),
 (5823,20,23,6,25,100,7),
 (5824,35,63,11,18,100,7),
 (5825,20,23,7,29,100,7),
 (5826,20,23,11,20,100,7),
 (5827,35,63,12,51,100,7),
 (5828,20,23,12,49,100,7),
 (5829,20,23,14,58,40,7),
 (5830,35,63,14,56,100,7),
 (5831,20,23,15,62,20,7),
 (5832,20,23,16,66,100,7),
 (5833,35,63,15,63,100,7),
 (5834,20,23,17,73,100,7),
 (5835,20,23,18,76,100,7),
 (5836,35,63,16,67,100,7),
 (5837,20,23,19,83,100,7),
 (5838,20,23,20,88,100,7),
 (5839,35,63,17,73,100,7),
 (5840,20,23,21,93,100,7),
 (5841,20,23,22,97,100,7),
 (5842,35,63,18,76,100,7),
 (5843,20,23,23,0,0,7),
 (5844,20,23,24,106,100,7),
 (5845,35,63,19,82,100,7),
 (5846,20,23,25,111,100,7),
 (5847,35,63,20,87,100,7),
 (5848,35,63,21,91,100,7),
 (5849,35,63,22,98,100,7),
 (5850,35,63,23,0,0,7),
 (5851,35,63,24,107,100,7),
 (5852,35,63,25,113,100,7),
 (5853,105,62,1,2,100,72),
 (5854,105,62,2,6,100,72),
 (5855,105,62,3,11,100,72),
 (5856,105,62,4,43,100,72),
 (5857,105,62,6,23,100,72),
 (5858,105,62,7,29,100,72),
 (5859,105,62,11,20,100,72),
 (5860,105,62,12,49,100,72),
 (5861,105,62,14,58,100,72),
 (5862,105,62,15,61,100,72),
 (5863,105,62,16,67,100,72),
 (5864,105,62,17,73,100,72),
 (5865,105,62,18,78,100,72),
 (5866,105,62,19,82,100,72),
 (5867,105,62,20,86,100,72),
 (5868,105,62,21,93,100,72),
 (5869,105,62,22,97,100,72),
 (5870,105,62,23,0,0,72),
 (5871,105,62,24,106,100,72),
 (5872,105,62,25,111,100,72),
 (5873,4,19,1,2,100,39),
 (5874,4,19,2,4,100,39),
 (5875,4,19,3,12,100,39),
 (5876,4,19,4,44,100,39),
 (5877,4,19,6,26,100,39),
 (5878,4,19,7,29,100,39),
 (5879,4,19,11,20,100,39),
 (5880,4,19,12,49,100,39),
 (5881,4,19,14,56,100,39),
 (5882,4,19,15,63,100,39),
 (5883,4,19,16,66,100,39),
 (5884,4,19,17,73,100,39),
 (5885,4,19,18,76,100,39),
 (5886,4,19,19,83,100,39),
 (5887,4,19,20,86,100,39),
 (5888,4,19,21,92,100,39),
 (5889,4,19,22,98,100,39),
 (5890,4,19,23,0,0,39),
 (5891,4,19,24,107,100,39),
 (5892,4,19,25,111,100,39),
 (5893,5,68,1,3,100,104),
 (5894,5,68,2,5,100,104),
 (5895,5,68,3,11,80,104),
 (5896,5,68,4,44,60,104),
 (5897,5,68,6,25,100,104),
 (5898,5,68,7,31,100,104),
 (5899,5,68,11,18,80,104),
 (5900,5,68,12,50,80,104),
 (5901,5,68,14,57,40,104),
 (5902,5,68,15,62,40,104),
 (5903,5,68,16,66,80,104),
 (5904,5,68,17,71,100,104),
 (5905,5,68,18,78,60,104),
 (5906,5,68,19,83,80,104),
 (5907,5,68,20,88,60,104),
 (5908,5,68,21,91,80,104),
 (5909,5,68,22,98,80,104),
 (5910,5,68,23,0,0,104),
 (5911,5,68,24,108,60,104),
 (5912,5,68,25,111,60,104),
 (5913,45,26,1,2,100,52),
 (5914,45,26,2,5,60,52),
 (5915,45,26,3,11,100,52),
 (5916,45,26,4,43,100,52),
 (5917,45,26,6,23,100,52),
 (5918,45,26,7,31,100,52),
 (5919,45,26,11,18,100,52),
 (5920,45,26,12,50,60,52),
 (5921,45,26,14,57,60,52),
 (5922,45,26,15,63,80,52),
 (5923,45,26,16,66,40,52),
 (5924,45,26,17,71,80,52),
 (5925,45,26,18,75,80,52),
 (5926,45,26,19,81,100,52),
 (5927,45,26,20,87,60,52),
 (5928,45,26,21,90,100,52),
 (5929,45,26,22,96,100,52),
 (5930,45,26,23,0,0,52),
 (5931,45,26,24,107,60,52),
 (5932,45,26,25,113,100,52),
 (5933,3,43,1,2,100,7),
 (5934,3,43,2,8,100,7),
 (5935,3,43,3,12,100,7),
 (5936,3,43,4,44,100,7),
 (5937,3,43,6,26,100,7),
 (5938,3,43,7,30,100,7),
 (5939,3,43,11,21,100,7),
 (5940,3,43,12,48,100,7),
 (5941,3,43,14,58,80,7),
 (5942,3,43,15,63,80,7),
 (5943,3,43,16,67,80,7),
 (5944,3,43,17,74,100,7),
 (5945,3,43,18,76,60,7),
 (5946,3,43,19,84,100,7),
 (5947,3,43,20,89,60,7),
 (5948,3,43,21,93,100,7),
 (5949,3,43,22,99,100,7),
 (5950,3,43,23,0,0,7),
 (5951,3,43,24,105,100,7),
 (5952,3,43,25,110,100,7),
 (5953,45,35,1,3,100,16),
 (5954,45,35,2,5,80,16),
 (5955,45,35,3,11,100,16),
 (5956,45,35,4,43,100,16),
 (5957,45,35,6,23,80,16),
 (5958,45,35,7,31,100,16),
 (5959,45,35,11,18,60,16),
 (5960,45,35,12,49,60,16),
 (5961,45,35,14,58,60,16),
 (5962,45,35,15,62,60,16),
 (5963,45,35,16,65,60,16),
 (5964,45,35,17,71,60,16),
 (5965,45,35,18,76,80,16),
 (5966,45,35,19,82,20,16),
 (5967,45,35,20,87,60,16),
 (5968,45,35,21,92,60,16),
 (5969,45,35,22,97,60,16),
 (5970,45,35,23,0,0,16),
 (5971,45,35,24,106,60,16),
 (5972,45,35,25,113,80,16),
 (5973,8,38,1,2,100,104),
 (5974,8,38,2,4,100,104),
 (5975,8,38,3,12,100,104),
 (5976,8,38,4,44,100,104),
 (5977,8,38,6,27,100,104),
 (5978,8,38,7,29,100,104),
 (5979,8,38,11,20,100,104),
 (5980,8,38,12,52,100,104),
 (5981,8,38,14,58,100,104),
 (5982,8,38,15,61,100,104),
 (5983,8,38,16,66,100,104),
 (5984,8,38,17,71,100,104),
 (5985,8,38,18,77,100,104),
 (5986,8,38,19,81,100,104),
 (5987,8,38,20,86,100,104),
 (5988,8,38,21,92,100,104),
 (5989,8,38,22,96,100,104),
 (5990,8,38,23,0,0,104),
 (5991,8,38,24,109,100,104),
 (5992,8,38,25,111,100,104),
 (5993,105,70,1,2,100,32),
 (5994,105,70,2,5,80,32),
 (5995,105,70,3,11,100,32),
 (5996,105,70,4,43,100,32),
 (5997,105,70,6,24,80,32),
 (5998,105,70,7,29,100,32),
 (5999,105,70,11,20,80,32),
 (6000,105,70,12,51,80,32),
 (6001,105,70,14,57,60,32),
 (6002,105,70,15,61,40,32),
 (6003,105,70,16,67,40,32),
 (6004,105,70,17,71,80,32),
 (6005,105,70,18,77,60,32),
 (6006,105,70,19,81,20,32),
 (6007,105,70,20,86,80,32),
 (6008,105,70,21,93,20,32),
 (6009,105,70,22,97,60,32),
 (6010,105,70,23,0,0,32),
 (6011,105,70,24,108,60,32),
 (6012,105,70,25,111,60,32),
 (6013,60,61,1,3,100,10),
 (6014,60,61,2,6,100,10),
 (6015,60,61,3,12,100,10),
 (6016,60,61,4,44,100,10),
 (6017,60,61,6,24,100,10),
 (6018,60,61,7,28,100,10),
 (6019,60,61,11,18,60,10),
 (6020,60,61,12,52,100,10),
 (6021,60,61,14,58,80,10),
 (6022,60,61,15,60,100,10),
 (6023,60,61,16,67,80,10),
 (6024,60,61,17,71,100,10),
 (6025,60,61,18,76,100,10),
 (6026,60,61,19,80,100,10),
 (6027,60,61,20,87,60,10),
 (6028,60,61,21,92,100,10),
 (6029,60,61,22,98,80,10),
 (6030,60,61,23,0,0,10),
 (6031,60,61,24,108,100,10),
 (6032,60,61,25,113,100,10),
 (6033,8,29,1,2,100,39),
 (6034,8,29,2,5,100,39),
 (6035,8,29,3,12,100,39),
 (6036,8,29,4,44,100,39),
 (6037,8,29,6,27,100,39),
 (6038,8,29,7,29,100,39),
 (6039,8,29,11,19,80,39),
 (6040,8,29,12,51,100,39),
 (6041,8,29,14,58,100,39),
 (6042,8,29,15,61,100,39),
 (6043,8,29,16,65,100,39),
 (6044,8,29,17,71,100,39),
 (6045,8,29,18,78,80,39),
 (6046,8,29,19,81,100,39),
 (6047,8,29,20,86,100,39),
 (6048,8,29,21,92,80,39),
 (6049,8,29,22,96,100,39),
 (6050,8,29,23,0,0,39),
 (6051,8,29,24,109,100,39),
 (6052,8,29,25,113,80,39),
 (6053,78,73,1,3,100,7),
 (6054,78,73,2,8,100,7),
 (6055,78,73,3,12,100,7),
 (6056,78,73,4,44,100,7),
 (6057,78,73,6,27,100,7),
 (6058,78,73,7,29,100,7),
 (6059,78,73,11,20,100,7),
 (6060,78,73,12,49,100,7),
 (6061,78,73,14,58,100,7),
 (6062,78,73,15,63,100,7),
 (6063,78,73,16,66,100,7),
 (6064,78,73,17,73,100,7),
 (6065,78,73,18,78,100,7),
 (6066,78,73,19,83,100,7),
 (6067,78,73,20,88,100,7),
 (6068,78,73,21,93,100,7),
 (6069,78,73,22,98,100,7),
 (6070,78,73,23,0,0,7),
 (6071,78,73,24,106,100,7),
 (6072,78,73,25,111,100,7),
 (6073,1,67,1,2,100,71),
 (6074,1,67,2,6,20,71),
 (6075,1,67,3,12,100,71),
 (6076,1,67,4,44,100,71),
 (6077,1,67,6,24,100,71),
 (6078,1,67,7,32,100,71),
 (6079,1,67,11,19,60,71),
 (6080,1,67,12,51,60,71),
 (6081,1,67,14,58,100,71),
 (6082,1,67,15,61,100,71),
 (6083,1,67,16,65,60,71),
 (6084,1,67,17,71,80,71),
 (6085,1,67,18,76,80,71),
 (6086,1,67,19,81,100,71),
 (6087,1,67,20,86,80,71),
 (6088,1,67,21,92,60,71),
 (6089,1,67,22,96,80,71),
 (6090,1,67,23,0,0,71),
 (6091,1,67,24,108,100,71),
 (6092,1,67,25,113,100,71),
 (6093,8,21,1,2,100,10),
 (6094,8,21,2,6,100,10),
 (6095,8,21,3,12,100,10),
 (6096,8,21,4,44,100,10),
 (6097,8,21,6,27,100,10),
 (6098,8,21,7,29,100,10),
 (6099,8,21,11,18,100,10),
 (6100,8,21,12,52,100,10),
 (6101,8,21,14,57,100,10),
 (6102,8,21,15,61,100,10),
 (6103,8,21,16,67,100,10),
 (6104,8,21,17,70,100,10),
 (6105,8,21,18,77,100,10),
 (6106,8,21,19,80,100,10),
 (6107,8,21,20,85,100,10),
 (6108,8,21,21,92,100,10),
 (6109,8,21,22,95,80,10),
 (6110,8,21,23,0,0,10),
 (6111,8,21,24,109,100,10),
 (6112,8,21,25,114,100,10),
 (6113,97,24,1,3,100,99),
 (6114,97,24,2,7,60,99),
 (6115,97,24,3,11,100,99),
 (6116,97,24,4,43,100,99),
 (6117,97,24,6,27,100,99),
 (6118,97,24,7,31,100,99),
 (6119,97,24,11,18,100,99),
 (6120,97,24,12,49,80,99),
 (6121,97,24,14,56,80,99),
 (6122,97,24,15,63,80,99),
 (6123,97,24,16,66,80,99),
 (6124,97,24,17,72,80,99),
 (6125,97,24,18,76,60,99),
 (6126,97,24,19,83,80,99),
 (6127,97,24,20,87,60,99),
 (6128,97,24,21,91,80,99),
 (6129,97,24,22,98,80,99),
 (6130,97,24,23,0,0,99),
 (6131,97,24,24,106,100,99),
 (6132,97,24,25,111,80,99),
 (6133,38,75,1,3,100,16),
 (6134,38,75,2,5,100,16),
 (6135,38,75,3,12,100,16),
 (6136,38,75,4,44,100,16),
 (6137,38,75,6,26,100,16),
 (6138,38,75,7,31,100,16),
 (6139,38,75,11,18,100,16),
 (6140,38,75,12,49,100,16),
 (6141,38,75,14,56,60,16),
 (6142,38,75,15,63,60,16),
 (6143,38,75,16,65,80,16),
 (6144,38,75,17,71,60,16),
 (6145,38,75,18,77,60,16),
 (6146,38,75,19,82,60,16),
 (6147,38,75,20,87,60,16),
 (6148,38,75,21,91,60,16),
 (6149,38,75,22,98,80,16),
 (6150,38,75,23,0,0,16),
 (6151,38,75,24,106,80,16),
 (6152,38,75,25,113,80,16),
 (6153,81,66,1,2,100,52),
 (6154,81,66,2,6,80,52),
 (6155,81,66,3,11,100,52),
 (6156,81,66,4,43,100,52),
 (6157,81,66,6,23,100,52),
 (6158,81,66,7,31,100,52),
 (6159,81,66,11,18,100,52),
 (6160,81,66,12,51,80,52),
 (6161,81,66,14,57,60,52),
 (6162,81,66,15,62,60,52),
 (6163,81,66,16,66,60,52),
 (6164,81,66,17,72,100,52),
 (6165,81,66,18,77,80,52),
 (6166,81,66,19,81,100,52),
 (6167,81,66,20,86,100,52),
 (6168,81,66,21,91,40,52),
 (6169,81,66,22,96,60,52),
 (6170,81,66,23,0,0,52),
 (6171,81,66,24,108,100,52),
 (6172,81,66,25,112,100,52),
 (6173,60,43,1,2,100,7),
 (6174,60,43,2,5,100,7),
 (6175,60,43,3,12,100,7),
 (6176,60,43,4,44,100,7),
 (6177,60,43,6,26,100,7),
 (6178,60,43,7,28,100,7),
 (6179,60,43,11,18,80,7),
 (6180,60,43,12,52,100,7),
 (6181,60,43,14,58,100,7),
 (6182,60,43,15,60,100,7),
 (6183,60,43,16,65,80,7),
 (6184,60,43,17,70,100,7),
 (6185,60,43,18,78,100,7),
 (6186,60,43,19,81,100,7),
 (6187,60,43,20,86,80,7),
 (6188,60,43,21,91,60,7),
 (6189,60,43,22,95,100,7),
 (6190,60,43,23,0,0,7),
 (6191,60,43,24,109,100,7),
 (6192,60,43,25,112,100,7),
 (6193,102,36,1,2,100,52),
 (6194,102,36,2,6,40,52),
 (6195,102,36,3,12,100,52),
 (6196,102,36,4,44,100,52),
 (6197,102,36,6,26,60,52),
 (6198,102,36,7,31,100,52),
 (6199,102,36,11,18,100,52),
 (6200,102,36,12,51,100,52),
 (6201,102,36,14,57,40,52),
 (6202,102,36,15,61,60,52),
 (6203,102,36,16,65,100,52),
 (6204,102,36,17,72,80,52),
 (6205,102,36,18,76,100,52),
 (6206,102,36,19,82,60,52),
 (6207,102,36,20,87,80,52),
 (6208,102,36,21,91,80,52),
 (6209,102,36,22,96,100,52),
 (6210,102,36,23,0,0,52),
 (6211,102,36,24,108,100,52),
 (6212,102,36,25,113,100,52),
 (6213,78,19,1,2,100,39),
 (6214,78,19,2,8,100,39),
 (6215,78,19,3,12,100,39),
 (6216,78,19,4,44,100,39),
 (6217,78,19,6,26,100,39),
 (6218,78,19,7,28,100,39),
 (6219,78,19,11,21,100,39),
 (6220,78,19,12,48,100,39),
 (6221,78,19,14,58,100,39),
 (6222,78,19,15,63,100,39),
 (6223,78,19,16,66,100,39),
 (6224,78,19,17,74,100,39),
 (6225,78,19,18,78,100,39),
 (6226,78,19,19,84,100,39),
 (6227,78,19,20,89,100,39),
 (6228,78,19,21,94,100,39),
 (6229,78,19,22,99,100,39),
 (6230,78,19,23,0,0,39),
 (6231,78,19,24,105,100,39),
 (6232,78,19,25,110,100,39),
 (6233,102,63,1,2,100,7),
 (6234,102,63,2,5,100,7),
 (6235,102,63,3,11,100,7),
 (6236,102,63,4,43,100,7),
 (6237,102,63,6,26,100,7),
 (6238,102,63,7,32,100,7),
 (6239,102,63,11,18,100,7),
 (6240,102,63,12,51,100,7),
 (6241,102,63,14,58,100,7),
 (6242,102,63,15,61,100,7),
 (6243,102,63,16,65,100,7),
 (6244,102,63,17,73,100,7),
 (6245,102,63,18,76,100,7),
 (6246,102,63,19,81,100,7),
 (6247,102,63,20,87,100,7),
 (6248,102,63,21,91,100,7),
 (6249,102,63,22,96,100,7),
 (6250,102,63,23,0,0,7),
 (6251,102,63,24,108,100,7),
 (6252,102,63,25,113,100,7),
 (6253,9,20,1,3,100,32),
 (6254,9,20,2,6,100,32),
 (6255,9,20,3,12,100,32),
 (6256,9,20,4,44,100,32),
 (6257,9,20,6,25,100,32),
 (6258,9,20,7,31,100,32),
 (6259,9,20,11,19,100,32),
 (6260,9,20,12,51,100,32),
 (6261,9,20,14,56,60,32),
 (6262,9,20,15,62,60,32),
 (6263,9,20,16,66,80,32),
 (6264,9,20,17,71,80,32),
 (6265,9,20,18,78,100,32),
 (6266,9,20,19,81,60,32),
 (6267,9,20,20,86,60,32),
 (6268,9,20,21,92,80,32),
 (6269,9,20,22,96,100,32),
 (6270,9,20,23,0,0,32),
 (6271,9,20,24,108,100,32),
 (6272,9,20,25,112,60,32),
 (6273,1,32,1,3,100,72),
 (6274,1,32,2,7,100,72),
 (6275,1,32,3,12,100,72),
 (6276,1,32,4,44,100,72),
 (6277,1,32,6,25,100,72),
 (6278,1,32,7,29,100,72),
 (6279,1,32,11,20,100,72),
 (6280,1,32,12,49,100,72),
 (6281,1,32,14,58,100,72),
 (6282,1,32,15,63,60,72),
 (6283,1,32,16,66,60,72),
 (6284,1,32,17,73,40,72),
 (6285,1,32,18,77,60,72),
 (6286,1,32,19,83,80,72),
 (6287,1,32,20,88,20,72),
 (6288,1,32,21,93,100,72),
 (6289,1,32,22,97,40,72),
 (6290,1,32,23,0,0,72),
 (6291,1,32,24,106,80,72),
 (6292,1,32,25,112,40,72),
 (6293,9,74,1,3,100,99),
 (6294,9,74,2,7,100,99),
 (6295,9,74,3,11,100,99),
 (6296,9,74,4,43,100,99),
 (6297,9,74,6,25,100,99),
 (6298,9,74,7,31,100,99),
 (6299,9,74,11,19,100,99),
 (6300,9,74,12,51,100,99),
 (6301,9,74,14,56,100,99),
 (6302,9,74,15,62,100,99),
 (6303,9,74,16,67,100,99),
 (6304,9,74,17,73,100,99),
 (6305,9,74,18,78,100,99),
 (6306,9,74,19,81,100,99),
 (6307,9,74,20,86,100,99),
 (6308,9,74,21,93,100,99),
 (6309,9,74,22,96,100,99),
 (6310,9,74,23,0,0,99),
 (6311,9,74,24,108,100,99),
 (6312,9,74,25,113,100,99),
 (6313,103,38,1,3,100,104),
 (6314,103,38,2,5,100,104),
 (6315,103,38,3,12,100,104),
 (6316,103,38,4,44,100,104),
 (6317,103,38,6,24,100,104),
 (6318,103,38,7,30,100,104),
 (6319,103,38,11,18,100,104),
 (6320,103,38,12,51,100,104),
 (6321,103,38,14,58,100,104),
 (6322,103,38,15,61,100,104),
 (6323,103,38,16,65,100,104),
 (6324,103,38,17,71,100,104),
 (6325,103,38,18,78,100,104),
 (6326,103,38,19,82,100,104),
 (6327,103,38,20,86,100,104),
 (6328,103,38,21,91,100,104),
 (6329,103,38,22,96,100,104),
 (6330,103,38,23,0,0,104),
 (6331,103,38,24,108,100,104),
 (6332,103,38,25,112,100,104),
 (6333,1,76,1,2,100,52),
 (6334,1,76,2,5,40,52),
 (6335,1,76,3,12,100,52),
 (6336,1,76,4,44,100,52),
 (6337,1,76,6,24,100,52),
 (6338,1,76,7,32,100,52),
 (6339,1,76,11,18,80,52),
 (6340,1,76,12,50,60,52),
 (6341,1,76,14,56,40,52),
 (6342,1,76,15,62,80,52),
 (6343,1,76,16,65,60,52),
 (6344,1,76,17,73,80,52),
 (6345,1,76,18,76,100,52),
 (6346,1,76,19,82,100,52),
 (6347,1,76,20,88,100,52),
 (6348,1,76,21,91,40,52),
 (6349,1,76,22,98,100,52),
 (6350,1,76,23,0,0,52),
 (6351,1,76,24,106,100,52),
 (6352,1,76,25,112,100,52),
 (6353,25,62,1,2,100,72),
 (6354,25,62,2,7,100,72),
 (6355,25,62,3,12,100,72),
 (6356,25,62,4,44,100,72),
 (6357,25,62,6,24,100,72),
 (6358,25,62,7,28,100,72),
 (6359,25,62,11,20,100,72),
 (6360,25,62,12,49,100,72),
 (6361,25,62,14,57,60,72),
 (6362,25,62,15,62,60,72),
 (6363,25,62,16,65,100,72),
 (6364,25,62,17,72,100,72),
 (6365,25,62,18,77,100,72),
 (6366,25,62,19,83,100,72),
 (6367,25,62,20,86,100,72),
 (6368,25,62,21,93,100,72),
 (6369,25,62,22,96,100,72),
 (6370,25,62,23,0,0,72),
 (6371,25,62,24,107,100,72),
 (6372,25,62,25,111,100,72),
 (6373,38,39,1,3,100,39),
 (6374,38,39,2,5,80,39),
 (6375,38,39,3,12,100,39),
 (6376,38,39,4,44,100,39),
 (6377,38,39,6,26,100,39),
 (6378,38,39,7,29,100,39),
 (6379,38,39,11,19,60,39),
 (6380,38,39,12,51,60,39),
 (6381,38,39,14,58,60,39),
 (6382,38,39,15,61,80,39),
 (6383,38,39,16,66,60,39),
 (6384,38,39,17,71,80,39),
 (6385,38,39,18,78,60,39),
 (6386,38,39,19,81,80,39),
 (6387,38,39,20,86,80,39),
 (6388,38,39,21,93,80,39),
 (6389,38,39,22,95,100,39),
 (6390,38,39,23,0,0,39),
 (6391,38,39,24,109,100,39),
 (6392,38,39,25,114,100,39),
 (6393,103,29,1,3,100,39),
 (6394,103,29,2,5,100,39),
 (6395,103,29,3,12,100,39),
 (6396,103,29,4,44,100,39),
 (6397,103,29,6,24,100,39),
 (6398,103,29,7,29,100,39),
 (6399,103,29,11,18,100,39),
 (6400,103,29,12,51,100,39),
 (6401,103,29,14,57,80,39),
 (6402,103,29,15,61,100,39);
INSERT INTO `comparisons2` (`ID`,`subject`,`user`,`field`,`value`,`certainity`,`anchor`) VALUES 
 (6403,103,29,16,65,80,39),
 (6404,103,29,17,71,100,39),
 (6405,103,29,18,76,80,39),
 (6406,103,29,19,81,100,39),
 (6407,103,29,20,86,100,39),
 (6408,103,29,21,91,100,39),
 (6409,103,29,22,96,100,39),
 (6410,103,29,23,0,0,39),
 (6411,103,29,24,108,100,39),
 (6412,103,29,25,113,100,39),
 (6413,55,73,1,2,100,7),
 (6414,55,73,2,7,100,7),
 (6415,55,73,3,12,100,7),
 (6416,55,73,4,44,100,7),
 (6417,55,73,6,25,100,7),
 (6418,55,73,7,31,100,7),
 (6419,55,73,11,18,100,7),
 (6420,55,73,12,51,100,7),
 (6421,55,73,14,57,100,7),
 (6422,55,73,15,62,100,7),
 (6423,55,73,16,67,100,7),
 (6424,55,73,17,71,100,7),
 (6425,55,73,18,76,100,7),
 (6426,55,73,19,81,100,7),
 (6427,55,73,20,88,100,7),
 (6428,55,73,21,91,100,7),
 (6429,55,73,22,97,100,7),
 (6430,55,73,23,0,0,7),
 (6431,55,73,24,106,100,7),
 (6432,55,73,25,111,100,7),
 (6433,35,72,1,3,100,72),
 (6434,35,72,2,7,80,72),
 (6435,35,72,3,12,20,72),
 (6436,35,72,4,44,100,72),
 (6437,35,72,6,25,80,72),
 (6438,35,72,7,28,100,72),
 (6439,35,72,11,19,40,72),
 (6440,35,72,12,50,20,72),
 (6441,35,72,14,56,20,72),
 (6442,35,72,15,63,20,72),
 (6443,35,72,16,66,20,72),
 (6444,35,72,17,72,20,72),
 (6445,35,72,18,76,20,72),
 (6446,35,72,19,82,20,72),
 (6447,35,72,20,87,0,72),
 (6448,35,72,21,92,0,72),
 (6449,35,72,22,98,20,72),
 (6450,35,72,23,0,0,72),
 (6451,35,72,24,106,0,72),
 (6452,35,72,25,112,20,72),
 (6453,23,26,1,2,100,52),
 (6454,23,26,2,5,100,52),
 (6455,23,26,3,11,100,52),
 (6456,23,26,4,43,100,52),
 (6457,23,26,6,23,100,52),
 (6458,23,26,7,31,100,52),
 (6459,23,26,11,17,100,52),
 (6460,23,26,12,49,100,52),
 (6461,23,26,14,57,60,52),
 (6462,23,26,15,63,100,52),
 (6463,23,26,16,65,80,52),
 (6464,23,26,17,73,80,52),
 (6465,23,26,18,76,100,52),
 (6466,23,26,19,83,60,52),
 (6467,23,26,20,88,80,52),
 (6468,23,26,21,91,80,52),
 (6469,23,26,22,98,40,52),
 (6470,23,26,23,0,0,52),
 (6471,23,26,24,106,60,52),
 (6472,23,26,25,111,100,52),
 (6473,25,70,1,2,100,32),
 (6474,25,70,2,8,80,32),
 (6475,25,70,3,12,100,32),
 (6476,25,70,4,44,100,32),
 (6477,25,70,6,24,100,32),
 (6478,25,70,7,28,100,32),
 (6479,25,70,11,20,100,32),
 (6480,25,70,12,51,60,32),
 (6481,25,70,14,58,40,32),
 (6482,25,70,15,62,60,32),
 (6483,25,70,16,67,60,32),
 (6484,25,70,17,70,60,32),
 (6485,25,70,18,78,60,32),
 (6486,25,70,19,83,60,32),
 (6487,25,70,20,86,60,32),
 (6488,25,70,21,91,20,32),
 (6489,25,70,22,97,60,32),
 (6490,25,70,23,0,0,32),
 (6491,25,70,24,106,40,32),
 (6492,25,70,25,111,60,32),
 (6493,66,23,1,2,60,7),
 (6494,66,23,2,7,100,7),
 (6495,66,23,3,11,100,7),
 (6496,66,23,4,43,100,7),
 (6497,66,23,6,27,100,7),
 (6498,66,23,7,28,100,7),
 (6499,66,23,11,19,100,7),
 (6500,66,23,12,50,100,7),
 (6501,66,23,14,58,100,7),
 (6502,66,23,15,61,100,7),
 (6503,66,23,16,66,100,7),
 (6504,66,23,17,72,100,7),
 (6505,66,23,18,78,100,7),
 (6506,66,23,19,81,100,7),
 (6507,66,23,20,87,40,7),
 (6508,66,23,21,92,100,7),
 (6509,66,23,22,96,100,7),
 (6510,66,23,23,0,0,7),
 (6511,66,23,24,107,100,7),
 (6512,66,23,25,113,100,7),
 (6513,114,68,1,3,100,104),
 (6514,114,68,2,6,80,104),
 (6515,23,35,1,3,100,16),
 (6516,114,68,3,12,80,104),
 (6517,23,35,2,6,100,16),
 (6518,114,68,4,44,100,104),
 (6519,23,35,3,11,100,16),
 (6520,114,68,6,25,80,104),
 (6521,114,68,7,31,100,104),
 (6522,23,35,4,43,100,16),
 (6523,114,68,11,19,80,104),
 (6524,114,68,12,50,80,104),
 (6525,23,35,6,24,60,16),
 (6526,114,68,14,56,40,104),
 (6527,114,68,15,62,40,104),
 (6528,23,35,7,31,80,16),
 (6529,114,68,16,65,60,104),
 (6530,114,68,17,71,100,104),
 (6531,23,35,11,18,80,16),
 (6532,114,68,18,77,80,104),
 (6533,114,68,19,83,60,104),
 (6534,23,35,12,49,80,16),
 (6535,114,68,20,88,60,104),
 (6536,114,68,21,93,100,104),
 (6537,23,35,14,57,40,16),
 (6538,114,68,22,98,100,104),
 (6539,23,35,15,62,40,16),
 (6540,23,35,16,66,40,16),
 (6541,114,68,23,0,0,104),
 (6542,23,35,17,73,80,16),
 (6543,114,68,24,107,80,104),
 (6544,23,35,18,76,80,16),
 (6545,114,68,25,112,60,104),
 (6546,23,35,19,83,100,16),
 (6547,23,35,20,88,60,16),
 (6548,23,35,21,91,40,16),
 (6549,23,35,22,98,40,16),
 (6550,23,35,23,0,0,16),
 (6551,23,35,24,106,80,16),
 (6552,23,35,25,111,40,16),
 (6553,23,71,1,3,100,10),
 (6554,23,71,2,5,40,10),
 (6555,23,71,3,11,100,10),
 (6556,23,71,4,43,40,10),
 (6557,23,71,6,24,40,10),
 (6558,23,71,7,31,40,10),
 (6559,23,71,11,18,100,10),
 (6560,23,71,12,49,60,10),
 (6561,23,71,14,58,60,10),
 (6562,23,71,15,63,40,10),
 (6563,23,71,16,67,40,10),
 (6564,23,71,17,73,20,10),
 (6565,23,71,18,77,0,10),
 (6566,23,71,19,83,40,10),
 (6567,23,71,20,88,40,10),
 (6568,23,71,21,93,40,10),
 (6569,23,71,22,97,20,10),
 (6570,23,71,23,0,0,10),
 (6571,23,71,24,106,40,10),
 (6572,23,71,25,111,40,10),
 (6573,55,19,1,3,100,39),
 (6574,55,19,2,6,100,39),
 (6575,55,19,3,12,100,39),
 (6576,55,19,4,44,100,39),
 (6577,55,19,6,25,100,39),
 (6578,55,19,7,31,100,39),
 (6579,55,19,11,17,100,39),
 (6580,55,19,12,49,100,39),
 (6581,55,19,14,56,100,39),
 (6582,55,19,15,62,100,39),
 (6583,55,19,16,65,100,39),
 (6584,55,19,17,73,100,39),
 (6585,55,19,18,76,100,39),
 (6586,55,19,19,83,100,39),
 (6587,55,19,20,88,100,39),
 (6588,55,19,21,91,100,39),
 (6589,55,19,22,98,100,39),
 (6590,55,19,23,0,0,39),
 (6591,55,19,24,107,100,39),
 (6592,55,19,25,111,100,39),
 (6593,9,65,1,3,100,16),
 (6594,9,65,2,6,80,16),
 (6595,9,65,3,12,100,16),
 (6596,9,65,4,44,100,16),
 (6597,9,65,6,26,100,16),
 (6598,9,65,7,31,100,16),
 (6599,9,65,11,19,80,16),
 (6600,9,65,12,51,80,16),
 (6601,9,65,14,57,60,16),
 (6602,9,65,15,62,60,16),
 (6603,9,65,16,65,40,16),
 (6604,9,65,17,72,60,16),
 (6605,9,65,18,76,40,16),
 (6606,9,65,19,82,60,16),
 (6607,9,65,20,86,80,16),
 (6608,9,65,21,92,60,16),
 (6609,9,65,22,97,60,16),
 (6610,9,65,23,0,0,16),
 (6611,9,65,24,108,40,16),
 (6612,9,65,25,112,40,16),
 (6613,103,21,1,3,100,10),
 (6614,103,21,2,7,100,10),
 (6615,103,21,3,12,100,10),
 (6616,103,21,4,44,100,10),
 (6617,103,21,6,25,100,10),
 (6618,103,21,7,30,100,10),
 (6619,103,21,11,18,100,10),
 (6620,103,21,12,52,100,10),
 (6621,103,21,14,57,100,10),
 (6622,103,21,15,61,100,10),
 (6623,103,21,16,65,100,10),
 (6624,103,21,17,71,100,10),
 (6625,103,21,18,77,80,10),
 (6626,103,21,19,81,80,10),
 (6627,103,21,20,86,100,10),
 (6628,103,21,21,91,100,10),
 (6629,103,21,22,96,80,10),
 (6630,103,21,23,0,0,10),
 (6631,103,21,24,108,100,10),
 (6632,103,21,25,113,100,10),
 (6633,51,36,1,2,100,52),
 (6634,51,36,2,6,80,52),
 (6635,51,36,3,12,100,52),
 (6636,51,36,4,44,100,52),
 (6637,51,36,6,26,80,52),
 (6638,51,36,7,31,100,52),
 (6639,51,36,11,18,100,52),
 (6640,51,36,12,51,100,52),
 (6641,51,36,14,56,100,52),
 (6642,51,36,15,62,100,52),
 (6643,51,36,16,67,100,52),
 (6644,51,36,17,73,60,52),
 (6645,51,36,18,76,100,52),
 (6646,51,36,19,82,100,52),
 (6647,51,36,20,86,100,52),
 (6648,51,36,21,91,100,52),
 (6649,51,36,22,96,80,52),
 (6650,51,36,23,0,0,52),
 (6651,51,36,24,107,60,52),
 (6652,51,36,25,113,80,52),
 (6653,40,24,1,3,100,99),
 (6654,40,24,2,5,60,99),
 (6655,40,24,3,11,100,99),
 (6656,40,24,4,43,100,99),
 (6657,40,24,6,26,100,99),
 (6658,40,24,7,30,80,99),
 (6659,40,24,11,20,100,99),
 (6660,40,24,12,51,80,99),
 (6661,40,24,14,58,100,99),
 (6662,40,24,15,61,80,99),
 (6663,40,24,16,65,60,99),
 (6664,40,24,17,71,60,99),
 (6665,40,24,18,78,80,99),
 (6666,40,24,19,81,60,99),
 (6667,40,24,20,87,60,99),
 (6668,40,24,21,93,80,99),
 (6669,40,24,22,96,80,99),
 (6670,40,24,23,0,0,99),
 (6671,40,24,24,108,100,99),
 (6672,40,24,25,112,60,99),
 (6673,51,63,1,2,100,7),
 (6674,51,63,2,5,100,7),
 (6675,51,63,3,11,100,7),
 (6676,51,63,4,43,100,7),
 (6677,51,63,6,26,100,7),
 (6678,51,63,7,32,100,7),
 (6679,51,63,11,18,100,7),
 (6680,51,63,12,51,100,7),
 (6681,51,63,14,57,100,7),
 (6682,51,63,15,61,100,7),
 (6683,51,63,16,65,100,7),
 (6684,51,63,17,73,100,7),
 (6685,51,63,18,78,100,7),
 (6686,51,63,19,82,100,7),
 (6687,51,63,20,87,100,7),
 (6688,51,63,21,91,100,7),
 (6689,51,63,22,96,100,7),
 (6690,51,63,23,0,0,7),
 (6691,51,63,24,108,100,7),
 (6692,51,63,25,113,100,7),
 (6693,9,38,1,3,100,104),
 (6694,9,38,2,6,100,104),
 (6695,9,38,3,12,100,104),
 (6696,9,38,4,44,100,104),
 (6697,9,38,6,25,100,104),
 (6698,9,38,7,30,100,104),
 (6699,9,38,11,20,100,104),
 (6700,9,38,12,49,100,104),
 (6701,9,38,14,57,100,104),
 (6702,9,38,15,62,100,104),
 (6703,9,38,16,66,100,104),
 (6704,9,38,17,71,100,104),
 (6705,9,38,18,78,100,104),
 (6706,9,38,19,82,100,104),
 (6707,9,38,20,86,100,104),
 (6708,9,38,21,93,100,104),
 (6709,9,38,22,96,100,104),
 (6710,9,38,23,0,0,104),
 (6711,9,38,24,108,100,104),
 (6712,9,38,25,112,100,104),
 (6713,19,66,1,2,100,52),
 (6714,19,66,2,6,100,52),
 (6715,19,66,3,12,100,52),
 (6716,19,66,4,44,100,52),
 (6717,19,66,6,24,100,52),
 (6718,19,66,7,32,100,52),
 (6719,19,66,11,18,80,52),
 (6720,19,66,12,50,60,52),
 (6721,19,66,14,56,80,52),
 (6722,19,66,15,62,80,52),
 (6723,19,66,16,65,80,52),
 (6724,19,66,17,72,80,52),
 (6725,19,66,18,77,80,52),
 (6726,19,66,19,82,80,52),
 (6727,19,66,20,87,80,52),
 (6728,19,66,21,93,100,52),
 (6729,19,66,22,97,100,52),
 (6730,19,66,23,0,0,52),
 (6731,19,66,24,108,100,52),
 (6732,19,66,25,112,100,52),
 (6733,9,29,1,3,100,39),
 (6734,9,29,2,6,80,39),
 (6735,9,29,3,12,100,39),
 (6736,9,29,4,44,100,39),
 (6737,9,29,6,24,100,39),
 (6738,9,29,7,31,100,39),
 (6739,9,29,11,18,80,39),
 (6740,9,29,12,51,100,39),
 (6741,9,29,14,57,80,39),
 (6742,9,29,15,61,80,39),
 (6743,9,29,16,65,100,39),
 (6744,9,29,17,71,80,39),
 (6745,9,29,18,77,60,39),
 (6746,9,29,19,81,80,39),
 (6747,9,29,20,86,80,39),
 (6748,9,29,21,91,60,39),
 (6749,9,29,22,96,80,39),
 (6750,9,29,23,0,0,39),
 (6751,9,29,24,108,80,39),
 (6752,9,29,25,113,100,39),
 (6753,58,22,1,3,100,72),
 (6754,58,22,2,6,80,72),
 (6755,58,22,3,12,100,72),
 (6756,58,22,4,44,100,72),
 (6757,58,22,6,26,100,72),
 (6758,58,22,7,30,100,72),
 (6759,58,22,11,20,80,72),
 (6760,58,22,12,49,80,72),
 (6761,58,22,14,58,60,72),
 (6762,58,22,15,62,100,72),
 (6763,58,22,16,67,100,72),
 (6764,58,22,17,73,100,72),
 (6765,58,22,18,77,100,72),
 (6766,58,22,19,83,100,72),
 (6767,58,22,20,88,100,72),
 (6768,58,22,21,93,100,72),
 (6769,58,22,22,98,100,72),
 (6770,58,22,23,0,0,72),
 (6771,58,22,24,106,100,72),
 (6772,58,22,25,111,100,72),
 (6773,89,73,1,2,100,7),
 (6774,89,73,2,6,80,7),
 (6775,89,73,3,12,100,7),
 (6776,89,73,4,44,100,7),
 (6777,89,73,6,26,80,7),
 (6778,89,73,7,31,100,7),
 (6779,89,73,11,19,100,7),
 (6780,89,73,12,50,100,7),
 (6781,89,73,14,58,100,7),
 (6782,89,73,15,62,100,7),
 (6783,89,73,16,67,100,7),
 (6784,89,73,17,71,80,7),
 (6785,89,73,18,77,100,7),
 (6786,89,73,19,82,100,7),
 (6787,89,73,20,87,100,7),
 (6788,89,73,21,91,100,7),
 (6789,89,73,22,97,100,7),
 (6790,89,73,23,0,0,7),
 (6791,89,73,24,107,100,7),
 (6792,89,73,25,112,100,7),
 (6793,89,19,1,3,100,39),
 (6794,89,19,2,5,100,39),
 (6795,89,19,3,12,100,39),
 (6796,89,19,4,44,100,39),
 (6797,89,19,6,25,100,39),
 (6798,89,19,7,30,100,39),
 (6799,89,19,11,20,100,39),
 (6800,89,19,12,51,100,39),
 (6801,89,19,14,58,100,39),
 (6802,89,19,15,61,100,39),
 (6803,89,19,16,67,100,39),
 (6804,89,19,17,71,100,39),
 (6805,89,19,18,78,100,39),
 (6806,89,19,19,81,100,39),
 (6807,89,19,20,86,100,39),
 (6808,89,19,21,93,100,39),
 (6809,89,19,22,96,100,39),
 (6810,89,19,23,0,0,39),
 (6811,89,19,24,108,100,39),
 (6812,89,19,25,112,100,39),
 (6813,105,26,1,3,100,52),
 (6814,105,26,2,5,100,52),
 (6815,105,26,3,11,100,52),
 (6816,105,26,4,43,100,52),
 (6817,105,26,6,23,100,52),
 (6818,105,26,7,30,100,52),
 (6819,105,26,11,19,100,52),
 (6820,105,26,12,51,100,52),
 (6821,105,26,14,58,60,52),
 (6822,105,26,15,62,20,52),
 (6823,105,26,16,67,60,52),
 (6824,105,26,17,71,80,52),
 (6825,105,26,18,77,60,52),
 (6826,105,26,19,82,60,52),
 (6827,105,26,20,86,80,52),
 (6828,105,26,21,92,80,52),
 (6829,105,26,22,97,0,52),
 (6830,105,26,23,0,0,52),
 (6831,105,26,24,108,60,52),
 (6832,105,26,25,112,60,52),
 (6833,1,23,1,2,100,7),
 (6834,1,23,2,7,100,7),
 (6835,1,23,3,11,100,7),
 (6836,1,23,4,43,100,7),
 (6837,1,23,6,25,100,7),
 (6838,1,23,7,30,100,7),
 (6839,1,23,11,18,100,7),
 (6840,1,23,12,49,100,7),
 (6841,1,23,14,58,100,7),
 (6842,1,23,15,61,100,7),
 (6843,1,23,16,67,100,7),
 (6844,1,23,17,72,100,7),
 (6845,1,23,18,77,100,7),
 (6846,1,23,19,82,100,7),
 (6847,1,23,20,88,100,7),
 (6848,1,23,21,92,100,7),
 (6849,1,23,22,96,100,7),
 (6850,1,23,23,0,0,7),
 (6851,1,23,24,107,100,7),
 (6852,1,23,25,113,100,7),
 (6853,91,24,1,3,100,99),
 (6854,91,24,2,7,100,99),
 (6855,91,24,3,11,100,99),
 (6856,91,24,4,43,100,99),
 (6857,91,24,6,26,100,99),
 (6858,91,24,7,30,100,99),
 (6859,91,24,11,19,80,99),
 (6860,91,24,12,50,80,99),
 (6861,91,24,14,57,80,99),
 (6862,91,24,15,61,80,99),
 (6863,91,24,16,66,80,99),
 (6864,91,24,17,71,60,99),
 (6865,91,24,18,77,80,99),
 (6866,91,24,19,82,80,99),
 (6867,91,24,20,87,60,99),
 (6868,91,24,21,92,80,99),
 (6869,91,24,22,96,60,99),
 (6870,91,24,23,0,0,99),
 (6871,91,24,24,108,80,99),
 (6872,91,24,25,111,80,99),
 (6873,97,68,1,3,100,104),
 (6874,97,68,2,5,100,104),
 (6875,97,68,3,12,60,104),
 (6876,97,68,4,44,100,104),
 (6877,97,68,6,26,40,104),
 (6878,97,68,7,32,100,104),
 (6879,97,68,11,17,80,104),
 (6880,97,68,12,49,80,104),
 (6881,97,68,14,55,80,104),
 (6882,97,68,15,63,80,104),
 (6883,97,68,16,65,60,104),
 (6884,97,68,17,71,60,104),
 (6885,97,68,18,77,80,104),
 (6886,97,68,19,82,80,104),
 (6887,97,68,20,88,80,104),
 (6888,97,68,21,91,100,104),
 (6889,97,68,22,97,80,104),
 (6890,97,68,23,0,0,104),
 (6891,97,68,24,106,80,104),
 (6892,97,68,25,113,80,104),
 (6893,102,72,1,3,100,72),
 (6894,102,72,2,6,20,72),
 (6895,102,72,3,12,20,72),
 (6896,102,72,4,44,100,72),
 (6897,102,72,6,25,20,72),
 (6898,102,72,7,31,0,72),
 (6899,102,72,11,18,80,72),
 (6900,102,72,12,50,0,72),
 (6901,102,72,14,58,0,72),
 (6902,102,72,15,62,0,72),
 (6903,102,72,16,65,40,72),
 (6904,102,72,17,72,40,72),
 (6905,102,72,18,76,20,72),
 (6906,102,72,19,83,20,72),
 (6907,102,72,20,86,40,72),
 (6908,102,72,21,91,20,72),
 (6909,102,72,22,96,40,72),
 (6910,102,72,23,0,0,72),
 (6911,102,72,24,108,60,72),
 (6912,102,72,25,113,40,72),
 (6913,105,71,1,2,100,10),
 (6914,105,71,2,5,100,10),
 (6915,105,71,3,11,100,10),
 (6916,105,71,4,43,100,10),
 (6917,105,71,6,23,80,10),
 (6918,105,71,7,29,80,10),
 (6919,105,71,11,19,40,10),
 (6920,105,71,12,51,40,10),
 (6921,105,71,14,57,0,10),
 (6922,105,71,15,62,0,10),
 (6923,105,71,16,67,60,10),
 (6924,105,71,17,73,40,10),
 (6925,105,71,18,78,40,10),
 (6926,105,71,19,82,60,10),
 (6927,105,71,20,86,80,10),
 (6928,105,71,21,93,60,10),
 (6929,105,71,22,97,0,10),
 (6930,105,71,23,0,0,10),
 (6931,105,71,24,107,20,10),
 (6932,105,71,25,112,20,10),
 (6933,9,21,1,3,100,10),
 (6934,9,21,2,7,100,10),
 (6935,9,21,3,12,100,10),
 (6936,9,21,4,44,100,10),
 (6937,9,21,6,25,100,10),
 (6938,9,21,7,31,100,10),
 (6939,9,21,11,18,100,10),
 (6940,9,21,12,50,100,10),
 (6941,9,21,14,56,100,10),
 (6942,9,21,15,62,60,10),
 (6943,9,21,16,65,100,10),
 (6944,9,21,17,71,100,10),
 (6945,9,21,18,77,60,10),
 (6946,9,21,19,81,60,10),
 (6947,9,21,20,86,100,10),
 (6948,9,21,21,92,100,10),
 (6949,9,21,22,96,60,10),
 (6950,9,21,23,0,0,10),
 (6951,9,21,24,108,100,10),
 (6952,9,21,25,113,100,10),
 (6953,105,35,1,2,100,16),
 (6954,105,35,2,5,40,16),
 (6955,105,35,3,11,100,16),
 (6956,105,35,4,43,100,16),
 (6957,105,35,6,24,60,16),
 (6958,105,35,7,29,100,16),
 (6959,105,35,11,20,80,16),
 (6960,105,35,12,49,60,16),
 (6961,105,35,14,57,40,16),
 (6962,105,35,15,62,40,16),
 (6963,105,35,16,65,40,16),
 (6964,105,35,17,71,40,16),
 (6965,105,35,18,76,40,16),
 (6966,105,35,19,81,40,16),
 (6967,105,35,20,86,60,16),
 (6968,105,35,21,93,40,16),
 (6969,105,35,22,96,40,16),
 (6970,105,35,23,0,0,16),
 (6971,105,35,24,108,40,16),
 (6972,105,35,25,112,20,16),
 (6973,81,22,1,3,100,72),
 (6974,81,22,2,7,100,72),
 (6975,81,22,3,11,100,72),
 (6976,81,22,4,43,100,72),
 (6977,81,22,6,24,100,72),
 (6978,81,22,7,29,100,72),
 (6979,81,22,11,20,100,72),
 (6980,81,22,12,51,100,72),
 (6981,81,22,14,58,100,72),
 (6982,81,22,15,61,100,72),
 (6983,81,22,16,67,100,72),
 (6984,81,22,17,71,100,72),
 (6985,81,22,18,78,100,72),
 (6986,81,22,19,81,100,72),
 (6987,81,22,20,86,100,72),
 (6988,81,22,21,93,100,72),
 (6989,81,22,22,96,100,72),
 (6990,81,22,23,0,0,72),
 (6991,81,22,24,108,100,72),
 (6992,81,22,25,113,100,72),
 (6993,28,66,1,3,100,52),
 (6994,28,66,2,7,40,52),
 (6995,28,66,3,12,100,52),
 (6996,28,66,4,44,100,52),
 (6997,28,66,6,25,80,52),
 (6998,28,66,7,29,100,52),
 (6999,28,66,11,19,80,52),
 (7000,28,66,12,49,100,52),
 (7001,28,66,14,57,80,52),
 (7002,28,66,15,63,80,52),
 (7003,28,66,16,66,60,52),
 (7004,28,66,17,73,100,52),
 (7005,28,66,18,77,80,52),
 (7006,28,66,19,83,100,52),
 (7007,28,66,20,88,100,52),
 (7008,28,66,21,92,100,52),
 (7009,28,66,22,98,100,52),
 (7010,28,66,23,0,0,52),
 (7011,28,66,24,106,100,52),
 (7012,28,66,25,113,100,52),
 (7013,40,68,1,3,100,104),
 (7014,40,68,2,5,100,104),
 (7015,40,68,3,12,100,104),
 (7016,40,68,4,44,100,104),
 (7017,40,68,6,26,100,104),
 (7018,40,68,7,29,60,104),
 (7019,40,68,11,19,80,104),
 (7020,40,68,12,51,100,104),
 (7021,40,68,14,57,40,104),
 (7022,40,68,15,61,40,104),
 (7023,40,68,16,66,80,104),
 (7024,40,68,17,71,100,104),
 (7025,40,68,18,78,60,104),
 (7026,40,68,19,81,80,104),
 (7027,40,68,20,87,60,104),
 (7028,40,68,21,93,100,104),
 (7029,40,68,22,96,100,104),
 (7030,40,68,23,0,0,104),
 (7031,40,68,24,108,100,104),
 (7032,40,68,25,112,100,104),
 (7033,25,26,1,3,100,52),
 (7034,25,26,2,7,100,52),
 (7035,25,26,3,12,80,52),
 (7036,25,26,4,44,100,52),
 (7037,25,26,6,24,100,52),
 (7038,25,26,7,29,100,52),
 (7039,25,26,11,18,100,52),
 (7040,25,26,12,51,100,52),
 (7041,25,26,14,57,0,52),
 (7042,25,26,15,62,0,52),
 (7043,25,26,16,67,60,52),
 (7044,25,26,17,70,100,52),
 (7045,25,26,18,76,60,52),
 (7046,25,26,19,82,40,52),
 (7047,25,26,20,87,40,52),
 (7048,25,26,21,90,100,52),
 (7049,25,26,22,98,80,52),
 (7050,25,26,23,0,0,52),
 (7051,25,26,24,108,100,52),
 (7052,25,26,25,112,40,52),
 (7053,25,71,1,2,100,10),
 (7054,25,71,2,7,80,10),
 (7055,25,71,3,12,100,10),
 (7056,25,71,4,44,100,10),
 (7057,25,71,6,24,80,10),
 (7058,25,71,7,28,100,10),
 (7059,25,71,11,19,60,10),
 (7060,25,71,12,49,60,10),
 (7061,25,71,14,58,0,10),
 (7062,25,71,15,61,40,10),
 (7063,25,71,16,67,60,10),
 (7064,25,71,17,72,0,10),
 (7065,25,71,18,78,40,10),
 (7066,25,71,19,83,20,10),
 (7067,25,71,20,87,0,10),
 (7068,25,71,21,92,20,10),
 (7069,25,71,22,98,60,10),
 (7070,25,71,23,0,0,10),
 (7071,25,71,24,107,40,10),
 (7072,25,71,25,111,20,10),
 (7073,38,66,1,2,100,52),
 (7074,38,66,2,6,60,52),
 (7075,38,66,3,12,100,52),
 (7076,38,66,4,44,100,52),
 (7077,38,66,6,25,60,52),
 (7078,38,66,7,32,100,52),
 (7079,38,66,11,18,80,52),
 (7080,38,66,12,49,100,52),
 (7081,38,66,14,56,100,52),
 (7082,38,66,15,63,100,52),
 (7083,38,66,16,66,60,52),
 (7084,38,66,17,72,100,52),
 (7085,38,66,18,78,60,52),
 (7086,38,66,19,83,100,52),
 (7087,38,66,20,88,100,52),
 (7088,38,66,21,91,40,52),
 (7089,38,66,22,99,100,52),
 (7090,38,66,23,0,0,52),
 (7091,38,66,24,106,100,52),
 (7092,38,66,25,111,100,52),
 (7093,25,35,1,2,100,16),
 (7094,25,35,2,7,80,16),
 (7095,25,35,3,12,60,16),
 (7096,25,35,4,44,60,16),
 (7097,25,35,6,24,60,16),
 (7098,25,35,7,29,80,16),
 (7099,25,35,11,19,60,16),
 (7100,25,35,12,49,80,16),
 (7101,25,35,14,58,60,16),
 (7102,25,35,15,62,20,16),
 (7103,25,35,16,65,60,16),
 (7104,25,35,17,73,60,16),
 (7105,25,35,18,76,40,16),
 (7106,25,35,19,83,40,16),
 (7107,25,35,20,87,40,16),
 (7108,25,35,21,92,60,16),
 (7109,25,35,22,98,80,16),
 (7110,25,35,23,0,0,16),
 (7111,25,35,24,106,60,16),
 (7112,25,35,25,112,40,16),
 (7113,51,72,1,3,100,72),
 (7114,51,72,2,6,40,72),
 (7115,51,72,3,12,20,72),
 (7116,51,72,4,44,80,72),
 (7117,51,72,6,25,60,72),
 (7118,51,72,7,30,60,72),
 (7119,51,72,11,19,60,72),
 (7120,51,72,12,50,60,72),
 (7121,51,72,14,57,60,72),
 (7122,51,72,15,62,0,72),
 (7123,51,72,16,66,0,72),
 (7124,51,72,17,72,60,72),
 (7125,51,72,18,77,40,72),
 (7126,51,72,19,82,20,72),
 (7127,51,72,20,87,40,72),
 (7128,51,72,21,92,20,72),
 (7129,51,72,22,97,0,72),
 (7130,51,72,23,0,0,72),
 (7131,51,72,24,107,0,72),
 (7132,51,72,25,112,0,72),
 (7133,19,22,1,3,100,72),
 (7134,19,22,2,7,80,72),
 (7135,19,22,3,12,100,72),
 (7136,19,22,4,44,100,72),
 (7137,19,22,6,26,80,72),
 (7138,19,22,7,30,100,72),
 (7139,19,22,11,19,60,72),
 (7140,19,22,12,51,100,72),
 (7141,19,22,14,58,100,72),
 (7142,19,22,15,61,100,72),
 (7143,19,22,16,65,100,72),
 (7144,19,22,17,71,60,72),
 (7145,19,22,18,77,80,72),
 (7146,19,22,19,81,60,72),
 (7147,19,22,20,86,100,72),
 (7148,19,22,21,93,100,72),
 (7149,19,22,22,96,100,72),
 (7150,19,22,23,0,0,72),
 (7151,19,22,24,108,100,72),
 (7152,19,22,25,113,100,72),
 (7153,91,68,1,3,100,104),
 (7154,91,68,2,7,60,104),
 (7155,91,68,3,12,100,104),
 (7156,91,68,4,44,100,104),
 (7157,91,68,6,26,100,104),
 (7158,91,68,7,30,80,104),
 (7159,91,68,11,18,80,104),
 (7160,91,68,12,50,80,104),
 (7161,91,68,14,56,60,104),
 (7162,91,68,15,63,60,104),
 (7163,91,68,16,66,80,104),
 (7164,91,68,17,72,60,104),
 (7165,91,68,18,76,60,104),
 (7166,91,68,19,83,60,104),
 (7167,91,68,20,88,60,104),
 (7168,91,68,21,91,60,104),
 (7169,91,68,22,98,60,104),
 (7170,91,68,23,0,0,104),
 (7171,91,68,24,106,100,104),
 (7172,91,68,25,111,100,104),
 (7173,28,22,1,2,100,72),
 (7174,28,22,2,8,100,72),
 (7175,28,22,3,12,100,72),
 (7176,28,22,4,44,100,72),
 (7177,28,22,6,26,100,72),
 (7178,28,22,7,28,100,72),
 (7179,28,22,11,20,100,72),
 (7180,28,22,12,49,100,72),
 (7181,28,22,14,58,40,72),
 (7182,28,22,15,63,40,72),
 (7183,28,22,16,67,60,72),
 (7184,28,22,17,73,40,72),
 (7185,28,22,18,78,100,72),
 (7186,28,22,19,83,100,72),
 (7187,28,22,20,86,100,72),
 (7188,28,22,21,93,100,72),
 (7189,28,22,22,98,100,72),
 (7190,28,22,23,0,0,72),
 (7191,28,22,24,106,100,72),
 (7192,28,22,25,111,100,72),
 (7193,38,22,1,3,100,72),
 (7194,38,22,2,7,100,72),
 (7195,38,22,3,12,100,72),
 (7196,38,22,4,44,100,72),
 (7197,38,22,6,26,100,72),
 (7198,38,22,7,30,100,72),
 (7199,38,22,11,20,100,72),
 (7200,38,22,12,49,100,72),
 (7201,38,22,14,56,100,72),
 (7202,38,22,15,63,100,72),
 (7203,38,22,16,67,100,72),
 (7204,38,22,17,73,100,72),
 (7205,38,22,18,77,40,72),
 (7206,38,22,19,83,60,72),
 (7207,38,22,20,88,80,72),
 (7208,38,22,21,93,80,72),
 (7209,38,22,22,98,100,72),
 (7210,38,22,23,0,0,72),
 (7211,38,22,24,106,100,72),
 (7212,38,22,25,111,100,72);


--
-- Definition of table `field`
--

CREATE TABLE `field` (
  `id` int(11) NOT NULL DEFAULT '0',
  `name` varchar(255) NOT NULL
) ENGINE=InnoDB DEFAULT CHARSET=latin1;

--
-- Dumping data for table `field`
--

INSERT INTO `field` (`id`,`name`) VALUES 
 (1,'Sex'),
 (2,'Age'),
 (3,'Ethnicity'),
 (4,'Skin Colour'),
 (6,'Hair Colour'),
 (7,'Hair Length'),
 (11,'Height'),
 (12,'Figure'),
 (14,'Neck Length'),
 (15,'Neck Thickness'),
 (16,'Shoulder Shape'),
 (17,'Chest'),
 (18,'Arm Length'),
 (19,'Arm Thickness'),
 (20,'Hips'),
 (21,'Leg Length'),
 (22,'Leg Thickness'),
 (24,'Weight'),
 (25,'Muscle Build');


--
-- Definition of table `subjectgroups`
--

CREATE TABLE `subjectgroups` (
  `ID` int(10) unsigned NOT NULL AUTO_INCREMENT,
  `SubjectID` varchar(45) NOT NULL,
  `SubLetter` varchar(45) NOT NULL,
  `ExperimentLetter` varchar(45) NOT NULL,
  `SubjectGroup` varchar(45) NOT NULL,
  `SubjectGroupId` varchar(45) NOT NULL,
  PRIMARY KEY (`ID`)
) ENGINE=InnoDB AUTO_INCREMENT=660 DEFAULT CHARSET=latin1;

--
-- Dumping data for table `subjectgroups`
--

INSERT INTO `subjectgroups` (`ID`,`SubjectID`,`SubLetter`,`ExperimentLetter`,`SubjectGroup`,`SubjectGroupId`) VALUES 
 (532,'83','1','1','1','1'),
 (533,'41','1','1','2','1'),
 (534,'94','1','1','3','1'),
 (535,'110','1','1','4','1'),
 (536,'63','1','1','5','1'),
 (537,'49','1','1','6','1'),
 (538,'67','1','1','7','1'),
 (539,'115','1','1','8','1'),
 (540,'79','1','1','9','1'),
 (541,'69','1','1','10','1'),
 (542,'32','1','2','1','1'),
 (543,'10','1','2','2','1'),
 (544,'72','1','2','3','1'),
 (545,'7','1','2','4','1'),
 (546,'99','1','2','5','1'),
 (547,'16','1','2','6','1'),
 (548,'52','1','2','7','1'),
 (549,'71','1','2','8','1'),
 (550,'104','1','2','9','1'),
 (551,'39','1','2','10','1'),
 (552,'84','2','2','1','1'),
 (553,'45','2','2','1','2'),
 (554,'23','2','2','1','3'),
 (555,'105','2','2','1','4'),
 (557,'73','2','2','2','1'),
 (558,'59','2','2','2','2'),
 (559,'35','2','2','2','3'),
 (560,'102','2','2','2','4'),
 (561,'51','2','2','2','5'),
 (562,'56','2','2','3','1'),
 (563,'4','2','2','3','2'),
 (566,'89','2','2','3','5'),
 (567,'68','2','2','4','1'),
 (568,'33','2','2','4','2'),
 (569,'8','2','2','4','3'),
 (570,'103','2','2','4','4'),
 (571,'9','2','2','4','5'),
 (573,'81','2','2','5','2'),
 (574,'19','2','2','5','3'),
 (575,'28','2','2','5','4'),
 (576,'38','2','2','5','5'),
 (577,'62','2','2','6','1'),
 (579,'20','2','2','6','3'),
 (580,'66','2','2','6','4'),
 (581,'1','2','2','6','5'),
 (582,'5','2','2','7','1'),
 (583,'114','2','2','7','2'),
 (584,'97','2','2','7','3'),
 (585,'40','2','2','7','4'),
 (586,'91','2','2','7','5'),
 (588,'43','2','2','8','2'),
 (589,'18','2','2','8','3'),
 (590,'3','2','2','8','4'),
 (591,'60','2','2','8','5'),
 (592,'101','2','1','1','1'),
 (593,'92','2','1','1','2'),
 (594,'85','2','1','1','3'),
 (595,'64','2','1','1','4'),
 (596,'37','2','1','1','5'),
 (597,'88','2','1','2','1'),
 (598,'17','2','1','2','2'),
 (599,'13','2','1','2','3'),
 (600,'24','2','1','2','4'),
 (602,'82','2','1','3','1'),
 (603,'6','2','1','3','2'),
 (604,'21','2','1','3','3'),
 (605,'61','2','1','3','4'),
 (606,'47','2','1','3','5'),
 (607,'90','2','1','4','1'),
 (608,'36','2','1','4','2'),
 (609,'96','2','1','4','3'),
 (610,'53','2','1','4','4'),
 (611,'22','2','1','4','5'),
 (612,'30','2','1','5','1'),
 (613,'12','2','1','5','2'),
 (614,'11','2','1','5','3'),
 (615,'15','2','1','5','4'),
 (617,'46','2','1','6','1'),
 (618,'106','2','1','6','2'),
 (619,'48','2','1','6','3'),
 (620,'42','2','1','6','4'),
 (621,'77','2','1','6','5'),
 (622,'44','2','1','7','1'),
 (623,'26','2','1','7','2'),
 (624,'70','2','1','7','3'),
 (625,'86','2','1','7','4'),
 (626,'57','2','1','7','5'),
 (627,'65','2','1','8','1'),
 (628,'100','2','1','8','2'),
 (629,'27','2','1','8','3'),
 (630,'34','2','1','8','4'),
 (631,'14','2','1','8','5'),
 (633,'80','2','3','1','1'),
 (634,'54','2','3','1','1'),
 (635,'87','2','3','1','1'),
 (636,'31','2','3','1','1'),
 (637,'76','2','3','1','1'),
 (645,'25','2','2','1','5'),
 (646,'113','3','3','3','3'),
 (647,'58','2','2','5','1'),
 (648,'107','3','3','3','3'),
 (649,'50','2','1','5','5'),
 (650,'98','3','3','3','3'),
 (651,'55','2','2','3','4'),
 (652,'109','3','3','3','3'),
 (653,'108','2','1','2','5'),
 (654,'112','3','3','3','3'),
 (655,'29','2','2','6','2'),
 (656,'111','3','3','3','3'),
 (657,'78','2','2','3','3'),
 (658,'95','3','3','3','3'),
 (659,'74','2','2','8','1');


--
-- Definition of table `subjectvideos`
--

CREATE TABLE `subjectvideos` (
  `videoId` varchar(255) NOT NULL DEFAULT '',
  `subjectId` varchar(255) NOT NULL DEFAULT '',
  PRIMARY KEY (`videoId`,`subjectId`)
) ENGINE=InnoDB DEFAULT CHARSET=latin1;

--
-- Dumping data for table `subjectvideos`
--

INSERT INTO `subjectvideos` (`videoId`,`subjectId`) VALUES 
 ('1','27'),
 ('100','58'),
 ('1000','76'),
 ('1001','1'),
 ('1002','92'),
 ('1003','99'),
 ('1004','66'),
 ('1005','6'),
 ('1006','1'),
 ('1007','88'),
 ('1008','43'),
 ('1009','84'),
 ('101','55'),
 ('1010','63'),
 ('1011','112'),
 ('1012','47'),
 ('1013','86'),
 ('1014','38'),
 ('1015','73'),
 ('1016','65'),
 ('1017','12'),
 ('1018','87'),
 ('1019','11'),
 ('102','32'),
 ('1020','49'),
 ('1021','66'),
 ('1022','56'),
 ('1023','8'),
 ('1024','74'),
 ('1025','110'),
 ('1026','47'),
 ('1027','30'),
 ('1028','97'),
 ('1029','91'),
 ('103','12'),
 ('1030','105'),
 ('1031','8'),
 ('1032','30'),
 ('1033','4'),
 ('1034','109'),
 ('1035','89'),
 ('1036','29'),
 ('1037','30'),
 ('1038','69'),
 ('1039','54'),
 ('104','56'),
 ('1040','65'),
 ('1041','45'),
 ('1042','19'),
 ('1043','47'),
 ('1044','41'),
 ('1045','20'),
 ('1046','83'),
 ('1047','24'),
 ('1048','43'),
 ('1049','38'),
 ('105','60'),
 ('1050','28'),
 ('1051','63'),
 ('1052','44'),
 ('1053','19'),
 ('1054','12'),
 ('1055','108'),
 ('1056','109'),
 ('1057','31'),
 ('1058','14'),
 ('1059','109'),
 ('106','61'),
 ('1060','109'),
 ('1061','51'),
 ('1062','69'),
 ('1063','32'),
 ('1064','35'),
 ('1065','54'),
 ('1066','81'),
 ('1067','103'),
 ('1068','75'),
 ('1069','82'),
 ('107','46'),
 ('1070','71'),
 ('1071','27'),
 ('1072','14'),
 ('1073','72'),
 ('1074','64'),
 ('1075','5'),
 ('1076','85'),
 ('1077','4'),
 ('1078','68'),
 ('1079','15'),
 ('108','62'),
 ('1080','33'),
 ('1081','12'),
 ('1082','7'),
 ('1083','40'),
 ('1084','57'),
 ('1085','55'),
 ('1086','115'),
 ('1087','56'),
 ('1088','70'),
 ('1089','40'),
 ('109','29'),
 ('1090','37'),
 ('1091','99'),
 ('1092','87'),
 ('1093','66'),
 ('1094','85'),
 ('1095','31'),
 ('1096','21'),
 ('1097','11'),
 ('1098','98'),
 ('1099','111'),
 ('110','33'),
 ('1100','28'),
 ('1101','2'),
 ('1102','60'),
 ('1103','6'),
 ('1104','26'),
 ('1105','8'),
 ('1106','12'),
 ('1107','104'),
 ('1108','78'),
 ('1109','41'),
 ('111','52'),
 ('1110','88'),
 ('1111','44'),
 ('1112','35'),
 ('1113','75'),
 ('1114','87'),
 ('1115','65'),
 ('1116','74'),
 ('1117','29'),
 ('1118','115'),
 ('1119','26'),
 ('112','56'),
 ('1120','85'),
 ('1121','1'),
 ('1122','22'),
 ('1123','94'),
 ('1124','60'),
 ('1125','1'),
 ('1126','84'),
 ('1127','15'),
 ('1128','70'),
 ('1129','74'),
 ('113','63'),
 ('1130','5'),
 ('1131','12'),
 ('1132','91'),
 ('1133','23'),
 ('1134','95'),
 ('1135','72'),
 ('1136','73'),
 ('1137','38'),
 ('1138','103'),
 ('1139','74'),
 ('114','13'),
 ('1140','14'),
 ('1141','42'),
 ('1142','96'),
 ('1143','16'),
 ('1144','16'),
 ('1145','115'),
 ('1146','35'),
 ('1147','45'),
 ('1148','10'),
 ('1149','6'),
 ('115','57'),
 ('1150','44'),
 ('1151','49'),
 ('1152','109'),
 ('1153','11'),
 ('1154','50'),
 ('1155','27'),
 ('1156','47'),
 ('1157','69'),
 ('1158','85'),
 ('1159','18'),
 ('116','64'),
 ('1160','110'),
 ('1161','56'),
 ('1162','91'),
 ('1163','39'),
 ('1164','6'),
 ('1165','78'),
 ('1166','111'),
 ('1167','78'),
 ('1168','94'),
 ('1169','82'),
 ('117','65'),
 ('1170','4'),
 ('1171','37'),
 ('1172','110'),
 ('1173','20'),
 ('1174','84'),
 ('1175','48'),
 ('1176','39'),
 ('1177','14'),
 ('1178','4'),
 ('1179','61'),
 ('118','66'),
 ('1180','24'),
 ('1181','14'),
 ('1182','35'),
 ('1183','2'),
 ('1184','18'),
 ('1185','83'),
 ('1186','35'),
 ('1187','97'),
 ('1188','107'),
 ('1189','33'),
 ('119','62'),
 ('1190','109'),
 ('1191','41'),
 ('1192','46'),
 ('1193','68'),
 ('1194','12'),
 ('1195','95'),
 ('1196','49'),
 ('1197','51'),
 ('1198','13'),
 ('1199','4'),
 ('120','67'),
 ('1200','66'),
 ('1201','28'),
 ('1202','96'),
 ('1203','19'),
 ('1204','15'),
 ('1205','65'),
 ('1206','31'),
 ('1207','56'),
 ('1208','76'),
 ('1209','32'),
 ('121','14'),
 ('1210','100'),
 ('1211','80'),
 ('1212','49'),
 ('1213','13'),
 ('1214','81'),
 ('1215','89'),
 ('1216','90'),
 ('1217','87'),
 ('1218','48'),
 ('1219','110'),
 ('122','37'),
 ('1220','43'),
 ('1221','39'),
 ('1222','104'),
 ('1223','21'),
 ('1224','82'),
 ('1225','2'),
 ('1226','25'),
 ('1227','112'),
 ('1228','30'),
 ('1229','81'),
 ('123','54'),
 ('1230','86'),
 ('1231','19'),
 ('1232','57'),
 ('1233','100'),
 ('1234','30'),
 ('1235','57'),
 ('1236','51'),
 ('1237','58'),
 ('1238','113'),
 ('1239','47'),
 ('124','48'),
 ('1240','59'),
 ('1241','62'),
 ('1242','66'),
 ('1243','44'),
 ('1244','47'),
 ('1245','36'),
 ('1246','104'),
 ('1247','83'),
 ('1248','61'),
 ('1249','30'),
 ('125','60'),
 ('1250','17'),
 ('1251','38'),
 ('1252','3'),
 ('1253','109'),
 ('1254','4'),
 ('1255','19'),
 ('1256','21'),
 ('1257','1'),
 ('1258','17'),
 ('1259','73'),
 ('126','68'),
 ('1260','77'),
 ('1261','1'),
 ('1262','46'),
 ('1263','115'),
 ('1264','113'),
 ('1265','58'),
 ('1266','56'),
 ('1267','44'),
 ('1268','57'),
 ('1269','16'),
 ('127','1'),
 ('1270','16'),
 ('1271','79'),
 ('1272','99'),
 ('1273','103'),
 ('1274','93'),
 ('1275','63'),
 ('1276','104'),
 ('1277','38'),
 ('1278','55'),
 ('1279','92'),
 ('128','23'),
 ('1280','87'),
 ('1281','3'),
 ('1282','64'),
 ('1283','79'),
 ('1284','57'),
 ('1285','103'),
 ('1286','7'),
 ('1287','17'),
 ('1288','34'),
 ('1289','61'),
 ('129','29'),
 ('1290','55'),
 ('1291','35'),
 ('1292','109'),
 ('1293','97'),
 ('1294','84'),
 ('1295','92'),
 ('1296','111'),
 ('1297','72'),
 ('1298','88'),
 ('1299','91'),
 ('130','30'),
 ('1300','58'),
 ('1301','73'),
 ('1302','85'),
 ('1303','99'),
 ('1304','6'),
 ('1305','105'),
 ('1306','8'),
 ('1307','74'),
 ('1308','7'),
 ('1309','6'),
 ('131','4'),
 ('1310','12'),
 ('1311','46'),
 ('1312','109'),
 ('1313','42'),
 ('1314','33'),
 ('1315','85'),
 ('1316','13'),
 ('1317','95'),
 ('1318','110'),
 ('1319','64'),
 ('132','69'),
 ('1320','11'),
 ('1321','102'),
 ('1322','65'),
 ('1323','49'),
 ('1324','30'),
 ('1325','56'),
 ('1326','52'),
 ('1327','92'),
 ('1328','78'),
 ('1329','56'),
 ('133','2'),
 ('1330','84'),
 ('1331','112'),
 ('1332','45'),
 ('1333','67'),
 ('1334','73'),
 ('1335','67'),
 ('1336','34'),
 ('1337','65'),
 ('1338','91'),
 ('1339','41'),
 ('134','2'),
 ('1340','92'),
 ('1341','24'),
 ('1342','55'),
 ('1343','19'),
 ('1344','70'),
 ('1345','99'),
 ('1346','19'),
 ('1347','67'),
 ('1348','20'),
 ('1349','91'),
 ('135','70'),
 ('1350','109'),
 ('1351','62'),
 ('1352','19'),
 ('1353','11'),
 ('1354','70'),
 ('1355','115'),
 ('1356','98'),
 ('1357','47'),
 ('1358','62'),
 ('1359','28'),
 ('136','4'),
 ('1360','33'),
 ('1361','51'),
 ('1362','59'),
 ('1363','69'),
 ('1364','25'),
 ('1365','69'),
 ('1366','36'),
 ('1367','11'),
 ('1368','40'),
 ('1369','23'),
 ('137','33'),
 ('1370','4'),
 ('1371','28'),
 ('1372','41'),
 ('1373','15'),
 ('1374','2'),
 ('1375','19'),
 ('1376','72'),
 ('1377','75'),
 ('1378','99'),
 ('1379','36'),
 ('138','52'),
 ('1380','14'),
 ('1381','105'),
 ('1382','50'),
 ('1383','109'),
 ('1384','19'),
 ('1385','18'),
 ('1386','39'),
 ('1387','63'),
 ('1388','78'),
 ('1389','7'),
 ('139','71'),
 ('1390','27'),
 ('1391','50'),
 ('1392','25'),
 ('1393','105'),
 ('1394','100'),
 ('1395','86'),
 ('1396','3'),
 ('1397','112'),
 ('1398','23'),
 ('1399','84'),
 ('140','14'),
 ('1400','30'),
 ('1401','88'),
 ('1402','13'),
 ('1403','53'),
 ('1404','113'),
 ('1405','45'),
 ('1406','9'),
 ('1407','7'),
 ('1408','85'),
 ('1409','15'),
 ('141','26'),
 ('1410','17'),
 ('1411','65'),
 ('1412','84'),
 ('1413','63'),
 ('1414','16'),
 ('1415','40'),
 ('1416','52'),
 ('1417','95'),
 ('1418','79'),
 ('1419','18'),
 ('142','9'),
 ('1420','45'),
 ('1421','16'),
 ('1422','104'),
 ('1423','101'),
 ('1424','60'),
 ('1425','56'),
 ('1426','98'),
 ('1427','56'),
 ('1428','88'),
 ('1429','31'),
 ('143','72'),
 ('1430','40'),
 ('1431','59'),
 ('1432','110'),
 ('1433','102'),
 ('1434','60'),
 ('1435','38'),
 ('1436','105'),
 ('1437','92'),
 ('1438','63'),
 ('1439','41'),
 ('144','47'),
 ('1440','63'),
 ('1441','95'),
 ('1442','43'),
 ('1443','82'),
 ('1444','37'),
 ('1445','12'),
 ('1446','70'),
 ('1447','38'),
 ('1448','33'),
 ('1449','70'),
 ('145','63'),
 ('1450','57'),
 ('1451','47'),
 ('1452','1'),
 ('1453','66'),
 ('1454','18'),
 ('1455','83'),
 ('1456','112'),
 ('1457','41'),
 ('1458','93'),
 ('1459','98'),
 ('146','4'),
 ('1460','76'),
 ('1461','95'),
 ('1462','110'),
 ('1463','2'),
 ('1464','111'),
 ('1465','96'),
 ('1466','29'),
 ('1467','47'),
 ('1468','61'),
 ('1469','79'),
 ('147','73'),
 ('1470','54'),
 ('1471','76'),
 ('1472','41'),
 ('1473','60'),
 ('1474','78'),
 ('1475','105'),
 ('1476','94'),
 ('1477','113'),
 ('1478','16'),
 ('1479','30'),
 ('148','74'),
 ('1480','111'),
 ('1481','24'),
 ('1482','31'),
 ('1483','54'),
 ('1484','87'),
 ('1485','38'),
 ('1486','59'),
 ('1487','2'),
 ('1488','15'),
 ('1489','88'),
 ('149','14'),
 ('1490','104'),
 ('1491','31'),
 ('1492','33'),
 ('1493','107'),
 ('1494','10'),
 ('1495','90'),
 ('1496','60'),
 ('1497','98'),
 ('1498','78'),
 ('1499','64'),
 ('150','75'),
 ('1500','52'),
 ('1501','87'),
 ('1502','23'),
 ('1503','63'),
 ('1504','64'),
 ('1505','25'),
 ('1506','39'),
 ('1507','104'),
 ('1508','48'),
 ('1509','72'),
 ('151','72'),
 ('1510','62'),
 ('1511','94'),
 ('1512','32'),
 ('1514','28'),
 ('1515','79'),
 ('1516','45'),
 ('1517','36'),
 ('1518','47'),
 ('1519','86'),
 ('152','32'),
 ('1520','80'),
 ('1521','45'),
 ('1522','1'),
 ('1523','99'),
 ('1524','10'),
 ('1525','85'),
 ('1526','103'),
 ('1527','94'),
 ('1528','5'),
 ('1529','5'),
 ('153','76'),
 ('1530','14'),
 ('1531','85'),
 ('1532','56'),
 ('1533','93'),
 ('1534','38'),
 ('1535','31'),
 ('1536','100'),
 ('1537','13'),
 ('1538','83'),
 ('1539','81'),
 ('154','77'),
 ('1540','104'),
 ('1541','12'),
 ('1542','53'),
 ('1543','34'),
 ('1544','109'),
 ('1545','22'),
 ('1546','64'),
 ('1547','105'),
 ('1548','98'),
 ('1549','100'),
 ('155','20'),
 ('1550','1'),
 ('1551','8'),
 ('1552','2'),
 ('1553','110'),
 ('1554','79'),
 ('1555','85'),
 ('1556','86'),
 ('1557','73'),
 ('1558','6'),
 ('1559','50'),
 ('156','34'),
 ('1560','28'),
 ('1561','79'),
 ('1562','60'),
 ('1563','88'),
 ('1564','46'),
 ('1565','38'),
 ('1566','82'),
 ('1567','41'),
 ('1568','79'),
 ('1569','98'),
 ('157','78'),
 ('1570','55'),
 ('1571','18'),
 ('1572','30'),
 ('1573','87'),
 ('1574','1'),
 ('1575','60'),
 ('1576','53'),
 ('1577','94'),
 ('1578','75'),
 ('1579','93'),
 ('158','79'),
 ('1580','103'),
 ('1581','98'),
 ('1582','2'),
 ('1583','52'),
 ('1584','89'),
 ('1585','20'),
 ('1586','39'),
 ('1587','41'),
 ('1588','63'),
 ('1589','8'),
 ('159','34'),
 ('1590','89'),
 ('1591','15'),
 ('1592','62'),
 ('1593','10'),
 ('1594','79'),
 ('1595','15'),
 ('1596','50'),
 ('1597','39'),
 ('1598','59'),
 ('1599','53'),
 ('160','60'),
 ('1600','36'),
 ('1601','75'),
 ('1602','14'),
 ('1603','4'),
 ('1604','50'),
 ('1605','4'),
 ('1606','18'),
 ('1607','44'),
 ('1608','20'),
 ('1609','48'),
 ('161','23'),
 ('1610','21'),
 ('1611','67'),
 ('1612','102'),
 ('1613','94'),
 ('1614','36'),
 ('1615','89'),
 ('1616','72'),
 ('1617','10'),
 ('1618','34'),
 ('1619','30'),
 ('162','51'),
 ('1620','80'),
 ('1621','109'),
 ('1622','68'),
 ('1623','71'),
 ('1624','66'),
 ('1625','60'),
 ('1626','13'),
 ('1627','108'),
 ('1628','70'),
 ('1629','17'),
 ('163','36'),
 ('1630','32'),
 ('1631','56'),
 ('1632','39'),
 ('1633','24'),
 ('1634','77'),
 ('1635','58'),
 ('1636','56'),
 ('1637','73'),
 ('1638','49'),
 ('1639','32'),
 ('164','80'),
 ('1640','89'),
 ('1641','62'),
 ('1642','72'),
 ('1643','80'),
 ('1644','24'),
 ('1645','101'),
 ('1646','54'),
 ('1647','78'),
 ('1648','39'),
 ('1649','41'),
 ('165','70'),
 ('1650','13'),
 ('1651','84'),
 ('1652','32'),
 ('1653','110'),
 ('1654','108'),
 ('1655','94'),
 ('1656','70'),
 ('1657','26'),
 ('1658','49'),
 ('1659','55'),
 ('166','81'),
 ('1660','23'),
 ('1661','8'),
 ('1662','95'),
 ('1663','62'),
 ('1664','78'),
 ('1665','7'),
 ('1666','11'),
 ('1667','60'),
 ('1668','45'),
 ('1669','51'),
 ('167','36'),
 ('1670','48'),
 ('1671','77'),
 ('1672','53'),
 ('1673','69'),
 ('1674','5'),
 ('1675','57'),
 ('1676','109'),
 ('1677','44'),
 ('1678','13'),
 ('1679','96'),
 ('168','63'),
 ('1680','1'),
 ('1681','57'),
 ('1682','63'),
 ('1683','81'),
 ('1684','87'),
 ('1685','66'),
 ('1686','76'),
 ('1687','91'),
 ('1688','55'),
 ('1689','106'),
 ('169','80'),
 ('1690','98'),
 ('1691','89'),
 ('1692','53'),
 ('1693','66'),
 ('1694','108'),
 ('1695','100'),
 ('1696','63'),
 ('1697','21'),
 ('1698','43'),
 ('170','56'),
 ('1700','41'),
 ('1701','107'),
 ('1702','49'),
 ('1703','74'),
 ('1704','60'),
 ('1705','44'),
 ('1706','39'),
 ('1707','91'),
 ('1708','34'),
 ('1709','21'),
 ('171','72'),
 ('1710','46'),
 ('1711','76'),
 ('1712','77'),
 ('1713','103'),
 ('1714','60'),
 ('1715','21'),
 ('1716','110'),
 ('1717','55'),
 ('1718','101'),
 ('1719','29'),
 ('172','27'),
 ('1720','86'),
 ('1721','79'),
 ('1722','76'),
 ('1723','45'),
 ('1724','2'),
 ('1725','22'),
 ('1726','7'),
 ('1727','54'),
 ('1728','7'),
 ('1729','114'),
 ('173','69'),
 ('1730','89'),
 ('1731','56'),
 ('1732','41'),
 ('1733','1'),
 ('1734','58'),
 ('1735','67'),
 ('1736','114'),
 ('1737','25'),
 ('1738','85'),
 ('1739','30'),
 ('174','77'),
 ('1740','41'),
 ('1741','41'),
 ('1742','86'),
 ('1743','88'),
 ('1744','63'),
 ('1745','63'),
 ('1746','10'),
 ('1747','2'),
 ('1748','50'),
 ('1749','6'),
 ('175','74'),
 ('1750','29'),
 ('1751','56'),
 ('1752','9'),
 ('1753','85'),
 ('1754','60'),
 ('1755','25'),
 ('1756','98'),
 ('1757','78'),
 ('1758','83'),
 ('1759','28'),
 ('176','58'),
 ('1760','53'),
 ('1761','78'),
 ('1762','5'),
 ('1763','4'),
 ('1764','114'),
 ('1765','8'),
 ('1766','73'),
 ('1767','91'),
 ('1768','66'),
 ('1769','75'),
 ('177','70'),
 ('1770','64'),
 ('1771','3'),
 ('1772','8'),
 ('1773','65'),
 ('1774','56'),
 ('1775','25'),
 ('1776','97'),
 ('1777','115'),
 ('1778','43'),
 ('1779','86'),
 ('178','64'),
 ('1780','33'),
 ('1781','3'),
 ('1782','29'),
 ('1783','107'),
 ('1784','80'),
 ('1785','52'),
 ('1786','57'),
 ('1787','70'),
 ('1788','28'),
 ('1789','41'),
 ('179','63'),
 ('1790','87'),
 ('1791','37'),
 ('1792','36'),
 ('1793','112'),
 ('1794','82'),
 ('1795','50'),
 ('1796','85'),
 ('1797','110'),
 ('1798','38'),
 ('1799','18'),
 ('180','1'),
 ('1800','69'),
 ('1801','47'),
 ('1802','80'),
 ('1803','51'),
 ('1804','19'),
 ('1805','25'),
 ('1806','13'),
 ('1807','97'),
 ('1808','47'),
 ('1809','38'),
 ('181','82'),
 ('1810','52'),
 ('1811','39'),
 ('1812','13'),
 ('1813','17'),
 ('1814','61'),
 ('1815','113'),
 ('1816','6'),
 ('1817','3'),
 ('1818','101'),
 ('1819','3'),
 ('182','83'),
 ('1820','48'),
 ('1821','3'),
 ('1822','50'),
 ('1823','67'),
 ('1824','63'),
 ('1825','95'),
 ('1826','30'),
 ('1827','37'),
 ('1828','51'),
 ('1829','85'),
 ('183','84'),
 ('1830','105'),
 ('1831','18'),
 ('1832','76'),
 ('1833','54'),
 ('1834','67'),
 ('1835','46'),
 ('1836','27'),
 ('1837','16'),
 ('1838','52'),
 ('1839','52'),
 ('184','69'),
 ('1840','8'),
 ('1841','40'),
 ('1842','4'),
 ('1843','83'),
 ('1844','6'),
 ('1845','22'),
 ('1846','40'),
 ('1847','112'),
 ('1848','111'),
 ('1849','39'),
 ('185','85'),
 ('1850','70'),
 ('1851','29'),
 ('1852','115'),
 ('1853','109'),
 ('1854','4'),
 ('1855','49'),
 ('1856','74'),
 ('1857','10'),
 ('1858','41'),
 ('1859','65'),
 ('186','28'),
 ('1860','82'),
 ('1861','62'),
 ('1862','39'),
 ('1863','62'),
 ('1864','73'),
 ('1865','40'),
 ('1866','109'),
 ('1867','102'),
 ('1868','81'),
 ('1869','13'),
 ('187','38'),
 ('1870','31'),
 ('1871','33'),
 ('1872','48'),
 ('1873','7'),
 ('1874','81'),
 ('1875','5'),
 ('1876','47'),
 ('1877','49'),
 ('1878','71'),
 ('1879','105'),
 ('188','21'),
 ('1880','39'),
 ('1881','13'),
 ('1882','63'),
 ('1883','47'),
 ('1884','34'),
 ('1885','1'),
 ('1886','56'),
 ('1887','66'),
 ('1888','88'),
 ('1889','64'),
 ('189','12'),
 ('1890','72'),
 ('1891','27'),
 ('1892','38'),
 ('1893','56'),
 ('1894','91'),
 ('1895','56'),
 ('1896','88'),
 ('1897','89'),
 ('1898','5'),
 ('1899','31'),
 ('19','1'),
 ('190','44'),
 ('1900','10'),
 ('1901','15'),
 ('1902','101'),
 ('1903','101'),
 ('1904','24'),
 ('1905','20'),
 ('1906','86'),
 ('1907','75'),
 ('1908','19'),
 ('1909','95'),
 ('191','6'),
 ('1910','83'),
 ('1911','78'),
 ('1912','13'),
 ('1913','8'),
 ('1914','94'),
 ('1915','97'),
 ('1916','18'),
 ('1917','57'),
 ('1918','30'),
 ('1919','88'),
 ('192','7'),
 ('1920','94'),
 ('1921','17'),
 ('1922','65'),
 ('1923','78'),
 ('1924','18'),
 ('1925','44'),
 ('1926','2'),
 ('1927','80'),
 ('1928','72'),
 ('1929','99'),
 ('193','14'),
 ('1930','40'),
 ('1931','56'),
 ('1932','61'),
 ('1933','65'),
 ('1934','71'),
 ('1935','97'),
 ('1936','111'),
 ('1937','25'),
 ('1938','21'),
 ('1939','39'),
 ('194','52'),
 ('1940','104'),
 ('1941','14'),
 ('1942','2'),
 ('1943','67'),
 ('1944','77'),
 ('1945','112'),
 ('1946','10'),
 ('1947','104'),
 ('1948','36'),
 ('1949','112'),
 ('195','68'),
 ('1950','56'),
 ('1951','79'),
 ('1952','94'),
 ('1953','13'),
 ('1954','56'),
 ('1955','31'),
 ('1956','89'),
 ('1957','88'),
 ('1958','54'),
 ('1959','54'),
 ('196','36'),
 ('1960','16'),
 ('1961','115'),
 ('1962','105'),
 ('1963','104'),
 ('1964','48'),
 ('1965','59'),
 ('1966','99'),
 ('1967','47'),
 ('1968','103'),
 ('1969','69'),
 ('197','41'),
 ('1970','4'),
 ('1971','15'),
 ('1972','77'),
 ('1973','109'),
 ('1974','82'),
 ('1975','79'),
 ('1976','105'),
 ('1977','67'),
 ('1978','25'),
 ('1979','47'),
 ('198','86'),
 ('1980','93'),
 ('1981','20'),
 ('1982','109'),
 ('1983','61'),
 ('1984','17'),
 ('1985','115'),
 ('1986','20'),
 ('1987','104'),
 ('1988','45'),
 ('1989','86'),
 ('199','4'),
 ('1990','37'),
 ('1991','112'),
 ('1992','104'),
 ('1993','61'),
 ('1994','35'),
 ('1995','86'),
 ('1996','50'),
 ('1997','68'),
 ('1998','76'),
 ('1999','89'),
 ('20','2'),
 ('200','6'),
 ('2000','46'),
 ('2001','4'),
 ('2002','46'),
 ('2003','20'),
 ('2004','91'),
 ('2005','44'),
 ('2006','3'),
 ('2007','33'),
 ('2008','37'),
 ('2009','25'),
 ('201','61'),
 ('2010','83'),
 ('2011','64'),
 ('2012','56'),
 ('2013','47'),
 ('2014','73'),
 ('2015','2'),
 ('2016','94'),
 ('2017','13'),
 ('2018','33'),
 ('2019','76'),
 ('202','87'),
 ('2020','75'),
 ('2021','21'),
 ('2022','70'),
 ('2023','22'),
 ('2024','93'),
 ('2025','54'),
 ('2026','113'),
 ('2027','98'),
 ('2028','70'),
 ('2029','53'),
 ('203','81'),
 ('2030','79'),
 ('2031','110'),
 ('2032','13'),
 ('2033','68'),
 ('2034','88'),
 ('2035','38'),
 ('2036','103'),
 ('2037','102'),
 ('2038','84'),
 ('2039','53'),
 ('204','13'),
 ('2040','86'),
 ('2041','25'),
 ('2042','23'),
 ('2043','84'),
 ('2044','4'),
 ('2045','36'),
 ('2046','22'),
 ('2047','96'),
 ('2048','56'),
 ('2049','92'),
 ('205','88'),
 ('2050','20'),
 ('2051','87'),
 ('2052','21'),
 ('2053','46'),
 ('2054','13'),
 ('2055','63'),
 ('2056','87'),
 ('2057','24'),
 ('2058','55'),
 ('2059','99'),
 ('206','89'),
 ('2060','93'),
 ('2061','112'),
 ('2062','68'),
 ('2063','85'),
 ('2064','24'),
 ('2065','91'),
 ('2066','74'),
 ('2067','58'),
 ('2068','28'),
 ('2069','57'),
 ('207','75'),
 ('2070','101'),
 ('2071','30'),
 ('2072','6'),
 ('2073','77'),
 ('2074','111'),
 ('2075','96'),
 ('2076','4'),
 ('2077','107'),
 ('2078','62'),
 ('2079','94'),
 ('208','89'),
 ('2080','20'),
 ('2081','107'),
 ('2082','79'),
 ('2083','78'),
 ('2084','36'),
 ('2085','82'),
 ('2086','7'),
 ('2087','41'),
 ('2088','65'),
 ('2089','27'),
 ('209','12'),
 ('2090','53'),
 ('2091','109'),
 ('2092','56'),
 ('2093','10'),
 ('2094','50'),
 ('2095','66'),
 ('2096','11'),
 ('2097','10'),
 ('2098','73'),
 ('2099','69'),
 ('21','3'),
 ('210','63'),
 ('2100','31'),
 ('2101','105'),
 ('2102','47'),
 ('2103','52'),
 ('2104','86'),
 ('2105','57'),
 ('2106','31'),
 ('2107','12'),
 ('2108','35'),
 ('2109','113'),
 ('211','77'),
 ('2110','33'),
 ('2111','80'),
 ('2112','77'),
 ('2113','46'),
 ('2114','80'),
 ('2115','70'),
 ('2116','13'),
 ('2117','59'),
 ('2118','1'),
 ('2119','37'),
 ('212','36'),
 ('2120','48'),
 ('2121','53'),
 ('2122','109'),
 ('2123','36'),
 ('2124','39'),
 ('2125','82'),
 ('2126','54'),
 ('2127','29'),
 ('2128','2'),
 ('2129','11'),
 ('213','90'),
 ('2130','55'),
 ('2131','65'),
 ('2132','94'),
 ('2133','31'),
 ('2134','14'),
 ('2135','33'),
 ('2136','58'),
 ('2137','75'),
 ('2138','89'),
 ('214','51'),
 ('2140','87'),
 ('2141','63'),
 ('2142','59'),
 ('2143','113'),
 ('2144','5'),
 ('2145','50'),
 ('2146','105'),
 ('2147','100'),
 ('2148','8'),
 ('2149','64'),
 ('215','60'),
 ('2150','75'),
 ('2151','73'),
 ('2152','39'),
 ('2153','5'),
 ('2154','61'),
 ('2155','92'),
 ('2156','58'),
 ('2157','19'),
 ('2158','109'),
 ('2159','64'),
 ('216','13'),
 ('2160','101'),
 ('2161','115'),
 ('2162','60'),
 ('2163','73'),
 ('2164','17'),
 ('2165','115'),
 ('2166','11'),
 ('2167','111'),
 ('2168','58'),
 ('2169','88'),
 ('217','32'),
 ('2170','24'),
 ('2171','41'),
 ('2172','80'),
 ('2173','70'),
 ('2174','73'),
 ('2175','18'),
 ('2176','52'),
 ('2177','115'),
 ('2178','108'),
 ('2179','56'),
 ('218','91'),
 ('2180','73'),
 ('2181','2'),
 ('2182','116'),
 ('2183','117'),
 ('2184','118'),
 ('2185','119'),
 ('2186','120'),
 ('2187','121'),
 ('2188','119'),
 ('2189','122'),
 ('219','92'),
 ('2190','119'),
 ('2191','122'),
 ('2192','122'),
 ('2193','118'),
 ('2194','116'),
 ('2195','116'),
 ('2196','122'),
 ('2197','123'),
 ('2198','119'),
 ('2199','116'),
 ('22','4'),
 ('220','63'),
 ('2200','116'),
 ('2201','123'),
 ('2202','124'),
 ('2203','118'),
 ('2204','120'),
 ('2205','118'),
 ('2206','119'),
 ('2207','125'),
 ('2208','120'),
 ('2209','125'),
 ('221','52'),
 ('2210','118'),
 ('2211','118'),
 ('2212','125'),
 ('2213','124'),
 ('2214','124'),
 ('2215','123'),
 ('2216','120'),
 ('2217','123'),
 ('2218','117'),
 ('2219','119'),
 ('222','93'),
 ('2220','124'),
 ('2221','117'),
 ('2222','124'),
 ('2223','125'),
 ('2224','116'),
 ('2225','118'),
 ('2226','121'),
 ('2227','125'),
 ('2228','122'),
 ('2229','125'),
 ('223','8'),
 ('2230','119'),
 ('2231','125'),
 ('2232','120'),
 ('2233','121'),
 ('2234','116'),
 ('2235','122'),
 ('2236','121'),
 ('2237','117'),
 ('2238','123'),
 ('2239','117'),
 ('224','94'),
 ('2240','119'),
 ('2241','123'),
 ('2242','116'),
 ('2243','124'),
 ('2244','125'),
 ('2245','121'),
 ('2246','122'),
 ('2247','125'),
 ('2248','120'),
 ('2249','117'),
 ('225','95'),
 ('2250','122'),
 ('2251','121'),
 ('2252','118'),
 ('2253','122'),
 ('2254','117'),
 ('2255','121'),
 ('2256','118'),
 ('2257','125'),
 ('2258','123'),
 ('2259','123'),
 ('226','1'),
 ('2260','116'),
 ('2261','118'),
 ('2262','116'),
 ('2263','119'),
 ('2264','117'),
 ('2265','122'),
 ('2266','119'),
 ('2267','122'),
 ('2268','123'),
 ('2269','117'),
 ('227','52'),
 ('2270','119'),
 ('2271','116'),
 ('2272','118'),
 ('2273','124'),
 ('2274','122'),
 ('2275','121'),
 ('2276','125'),
 ('2277','119'),
 ('2278','123'),
 ('2279','125'),
 ('228','96'),
 ('2280','119'),
 ('2281','117'),
 ('2282','122'),
 ('2283','121'),
 ('2284','123'),
 ('2285','118'),
 ('2286','122'),
 ('2287','117'),
 ('2288','118'),
 ('2289','118'),
 ('229','74'),
 ('2290','120'),
 ('2291','123'),
 ('2292','119'),
 ('2293','121'),
 ('2294','124'),
 ('2295','121'),
 ('2296','125'),
 ('2297','116'),
 ('2298','123'),
 ('2299','117'),
 ('23','5'),
 ('230','4'),
 ('2300','117'),
 ('2301','120'),
 ('2302','122'),
 ('2303','118'),
 ('2304','118'),
 ('2305','125'),
 ('2306','125'),
 ('2307','123'),
 ('2308','116'),
 ('2309','117'),
 ('231','58'),
 ('2310','117'),
 ('2311','125'),
 ('2312','121'),
 ('2313','116'),
 ('2314','124'),
 ('2315','123'),
 ('2316','116'),
 ('2317','117'),
 ('2318','122'),
 ('2319','123'),
 ('232','46'),
 ('2320','118'),
 ('2321','118'),
 ('2322','119'),
 ('2323','116'),
 ('2324','124'),
 ('2325','117'),
 ('2326','119'),
 ('2327','121'),
 ('2328','123'),
 ('2329','123'),
 ('233','97'),
 ('2330','116'),
 ('2331','119'),
 ('2332','117'),
 ('2333','121'),
 ('2334','119'),
 ('2335','117'),
 ('2336','125'),
 ('2337','125'),
 ('2338','121'),
 ('2339','116'),
 ('234','7'),
 ('2340','120'),
 ('2341','119'),
 ('2342','120'),
 ('2343','116'),
 ('2344','117'),
 ('2345','118'),
 ('2346','122'),
 ('2347','124'),
 ('2348','117'),
 ('2349','121'),
 ('235','98'),
 ('2350','124'),
 ('2351','123'),
 ('2352','117'),
 ('2353','121'),
 ('2354','121'),
 ('2355','122'),
 ('2356','120'),
 ('2357','116'),
 ('2358','120'),
 ('2359','124'),
 ('236','99'),
 ('2360','118'),
 ('2361','116'),
 ('2362','121'),
 ('2363','118'),
 ('2364','119'),
 ('2365','120'),
 ('2366','123'),
 ('2367','122'),
 ('2368','125'),
 ('2369','120'),
 ('237','66'),
 ('2370','121'),
 ('2371','125'),
 ('2372','119'),
 ('2373','119'),
 ('2374','120'),
 ('2375','117'),
 ('2376','124'),
 ('2377','123'),
 ('2378','119'),
 ('2379','118'),
 ('238','47'),
 ('2380','125'),
 ('2381','125'),
 ('2382','124'),
 ('2383','122'),
 ('2384','119'),
 ('2385','120'),
 ('2386','124'),
 ('2387','125'),
 ('2388','123'),
 ('2389','123'),
 ('239','59'),
 ('2390','123'),
 ('2391','124'),
 ('2392','120'),
 ('2393','123'),
 ('2394','118'),
 ('2395','116'),
 ('2396','117'),
 ('2397','124'),
 ('2398','124'),
 ('2399','123'),
 ('24','6'),
 ('240','53'),
 ('2400','118'),
 ('2401','123'),
 ('2402','123'),
 ('2403','117'),
 ('2404','121'),
 ('2405','120'),
 ('2406','119'),
 ('2407','118'),
 ('2408','124'),
 ('2409','124'),
 ('241','79'),
 ('2410','120'),
 ('2411','124'),
 ('2412','122'),
 ('2413','117'),
 ('2414','121'),
 ('2415','120'),
 ('2416','116'),
 ('2417','117'),
 ('2418','119'),
 ('2419','116'),
 ('242','74'),
 ('2420','122'),
 ('2421','121'),
 ('2422','124'),
 ('2423','118'),
 ('2424','121'),
 ('2425','123'),
 ('2426','120'),
 ('2427','118'),
 ('2428','120'),
 ('2429','116'),
 ('243','38'),
 ('2430','118'),
 ('2431','120'),
 ('2432','117'),
 ('2433','122'),
 ('2434','123'),
 ('2435','122'),
 ('2436','123'),
 ('2437','125'),
 ('2438','119'),
 ('2439','124'),
 ('244','66'),
 ('2440','125'),
 ('2441','122'),
 ('2442','122'),
 ('2443','119'),
 ('2444','122'),
 ('2445','122'),
 ('2446','124'),
 ('2447','124'),
 ('2448','118'),
 ('2449','120'),
 ('245','40'),
 ('2450','124'),
 ('2451','125'),
 ('2452','117'),
 ('2453','117'),
 ('2454','125'),
 ('2455','116'),
 ('2456','122'),
 ('2457','117'),
 ('2458','116'),
 ('2459','116'),
 ('246','42'),
 ('2460','120'),
 ('2461','120'),
 ('2462','121'),
 ('2463','121'),
 ('2464','120'),
 ('2465','124'),
 ('2466','121'),
 ('2467','125'),
 ('2468','119'),
 ('2469','118'),
 ('247','10'),
 ('2470','117'),
 ('2471','124'),
 ('2472','121'),
 ('2473','125'),
 ('2474','121'),
 ('2475','122'),
 ('2476','120'),
 ('2477','119'),
 ('2478','119'),
 ('2479','120'),
 ('248','5'),
 ('2480','116'),
 ('2481','118'),
 ('2482','124'),
 ('2483','121'),
 ('2484','124'),
 ('2485','118'),
 ('2486','120'),
 ('2487','125'),
 ('2488','120'),
 ('2489','121'),
 ('249','67'),
 ('2490','123'),
 ('2491','125'),
 ('2492','124'),
 ('2493','125'),
 ('2494','119'),
 ('2495','120'),
 ('2496','116'),
 ('2497','121'),
 ('2498','122'),
 ('2499','116'),
 ('25','7'),
 ('250','43'),
 ('2500','122'),
 ('2501','116'),
 ('251','9'),
 ('252','27'),
 ('253','96'),
 ('254','40'),
 ('255','100'),
 ('256','86'),
 ('257','101'),
 ('258','30'),
 ('259','85'),
 ('26','8'),
 ('260','3'),
 ('261','30'),
 ('262','89'),
 ('263','60'),
 ('264','37'),
 ('265','67'),
 ('266','58'),
 ('267','20'),
 ('268','19'),
 ('269','85'),
 ('27','9'),
 ('270','51'),
 ('271','40'),
 ('272','61'),
 ('273','37'),
 ('274','17'),
 ('275','97'),
 ('276','54'),
 ('277','45'),
 ('278','65'),
 ('279','74'),
 ('28','10'),
 ('280','28'),
 ('281','68'),
 ('282','100'),
 ('283','26'),
 ('284','102'),
 ('285','23'),
 ('286','54'),
 ('287','38'),
 ('288','103'),
 ('289','104'),
 ('29','1'),
 ('290','17'),
 ('291','15'),
 ('292','52'),
 ('293','86'),
 ('294','36'),
 ('295','39'),
 ('296','88'),
 ('297','105'),
 ('298','63'),
 ('299','56'),
 ('30','11'),
 ('300','17'),
 ('301','106'),
 ('302','63'),
 ('303','84'),
 ('304','31'),
 ('305','40'),
 ('306','38'),
 ('307','41'),
 ('308','46'),
 ('309','84'),
 ('31','12'),
 ('310','70'),
 ('311','22'),
 ('312','50'),
 ('313','39'),
 ('314','27'),
 ('315','74'),
 ('316','24'),
 ('317','10'),
 ('318','56'),
 ('319','32'),
 ('32','13'),
 ('320','19'),
 ('321','70'),
 ('322','86'),
 ('323','32'),
 ('324','23'),
 ('325','41'),
 ('326','81'),
 ('327','76'),
 ('328','87'),
 ('329','42'),
 ('33','8'),
 ('330','38'),
 ('331','63'),
 ('332','105'),
 ('333','79'),
 ('334','53'),
 ('335','104'),
 ('336','102'),
 ('337','19'),
 ('338','96'),
 ('339','24'),
 ('34','14'),
 ('340','61'),
 ('341','7'),
 ('342','107'),
 ('343','62'),
 ('344','97'),
 ('345','108'),
 ('346','15'),
 ('347','96'),
 ('348','84'),
 ('349','56'),
 ('35','15'),
 ('350','109'),
 ('351','104'),
 ('352','25'),
 ('353','59'),
 ('354','110'),
 ('355','39'),
 ('356','66'),
 ('357','12'),
 ('358','72'),
 ('359','2'),
 ('36','16'),
 ('360','4'),
 ('361','96'),
 ('362','19'),
 ('363','65'),
 ('364','92'),
 ('365','90'),
 ('366','64'),
 ('367','73'),
 ('368','103'),
 ('369','34'),
 ('37','13'),
 ('370','72'),
 ('371','45'),
 ('372','75'),
 ('373','18'),
 ('374','30'),
 ('375','96'),
 ('376','95'),
 ('377','111'),
 ('378','85'),
 ('379','92'),
 ('38','17'),
 ('380','92'),
 ('381','75'),
 ('382','97'),
 ('383','83'),
 ('384','72'),
 ('385','89'),
 ('386','85'),
 ('388','55'),
 ('389','36'),
 ('39','18'),
 ('390','61'),
 ('391','82'),
 ('392','101'),
 ('393','39'),
 ('394','37'),
 ('395','22'),
 ('396','12'),
 ('397','23'),
 ('398','41'),
 ('399','52'),
 ('40','19'),
 ('400','74'),
 ('401','7'),
 ('402','87'),
 ('403','65'),
 ('404','41'),
 ('405','46'),
 ('406','12'),
 ('407','70'),
 ('408','61'),
 ('409','87'),
 ('41','20'),
 ('410','33'),
 ('411','50'),
 ('412','74'),
 ('413','87'),
 ('414','112'),
 ('415','39'),
 ('416','54'),
 ('417','63'),
 ('418','77'),
 ('419','8'),
 ('42','21'),
 ('420','89'),
 ('421','4'),
 ('422','88'),
 ('423','88'),
 ('424','49'),
 ('425','87'),
 ('426','108'),
 ('427','99'),
 ('428','19'),
 ('429','62'),
 ('43','20'),
 ('430','65'),
 ('431','68'),
 ('432','45'),
 ('433','106'),
 ('434','60'),
 ('435','3'),
 ('436','97'),
 ('437','23'),
 ('438','75'),
 ('439','50'),
 ('44','5'),
 ('440','46'),
 ('441','53'),
 ('442','72'),
 ('443','42'),
 ('444','49'),
 ('445','88'),
 ('446','81'),
 ('447','24'),
 ('448','86'),
 ('449','5'),
 ('45','22'),
 ('450','28'),
 ('451','36'),
 ('452','112'),
 ('453','36'),
 ('454','52'),
 ('455','46'),
 ('456','103'),
 ('457','70'),
 ('458','18'),
 ('459','50'),
 ('46','6'),
 ('460','51'),
 ('461','104'),
 ('462','56'),
 ('463','56'),
 ('464','92'),
 ('465','78'),
 ('466','27'),
 ('467','20'),
 ('468','100'),
 ('469','54'),
 ('47','5'),
 ('470','25'),
 ('471','50'),
 ('472','33'),
 ('473','67'),
 ('474','37'),
 ('475','29'),
 ('476','44'),
 ('477','58'),
 ('478','45'),
 ('479','63'),
 ('48','23'),
 ('480','83'),
 ('481','109'),
 ('482','63'),
 ('483','21'),
 ('484','6'),
 ('485','70'),
 ('486','82'),
 ('487','76'),
 ('488','52'),
 ('489','83'),
 ('49','24'),
 ('490','61'),
 ('491','86'),
 ('492','113'),
 ('493','56'),
 ('494','11'),
 ('495','63'),
 ('496','35'),
 ('497','25'),
 ('498','33'),
 ('499','40'),
 ('50','25'),
 ('500','100'),
 ('501','36'),
 ('502','112'),
 ('503','91'),
 ('504','111'),
 ('505','44'),
 ('506','27'),
 ('507','33'),
 ('508','72'),
 ('509','34'),
 ('51','26'),
 ('510','85'),
 ('511','54'),
 ('512','112'),
 ('513','113'),
 ('514','49'),
 ('515','4'),
 ('516','30'),
 ('517','51'),
 ('518','16'),
 ('519','110'),
 ('52','27'),
 ('520','79'),
 ('521','60'),
 ('522','57'),
 ('523','112'),
 ('524','50'),
 ('525','100'),
 ('526','82'),
 ('527','50'),
 ('528','17'),
 ('529','27'),
 ('53','17'),
 ('530','103'),
 ('531','114'),
 ('532','43'),
 ('533','40'),
 ('534','82'),
 ('535','11'),
 ('536','77'),
 ('537','109'),
 ('538','64'),
 ('539','61'),
 ('54','28'),
 ('540','6'),
 ('541','94'),
 ('542','89'),
 ('543','6'),
 ('544','70'),
 ('545','35'),
 ('546','47'),
 ('547','4'),
 ('548','113'),
 ('549','103'),
 ('55','29'),
 ('550','56'),
 ('551','1'),
 ('552','114'),
 ('553','3'),
 ('554','58'),
 ('555','88'),
 ('556','2'),
 ('557','69'),
 ('558','103'),
 ('559','78'),
 ('56','30'),
 ('560','101'),
 ('561','115'),
 ('562','81'),
 ('563','12'),
 ('564','54'),
 ('565','23'),
 ('566','86'),
 ('567','15'),
 ('568','35'),
 ('569','3'),
 ('57','31'),
 ('570','61'),
 ('571','94'),
 ('572','27'),
 ('573','95'),
 ('574','22'),
 ('575','69'),
 ('576','82'),
 ('577','65'),
 ('578','32'),
 ('579','55'),
 ('58','32'),
 ('580','55'),
 ('581','91'),
 ('582','65'),
 ('583','19'),
 ('584','41'),
 ('585','69'),
 ('586','69'),
 ('587','68'),
 ('588','82'),
 ('589','76'),
 ('59','33'),
 ('590','30'),
 ('591','50'),
 ('592','109'),
 ('593','75'),
 ('594','49'),
 ('595','101'),
 ('596','63'),
 ('597','50'),
 ('598','91'),
 ('599','64'),
 ('60','34'),
 ('600','14'),
 ('601','24'),
 ('602','98'),
 ('603','77'),
 ('604','34'),
 ('605','52'),
 ('606','60'),
 ('607','51'),
 ('608','59'),
 ('609','77'),
 ('61','15'),
 ('610','110'),
 ('611','22'),
 ('612','72'),
 ('613','48'),
 ('614','14'),
 ('615','56'),
 ('616','27'),
 ('617','66'),
 ('618','34'),
 ('619','56'),
 ('62','25'),
 ('620','26'),
 ('621','80'),
 ('622','98'),
 ('623','81'),
 ('624','38'),
 ('625','40'),
 ('626','110'),
 ('627','89'),
 ('628','8'),
 ('629','28'),
 ('63','16'),
 ('630','21'),
 ('631','37'),
 ('632','79'),
 ('633','43'),
 ('634','17'),
 ('635','113'),
 ('636','51'),
 ('637','77'),
 ('638','109'),
 ('639','25'),
 ('64','35'),
 ('640','35'),
 ('641','114'),
 ('642','8'),
 ('643','19'),
 ('644','85'),
 ('645','25'),
 ('646','30'),
 ('647','15'),
 ('648','89'),
 ('649','114'),
 ('65','36'),
 ('650','12'),
 ('651','34'),
 ('652','61'),
 ('653','15'),
 ('654','46'),
 ('655','82'),
 ('656','43'),
 ('657','36'),
 ('658','43'),
 ('659','22'),
 ('66','37'),
 ('660','41'),
 ('661','105'),
 ('662','41'),
 ('663','88'),
 ('664','4'),
 ('665','42'),
 ('666','58'),
 ('667','33'),
 ('668','84'),
 ('669','32'),
 ('67','38'),
 ('670','23'),
 ('671','74'),
 ('672','44'),
 ('673','96'),
 ('674','14'),
 ('675','34'),
 ('676','32'),
 ('677','54'),
 ('678','97'),
 ('679','85'),
 ('68','39'),
 ('680','70'),
 ('681','68'),
 ('682','10'),
 ('683','88'),
 ('684','40'),
 ('685','44'),
 ('686','41'),
 ('687','22'),
 ('688','7'),
 ('689','18'),
 ('69','40'),
 ('690','57'),
 ('691','36'),
 ('692','39'),
 ('693','47'),
 ('694','93'),
 ('695','13'),
 ('696','10'),
 ('697','105'),
 ('698','35'),
 ('699','108'),
 ('70','41'),
 ('700','84'),
 ('701','27'),
 ('702','59'),
 ('703','46'),
 ('704','57'),
 ('705','21'),
 ('706','79'),
 ('707','43'),
 ('708','101'),
 ('709','90'),
 ('71','11'),
 ('710','104'),
 ('711','80'),
 ('712','110'),
 ('713','14'),
 ('714','7'),
 ('715','32'),
 ('716','52'),
 ('717','93'),
 ('718','47'),
 ('719','115'),
 ('72','28'),
 ('720','6'),
 ('721','58'),
 ('722','99'),
 ('723','67'),
 ('724','91'),
 ('725','80'),
 ('726','1'),
 ('727','96'),
 ('728','44'),
 ('73','41'),
 ('730','56'),
 ('731','60'),
 ('732','74'),
 ('733','8'),
 ('734','115'),
 ('735','111'),
 ('736','98'),
 ('737','77'),
 ('738','63'),
 ('739','100'),
 ('74','3'),
 ('740','115'),
 ('741','22'),
 ('742','92'),
 ('743','24'),
 ('744','14'),
 ('745','82'),
 ('746','92'),
 ('747','8'),
 ('748','43'),
 ('749','114'),
 ('75','42'),
 ('750','19'),
 ('751','93'),
 ('752','95'),
 ('753','6'),
 ('754','62'),
 ('755','13'),
 ('756','34'),
 ('757','41'),
 ('758','95'),
 ('759','31'),
 ('76','43'),
 ('760','58'),
 ('761','5'),
 ('762','90'),
 ('763','69'),
 ('764','14'),
 ('765','111'),
 ('766','75'),
 ('767','86'),
 ('768','83'),
 ('769','76'),
 ('77','44'),
 ('770','16'),
 ('771','46'),
 ('772','49'),
 ('773','20'),
 ('774','12'),
 ('775','93'),
 ('776','112'),
 ('777','50'),
 ('778','14'),
 ('779','6'),
 ('78','23'),
 ('780','5'),
 ('781','56'),
 ('782','1'),
 ('783','36'),
 ('784','50'),
 ('785','70'),
 ('786','99'),
 ('787','83'),
 ('788','53'),
 ('789','86'),
 ('79','45'),
 ('790','22'),
 ('791','14'),
 ('792','105'),
 ('793','106'),
 ('794','99'),
 ('795','68'),
 ('796','111'),
 ('797','101'),
 ('798','22'),
 ('799','96'),
 ('80','25'),
 ('800','63'),
 ('801','78'),
 ('802','39'),
 ('803','19'),
 ('804','90'),
 ('805','34'),
 ('806','64'),
 ('807','62'),
 ('808','18'),
 ('809','111'),
 ('81','4'),
 ('810','61'),
 ('811','49'),
 ('812','12'),
 ('813','38'),
 ('814','55'),
 ('815','106'),
 ('816','26'),
 ('817','63'),
 ('818','55'),
 ('819','14'),
 ('82','8'),
 ('820','73'),
 ('821','63'),
 ('822','106'),
 ('823','3'),
 ('824','13'),
 ('825','48'),
 ('826','41'),
 ('827','3'),
 ('828','59'),
 ('829','33'),
 ('83','46'),
 ('830','109'),
 ('831','30'),
 ('832','106'),
 ('833','19'),
 ('834','57'),
 ('835','72'),
 ('836','103'),
 ('837','85'),
 ('838','81'),
 ('839','42'),
 ('84','14'),
 ('840','98'),
 ('841','3'),
 ('842','4'),
 ('843','22'),
 ('844','43'),
 ('845','93'),
 ('846','35'),
 ('847','92'),
 ('848','32'),
 ('849','83'),
 ('85','47'),
 ('850','23'),
 ('851','100'),
 ('852','32'),
 ('853','112'),
 ('854','49'),
 ('855','27'),
 ('856','74'),
 ('857','10'),
 ('858','34'),
 ('859','113'),
 ('86','48'),
 ('860','35'),
 ('861','74'),
 ('862','24'),
 ('863','57'),
 ('864','5'),
 ('865','29'),
 ('866','91'),
 ('867','7'),
 ('868','74'),
 ('869','97'),
 ('87','49'),
 ('870','61'),
 ('871','29'),
 ('872','105'),
 ('873','109'),
 ('874','25'),
 ('875','14'),
 ('876','64'),
 ('877','19'),
 ('878','97'),
 ('879','25'),
 ('88','50'),
 ('880','111'),
 ('881','75'),
 ('882','103'),
 ('883','86'),
 ('884','81'),
 ('885','110'),
 ('886','45'),
 ('887','95'),
 ('888','96'),
 ('889','11'),
 ('89','51'),
 ('890','11'),
 ('891','37'),
 ('892','18'),
 ('893','19'),
 ('894','113'),
 ('895','44'),
 ('896','23'),
 ('897','8'),
 ('898','95'),
 ('899','96'),
 ('90','51'),
 ('900','50'),
 ('901','24'),
 ('902','27'),
 ('903','82'),
 ('904','80'),
 ('905','61'),
 ('906','63'),
 ('907','63'),
 ('908','84'),
 ('909','33'),
 ('91','52'),
 ('910','15'),
 ('911','57'),
 ('912','9'),
 ('913','39'),
 ('914','101'),
 ('915','59'),
 ('916','77'),
 ('917','88'),
 ('918','111'),
 ('919','53'),
 ('92','53'),
 ('920','96'),
 ('921','72'),
 ('922','1'),
 ('923','93'),
 ('925','1'),
 ('926','9'),
 ('927','97'),
 ('928','51'),
 ('929','68'),
 ('93','54'),
 ('930','86'),
 ('931','63'),
 ('932','94'),
 ('933','41'),
 ('934','41'),
 ('935','16'),
 ('936','71'),
 ('937','53'),
 ('938','6'),
 ('939','56'),
 ('94','55'),
 ('940','12'),
 ('941','67'),
 ('942','63'),
 ('943','48'),
 ('944','99'),
 ('945','105'),
 ('946','17'),
 ('947','10'),
 ('948','103'),
 ('949','38'),
 ('95','56'),
 ('950','40'),
 ('951','70'),
 ('952','20'),
 ('953','50'),
 ('954','21'),
 ('955','76'),
 ('956','63'),
 ('957','87'),
 ('958','58'),
 ('959','90'),
 ('96','57'),
 ('960','60'),
 ('961','113'),
 ('962','22'),
 ('963','69'),
 ('964','101'),
 ('965','9'),
 ('966','115'),
 ('967','84'),
 ('968','88'),
 ('969','4'),
 ('97','24'),
 ('970','17'),
 ('971','51'),
 ('972','51'),
 ('973','14'),
 ('974','95'),
 ('975','50'),
 ('976','106'),
 ('977','38'),
 ('978','24'),
 ('979','47'),
 ('98','58'),
 ('980','66'),
 ('981','47'),
 ('982','67'),
 ('983','8'),
 ('984','8'),
 ('985','56'),
 ('986','111'),
 ('987','74'),
 ('988','95'),
 ('989','48'),
 ('99','59'),
 ('990','48'),
 ('991','55'),
 ('992','107'),
 ('993','43'),
 ('994','40'),
 ('995','63'),
 ('996','113'),
 ('997','81'),
 ('998','21'),
 ('999','102');


--
-- Definition of table `usertosubjectgroup`
--

CREATE TABLE `usertosubjectgroup` (
  `ID` int(10) unsigned NOT NULL AUTO_INCREMENT,
  `subjectid` varchar(45) NOT NULL,
  `SubA1` varchar(45) NOT NULL,
  `SubB1` varchar(45) NOT NULL,
  `SubA2` varchar(45) NOT NULL,
  `SubB2` varchar(45) NOT NULL,
  PRIMARY KEY (`ID`)
) ENGINE=InnoDB AUTO_INCREMENT=1761 DEFAULT CHARSET=latin1;

--
-- Dumping data for table `usertosubjectgroup`
--

INSERT INTO `usertosubjectgroup` (`ID`,`subjectid`,`SubA1`,`SubB1`,`SubA2`,`SubB2`) VALUES 
 (1461,'1','1','1','2','2'),
 (1462,'2','2','2','3','3'),
 (1463,'3','3','3','4','4'),
 (1464,'4','4','4','5','5'),
 (1465,'5','5','5','6','6'),
 (1466,'6','6','6','7','7'),
 (1467,'7','7','7','8','8'),
 (1468,'8','8','8','9','1'),
 (1469,'9','9','1','10','2'),
 (1470,'10','10','2','1','3'),
 (1471,'11','1','2','2','3'),
 (1472,'12','2','3','3','4'),
 (1473,'13','3','4','4','5'),
 (1474,'14','4','5','5','6'),
 (1475,'15','5','6','6','7'),
 (1476,'16','6','7','7','8'),
 (1477,'17','7','8','8','1'),
 (1478,'18','8','1','9','2'),
 (1479,'19','9','2','10','3'),
 (1480,'20','10','3','1','4'),
 (1481,'21','1','3','2','4'),
 (1482,'22','2','4','3','5'),
 (1483,'23','3','5','4','6'),
 (1484,'24','4','6','5','7'),
 (1485,'25','5','7','6','8'),
 (1486,'26','6','8','7','1'),
 (1487,'27','7','1','8','2'),
 (1488,'28','8','2','9','3'),
 (1489,'29','9','3','10','4'),
 (1490,'30','10','4','1','5'),
 (1491,'31','1','4','2','5'),
 (1492,'32','2','5','3','6'),
 (1493,'33','3','6','4','7'),
 (1494,'34','4','7','5','8'),
 (1495,'35','5','8','6','1'),
 (1496,'36','6','1','7','2'),
 (1497,'37','7','2','8','3'),
 (1498,'38','8','3','9','4'),
 (1499,'39','9','4','10','5'),
 (1500,'40','10','5','1','6'),
 (1501,'41','1','5','2','6'),
 (1502,'42','2','6','3','7'),
 (1503,'43','3','7','4','8'),
 (1504,'44','4','8','5','1'),
 (1505,'45','5','1','6','2'),
 (1506,'46','6','2','7','3'),
 (1507,'47','7','3','8','4'),
 (1508,'48','8','4','9','5'),
 (1509,'49','9','5','10','6'),
 (1510,'50','10','6','1','7'),
 (1511,'51','1','6','2','7'),
 (1512,'52','2','7','3','8'),
 (1513,'53','3','8','4','1'),
 (1514,'54','4','1','5','2'),
 (1515,'55','5','2','6','3'),
 (1516,'56','6','3','7','4'),
 (1517,'57','7','4','8','5'),
 (1518,'58','8','5','9','6'),
 (1519,'59','9','6','10','7'),
 (1520,'60','10','7','1','8'),
 (1521,'61','1','7','2','8'),
 (1522,'62','2','8','3','1'),
 (1523,'63','3','1','4','2'),
 (1524,'64','4','2','5','3'),
 (1525,'65','5','3','6','4'),
 (1526,'66','6','4','7','5'),
 (1527,'67','7','5','8','6'),
 (1528,'68','8','6','9','7'),
 (1529,'69','9','7','10','8'),
 (1530,'70','10','8','1','1'),
 (1531,'71','1','8','2','1'),
 (1532,'72','2','1','3','2'),
 (1533,'73','3','2','4','3'),
 (1534,'74','4','3','5','4'),
 (1535,'75','5','4','6','5'),
 (1536,'76','6','5','7','6'),
 (1537,'77','7','6','8','7'),
 (1538,'78','8','7','9','8'),
 (1539,'79','9','8','10','1'),
 (1540,'80','10','1','1','2'),
 (1541,'81','1','1','2','2'),
 (1542,'82','2','2','3','3'),
 (1543,'83','3','3','4','4'),
 (1544,'84','4','4','5','5'),
 (1545,'85','5','5','6','6'),
 (1546,'86','6','6','7','7'),
 (1547,'87','7','7','8','8'),
 (1548,'88','8','8','9','1'),
 (1549,'89','9','1','10','2'),
 (1550,'90','10','2','1','3'),
 (1551,'91','1','2','2','3'),
 (1552,'92','2','3','3','4'),
 (1553,'93','3','4','4','5'),
 (1554,'94','4','5','5','6'),
 (1555,'95','5','6','6','7'),
 (1556,'96','6','7','7','8'),
 (1557,'97','7','8','8','1'),
 (1558,'98','8','1','9','2'),
 (1559,'99','9','2','10','3'),
 (1560,'100','10','3','1','4'),
 (1561,'101','1','3','2','4'),
 (1562,'102','2','4','3','5'),
 (1563,'103','3','5','4','6'),
 (1564,'104','4','6','5','7'),
 (1565,'105','5','7','6','8'),
 (1566,'106','6','8','7','1'),
 (1567,'107','7','1','8','2'),
 (1568,'108','8','2','9','3'),
 (1569,'109','9','3','10','4'),
 (1570,'110','10','4','1','5'),
 (1571,'111','1','4','2','5'),
 (1572,'112','2','5','3','6'),
 (1573,'113','3','6','4','7'),
 (1574,'114','4','7','5','8'),
 (1575,'115','5','8','6','1'),
 (1576,'116','6','1','7','2'),
 (1577,'117','7','2','8','3'),
 (1578,'118','8','3','9','4'),
 (1579,'119','9','4','10','5'),
 (1580,'120','10','5','1','6'),
 (1581,'121','1','5','2','6'),
 (1582,'122','2','6','3','7'),
 (1583,'123','3','7','4','8'),
 (1584,'124','4','8','5','1'),
 (1585,'125','5','1','6','2'),
 (1586,'126','6','2','7','3'),
 (1587,'127','7','3','8','4'),
 (1588,'128','8','4','9','5'),
 (1589,'129','9','5','10','6'),
 (1590,'130','10','6','1','7'),
 (1591,'131','1','6','2','7'),
 (1592,'132','2','7','3','8'),
 (1593,'133','3','8','4','1'),
 (1594,'134','4','1','5','2'),
 (1595,'135','5','2','6','3'),
 (1596,'136','6','3','7','4'),
 (1597,'137','7','4','8','5'),
 (1598,'138','8','5','9','6'),
 (1599,'139','9','6','10','7'),
 (1600,'140','10','7','1','8'),
 (1601,'141','1','7','2','8'),
 (1602,'142','2','8','3','1'),
 (1603,'143','3','1','4','2'),
 (1604,'144','4','2','5','3'),
 (1605,'145','5','3','6','4'),
 (1606,'146','6','4','7','5'),
 (1607,'147','7','5','8','6'),
 (1608,'148','8','6','9','7'),
 (1609,'149','9','7','10','8'),
 (1610,'150','10','8','1','1'),
 (1611,'151','1','8','2','1'),
 (1612,'152','2','1','3','2'),
 (1613,'153','3','2','4','3'),
 (1614,'154','4','3','5','4'),
 (1615,'155','5','4','6','5'),
 (1616,'156','6','5','7','6'),
 (1617,'157','7','6','8','7'),
 (1618,'158','8','7','9','8'),
 (1619,'159','9','8','10','1'),
 (1620,'160','10','1','1','2'),
 (1621,'161','1','1','2','2'),
 (1622,'162','2','2','3','3'),
 (1623,'163','3','3','4','4'),
 (1624,'164','4','4','5','5'),
 (1625,'165','5','5','6','6'),
 (1626,'166','6','6','7','7'),
 (1627,'167','7','7','8','8'),
 (1628,'168','8','8','9','1'),
 (1629,'169','9','1','10','2'),
 (1630,'170','10','2','1','3'),
 (1631,'171','1','2','2','3'),
 (1632,'172','2','3','3','4'),
 (1633,'173','3','4','4','5'),
 (1634,'174','4','5','5','6'),
 (1635,'175','5','6','6','7'),
 (1636,'176','6','7','7','8'),
 (1637,'177','7','8','8','1'),
 (1638,'178','8','1','9','2'),
 (1639,'179','9','2','10','3'),
 (1640,'180','10','3','1','4'),
 (1641,'181','1','3','2','4'),
 (1642,'182','2','4','3','5'),
 (1643,'183','3','5','4','6'),
 (1644,'184','4','6','5','7'),
 (1645,'185','5','7','6','8'),
 (1646,'186','6','8','7','1'),
 (1647,'187','7','1','8','2'),
 (1648,'188','8','2','9','3'),
 (1649,'189','9','3','10','4'),
 (1650,'190','10','4','1','5'),
 (1651,'191','1','4','2','5'),
 (1652,'192','2','5','3','6'),
 (1653,'193','3','6','4','7'),
 (1654,'194','4','7','5','8'),
 (1655,'195','5','8','6','1'),
 (1656,'196','6','1','7','2'),
 (1657,'197','7','2','8','3'),
 (1658,'198','8','3','9','4'),
 (1659,'199','9','4','10','5'),
 (1660,'200','10','5','1','6'),
 (1661,'201','1','5','2','6'),
 (1662,'202','2','6','3','7'),
 (1663,'203','3','7','4','8'),
 (1664,'204','4','8','5','1'),
 (1665,'205','5','1','6','2'),
 (1666,'206','6','2','7','3'),
 (1667,'207','7','3','8','4'),
 (1668,'208','8','4','9','5'),
 (1669,'209','9','5','10','6'),
 (1670,'210','10','6','1','7'),
 (1671,'211','1','6','2','7'),
 (1672,'212','2','7','3','8'),
 (1673,'213','3','8','4','1'),
 (1674,'214','4','1','5','2'),
 (1675,'215','5','2','6','3'),
 (1676,'216','6','3','7','4'),
 (1677,'217','7','4','8','5'),
 (1678,'218','8','5','9','6'),
 (1679,'219','9','6','10','7'),
 (1680,'220','10','7','1','8'),
 (1681,'221','1','7','2','8'),
 (1682,'222','2','8','3','1'),
 (1683,'223','3','1','4','2'),
 (1684,'224','4','2','5','3'),
 (1685,'225','5','3','6','4'),
 (1686,'226','6','4','7','5'),
 (1687,'227','7','5','8','6'),
 (1688,'228','8','6','9','7'),
 (1689,'229','9','7','10','8'),
 (1690,'230','10','8','1','1'),
 (1691,'231','1','8','2','1'),
 (1692,'232','2','1','3','2'),
 (1693,'233','3','2','4','3'),
 (1694,'234','4','3','5','4'),
 (1695,'235','5','4','6','5'),
 (1696,'236','6','5','7','6'),
 (1697,'237','7','6','8','7'),
 (1698,'238','8','7','9','8'),
 (1699,'239','9','8','10','1'),
 (1700,'240','10','1','1','2'),
 (1701,'241','1','1','2','2'),
 (1702,'242','2','2','3','3'),
 (1703,'243','3','3','4','4'),
 (1704,'244','4','4','5','5'),
 (1705,'245','5','5','6','6'),
 (1706,'246','6','6','7','7'),
 (1707,'247','7','7','8','8'),
 (1708,'248','8','8','9','1'),
 (1709,'249','9','1','10','2'),
 (1710,'250','10','2','1','3'),
 (1711,'251','1','2','2','3'),
 (1712,'252','2','3','3','4'),
 (1713,'253','3','4','4','5'),
 (1714,'254','4','5','5','6'),
 (1715,'255','5','6','6','7'),
 (1716,'256','6','7','7','8'),
 (1717,'257','7','8','8','1'),
 (1718,'258','8','1','9','2'),
 (1719,'259','9','2','10','3'),
 (1720,'260','10','3','1','4'),
 (1721,'261','1','3','2','4'),
 (1722,'262','2','4','3','5'),
 (1723,'263','3','5','4','6'),
 (1724,'264','4','6','5','7'),
 (1725,'265','5','7','6','8'),
 (1726,'266','6','8','7','1'),
 (1727,'267','7','1','8','2'),
 (1728,'268','8','2','9','3'),
 (1729,'269','9','3','10','4'),
 (1730,'270','10','4','1','5'),
 (1731,'271','1','4','2','5'),
 (1732,'272','2','5','3','6'),
 (1733,'273','3','6','4','7'),
 (1734,'274','4','7','5','8'),
 (1735,'275','5','8','6','1'),
 (1736,'276','6','1','7','2'),
 (1737,'277','7','2','8','3'),
 (1738,'278','8','3','9','4'),
 (1739,'279','9','4','10','5'),
 (1740,'280','10','5','1','6'),
 (1741,'281','1','5','2','6'),
 (1742,'282','2','6','3','7'),
 (1743,'283','3','7','4','8'),
 (1744,'284','4','8','5','1'),
 (1745,'285','5','1','6','2'),
 (1746,'286','6','2','7','3'),
 (1747,'287','7','3','8','4'),
 (1748,'288','8','4','9','5'),
 (1749,'289','9','5','10','6'),
 (1750,'290','10','6','1','7'),
 (1751,'291','1','6','2','7'),
 (1752,'292','2','7','3','8'),
 (1753,'293','3','8','4','1'),
 (1754,'294','4','1','5','2'),
 (1755,'295','5','2','6','3'),
 (1756,'296','6','3','7','4'),
 (1757,'297','7','4','8','5'),
 (1758,'298','8','5','9','6'),
 (1759,'299','9','6','10','7'),
 (1760,'300','10','7','1','8');


--
-- Definition of table `value`
--

CREATE TABLE `value` (
  `id` int(10) unsigned NOT NULL,
  `field` int(10) unsigned NOT NULL,
  `name` varchar(45) NOT NULL,
  PRIMARY KEY (`id`)
) ENGINE=InnoDB DEFAULT CHARSET=latin1;

--
-- Dumping data for table `value`
--

INSERT INTO `value` (`id`,`field`,`name`) VALUES 
 (2,1,'Different'),
 (3,1,'Same'),
 (4,2,'Much Older'),
 (5,2,'Older'),
 (6,2,'Same'),
 (7,2,'Younger'),
 (8,2,'Much Younger'),
 (11,3,'Different'),
 (12,3,'Same'),
 (17,11,'Much Taller'),
 (18,11,'Taller'),
 (19,11,'Same'),
 (20,11,'Shorter'),
 (21,11,'Much Shorter'),
 (23,6,'Much Darker'),
 (24,6,'Darker'),
 (25,6,'Same'),
 (26,6,'Lighter'),
 (27,6,'Much Lighter'),
 (28,7,'Much Longer'),
 (29,7,'Longer'),
 (30,7,'Same'),
 (31,7,'Shorter'),
 (32,7,'Much Shorter'),
 (43,4,'Different'),
 (44,4,'Same'),
 (48,12,'Much Smaller'),
 (49,12,'Smaller'),
 (50,12,'Same'),
 (51,12,'Larger'),
 (52,12,'Much Larger'),
 (55,14,'Much Longer'),
 (56,14,'Longer'),
 (57,14,'Same'),
 (58,14,'Shorter'),
 (59,14,'Much Shorter'),
 (60,15,'Much Thicker'),
 (61,15,'Thicker'),
 (62,15,'Same'),
 (63,15,'Thinner'),
 (64,15,'Much Thinner'),
 (65,16,'More Square'),
 (66,16,'Same'),
 (67,16,'More Rounded'),
 (70,17,'Much Bigger'),
 (71,17,'Bigger'),
 (72,17,'Same'),
 (73,17,'Smaller'),
 (74,17,'Much Smaller'),
 (75,18,'Much Longer'),
 (76,18,'Longer'),
 (77,18,'Same'),
 (78,18,'Shorter'),
 (79,18,'Much Shorter'),
 (80,19,'Much Thicker'),
 (81,19,'Thicker'),
 (82,19,'Same'),
 (83,19,'Thinner'),
 (84,19,'Much Thinner'),
 (85,20,'Much Broader'),
 (86,20,'Broader'),
 (87,20,'Same'),
 (88,20,'Narrower'),
 (89,20,'Much Narrower'),
 (90,21,'Much Longer'),
 (91,21,'Longer'),
 (92,21,'Same'),
 (93,21,'Shorter'),
 (94,21,'Much Shorter'),
 (95,22,'Much Thicker'),
 (96,22,'Thicker'),
 (97,22,'Same'),
 (98,22,'Thinner'),
 (99,22,'Much Thinner'),
 (105,24,'Much Thinner'),
 (106,24,'Thinner'),
 (107,24,'Same'),
 (108,24,'Fatter'),
 (109,24,'Much Fatter'),
 (110,25,'Much Leaner'),
 (111,25,'Leaner'),
 (112,25,'Same'),
 (113,25,'More Muscular'),
 (114,25,'Much More Muscular');


--
-- Definition of table `videos`
--

CREATE TABLE `videos` (
  `id` int(11) NOT NULL AUTO_INCREMENT,
  `file` varchar(255) NOT NULL,
  `dir` varchar(255) NOT NULL,
  PRIMARY KEY (`id`),
  UNIQUE KEY `file` (`file`,`dir`)
) ENGINE=InnoDB AUTO_INCREMENT=2503 DEFAULT CHARSET=latin1;

--
-- Dumping data for table `videos`
--

INSERT INTO `videos` (`id`,`file`,`dir`) VALUES 
 (195,'008a013s00L.dv.flv','/videos/gait/large/a/'),
 (2033,'008a013s00R.dv.flv','/videos/gait/large/a/'),
 (126,'008a013s01L.dv.flv','/videos/gait/large/a/'),
 (1997,'008a013s01R.dv.flv','/videos/gait/large/a/'),
 (1193,'008a013s02L.dv.flv','/videos/gait/large/a/'),
 (1078,'008a013s02R.dv.flv','/videos/gait/large/a/'),
 (281,'008a013s03L.dv.flv','/videos/gait/large/a/'),
 (431,'008a013s03R.dv.flv','/videos/gait/large/a/'),
 (587,'008a013s04L.dv.flv','/videos/gait/large/a/'),
 (929,'008a013s04R.dv.flv','/videos/gait/large/a/'),
 (795,'008a013s05L.dv.flv','/videos/gait/large/a/'),
 (1622,'008a013s05R.dv.flv','/videos/gait/large/a/'),
 (681,'008a013s06L.dv.flv','/videos/gait/large/a/'),
 (2062,'008a013s06R.dv.flv','/videos/gait/large/a/'),
 (282,'008a014s00L.dv.flv','/videos/gait/large/a/'),
 (2147,'008a014s00R.dv.flv','/videos/gait/large/a/'),
 (525,'008a014s01L.dv.flv','/videos/gait/large/a/'),
 (500,'008a014s01R.dv.flv','/videos/gait/large/a/'),
 (1549,'008a014s02L.dv.flv','/videos/gait/large/a/'),
 (1536,'008a014s02R.dv.flv','/videos/gait/large/a/'),
 (739,'008a014s03L.dv.flv','/videos/gait/large/a/'),
 (1695,'008a014s03R.dv.flv','/videos/gait/large/a/'),
 (1233,'008a014s04L.dv.flv','/videos/gait/large/a/'),
 (1210,'008a014s04R.dv.flv','/videos/gait/large/a/'),
 (851,'008a014s05L.dv.flv','/videos/gait/large/a/'),
 (255,'008a014s05R.dv.flv','/videos/gait/large/a/'),
 (468,'008a014s06L.dv.flv','/videos/gait/large/a/'),
 (1394,'008a014s06R.dv.flv','/videos/gait/large/a/'),
 (1126,'008a015s00L.dv.flv','/videos/gait/large/a/'),
 (1412,'008a015s00R.dv.flv','/videos/gait/large/a/'),
 (1399,'008a015s01L.dv.flv','/videos/gait/large/a/'),
 (2043,'008a015s01R.dv.flv','/videos/gait/large/a/'),
 (1294,'008a015s02L.dv.flv','/videos/gait/large/a/'),
 (1651,'008a015s02R.dv.flv','/videos/gait/large/a/'),
 (1330,'008a015s03L.dv.flv','/videos/gait/large/a/'),
 (967,'008a015s03R.dv.flv','/videos/gait/large/a/'),
 (348,'008a015s04L.dv.flv','/videos/gait/large/a/'),
 (183,'008a015s04R.dv.flv','/videos/gait/large/a/'),
 (2038,'008a015s05L.dv.flv','/videos/gait/large/a/'),
 (1174,'008a015s05R.dv.flv','/videos/gait/large/a/'),
 (668,'008a015s06L.dv.flv','/videos/gait/large/a/'),
 (309,'008a015s06R.dv.flv','/videos/gait/large/a/'),
 (908,'008a015s07L.dv.flv','/videos/gait/large/a/'),
 (1009,'008a015s07R.dv.flv','/videos/gait/large/a/'),
 (303,'008a015s08L.dv.flv','/videos/gait/large/a/'),
 (700,'008a015s08R.dv.flv','/videos/gait/large/a/'),
 (1421,'008a016s00L.dv.flv','/videos/gait/large/a/'),
 (1144,'008a016s00R.dv.flv','/videos/gait/large/a/'),
 (935,'008a016s01L.dv.flv','/videos/gait/large/a/'),
 (1414,'008a016s01R.dv.flv','/videos/gait/large/a/'),
 (1960,'008a016s02L.dv.flv','/videos/gait/large/a/'),
 (1478,'008a016s02R.dv.flv','/videos/gait/large/a/'),
 (1143,'008a016s03L.dv.flv','/videos/gait/large/a/'),
 (1837,'008a016s03R.dv.flv','/videos/gait/large/a/'),
 (518,'008a016s04L.dv.flv','/videos/gait/large/a/'),
 (1269,'008a016s04R.dv.flv','/videos/gait/large/a/'),
 (770,'008a016s05L.dv.flv','/videos/gait/large/a/'),
 (1270,'008a016s05R.dv.flv','/videos/gait/large/a/'),
 (36,'008a016s06L.dv.flv','/videos/gait/large/a/'),
 (63,'008a016s06R.dv.flv','/videos/gait/large/a/'),
 (1823,'009a017s00L.dv.flv','/videos/gait/large/a/'),
 (1943,'009a017s00R.dv.flv','/videos/gait/large/a/'),
 (1834,'009a017s01L.dv.flv','/videos/gait/large/a/'),
 (249,'009a017s01R.dv.flv','/videos/gait/large/a/'),
 (120,'009a017s02L.dv.flv','/videos/gait/large/a/'),
 (265,'009a017s02R.dv.flv','/videos/gait/large/a/'),
 (941,'009a017s03L.dv.flv','/videos/gait/large/a/'),
 (982,'009a017s03R.dv.flv','/videos/gait/large/a/'),
 (473,'009a017s04L.dv.flv','/videos/gait/large/a/'),
 (1335,'009a017s04R.dv.flv','/videos/gait/large/a/'),
 (1977,'009a017s05L.dv.flv','/videos/gait/large/a/'),
 (1333,'009a017s05R.dv.flv','/videos/gait/large/a/'),
 (1735,'009a017s06L.dv.flv','/videos/gait/large/a/'),
 (723,'009a017s06R.dv.flv','/videos/gait/large/a/'),
 (1347,'009a017s07L.dv.flv','/videos/gait/large/a/'),
 (1611,'009a017s07R.dv.flv','/videos/gait/large/a/'),
 (1734,'009a018s00L.dv.flv','/videos/gait/large/a/'),
 (721,'009a018s00R.dv.flv','/videos/gait/large/a/'),
 (2156,'009a018s01L.dv.flv','/videos/gait/large/a/'),
 (1237,'009a018s01R.dv.flv','/videos/gait/large/a/'),
 (958,'009a018s02L.dv.flv','/videos/gait/large/a/'),
 (1265,'009a018s02R.dv.flv','/videos/gait/large/a/'),
 (2136,'009a018s03L.dv.flv','/videos/gait/large/a/'),
 (231,'009a018s03R.dv.flv','/videos/gait/large/a/'),
 (100,'009a018s04L.dv.flv','/videos/gait/large/a/'),
 (760,'009a018s04R.dv.flv','/videos/gait/large/a/'),
 (554,'009a018s05L.dv.flv','/videos/gait/large/a/'),
 (1635,'009a018s05R.dv.flv','/videos/gait/large/a/'),
 (477,'009a018s06L.dv.flv','/videos/gait/large/a/'),
 (2067,'009a018s06R.dv.flv','/videos/gait/large/a/'),
 (98,'009a018s07L.dv.flv','/videos/gait/large/a/'),
 (266,'009a018s07R.dv.flv','/videos/gait/large/a/'),
 (1300,'009a018s08L.dv.flv','/videos/gait/large/a/'),
 (2168,'009a018s08R.dv.flv','/videos/gait/large/a/'),
 (176,'009a018s09L.dv.flv','/videos/gait/large/a/'),
 (666,'009a018s09R.dv.flv','/videos/gait/large/a/'),
 (1778,'009a019s00L.dv.flv','/videos/gait/large/a/'),
 (993,'009a019s00R.dv.flv','/videos/gait/large/a/'),
 (1698,'009a019s01L.dv.flv','/videos/gait/large/a/'),
 (1220,'009a019s01R.dv.flv','/videos/gait/large/a/'),
 (532,'009a019s02L.dv.flv','/videos/gait/large/a/'),
 (656,'009a019s02R.dv.flv','/videos/gait/large/a/'),
 (658,'009a019s03L.dv.flv','/videos/gait/large/a/'),
 (76,'009a019s03R.dv.flv','/videos/gait/large/a/'),
 (633,'009a019s04L.dv.flv','/videos/gait/large/a/'),
 (748,'009a019s04R.dv.flv','/videos/gait/large/a/'),
 (844,'009a019s05L.dv.flv','/videos/gait/large/a/'),
 (1048,'009a019s05R.dv.flv','/videos/gait/large/a/'),
 (707,'009a019s06L.dv.flv','/videos/gait/large/a/'),
 (1008,'009a019s06R.dv.flv','/videos/gait/large/a/'),
 (250,'009a019s07L.dv.flv','/videos/gait/large/a/'),
 (1442,'009a019s07R.dv.flv','/videos/gait/large/a/'),
 (1508,'009a020s00L.dv.flv','/videos/gait/large/a/'),
 (613,'009a020s00R.dv.flv','/videos/gait/large/a/'),
 (989,'009a020s01L.dv.flv','/videos/gait/large/a/'),
 (1609,'009a020s01R.dv.flv','/videos/gait/large/a/'),
 (943,'009a020s02L.dv.flv','/videos/gait/large/a/'),
 (2120,'009a020s02R.dv.flv','/videos/gait/large/a/'),
 (86,'009a020s03L.dv.flv','/videos/gait/large/a/'),
 (1670,'009a020s03R.dv.flv','/videos/gait/large/a/'),
 (1820,'009a020s04L.dv.flv','/videos/gait/large/a/'),
 (1175,'009a020s04R.dv.flv','/videos/gait/large/a/'),
 (1872,'009a020s05L.dv.flv','/videos/gait/large/a/'),
 (825,'009a020s05R.dv.flv','/videos/gait/large/a/'),
 (990,'009a020s06L.dv.flv','/videos/gait/large/a/'),
 (1218,'009a020s06R.dv.flv','/videos/gait/large/a/'),
 (124,'009a020s07L.dv.flv','/videos/gait/large/a/'),
 (1964,'009a020s07R.dv.flv','/videos/gait/large/a/'),
 (1259,'010a021s00L.dv.flv','/videos/gait/large/a/'),
 (1864,'010a021s00R.dv.flv','/videos/gait/large/a/'),
 (1301,'010a021s01L.dv.flv','/videos/gait/large/a/'),
 (1557,'010a021s01R.dv.flv','/videos/gait/large/a/'),
 (1015,'010a021s02L.dv.flv','/videos/gait/large/a/'),
 (1766,'010a021s02R.dv.flv','/videos/gait/large/a/'),
 (1334,'010a021s03L.dv.flv','/videos/gait/large/a/'),
 (820,'010a021s03R.dv.flv','/videos/gait/large/a/'),
 (147,'010a021s04L.dv.flv','/videos/gait/large/a/'),
 (2014,'010a021s04R.dv.flv','/videos/gait/large/a/'),
 (367,'010a021s05L.dv.flv','/videos/gait/large/a/'),
 (1136,'010a021s05R.dv.flv','/videos/gait/large/a/'),
 (2151,'010a021s06L.dv.flv','/videos/gait/large/a/'),
 (2163,'010a021s06R.dv.flv','/videos/gait/large/a/'),
 (2098,'010a021s07L.dv.flv','/videos/gait/large/a/'),
 (1637,'010a021s07R.dv.flv','/videos/gait/large/a/'),
 (2180,'010a021s08L.dv.flv','/videos/gait/large/a/'),
 (2174,'010a021s08R.dv.flv','/videos/gait/large/a/'),
 (1211,'010a022s00L.dv.flv','/videos/gait/large/a/'),
 (1802,'010a022s00R.dv.flv','/videos/gait/large/a/'),
 (1620,'010a022s01L.dv.flv','/videos/gait/large/a/'),
 (2114,'010a022s01R.dv.flv','/videos/gait/large/a/'),
 (621,'010a022s02L.dv.flv','/videos/gait/large/a/'),
 (1927,'010a022s02R.dv.flv','/videos/gait/large/a/'),
 (164,'010a022s03L.dv.flv','/videos/gait/large/a/'),
 (2172,'010a022s03R.dv.flv','/videos/gait/large/a/'),
 (169,'010a022s04L.dv.flv','/videos/gait/large/a/'),
 (904,'010a022s04R.dv.flv','/videos/gait/large/a/'),
 (711,'010a022s05L.dv.flv','/videos/gait/large/a/'),
 (725,'010a022s05R.dv.flv','/videos/gait/large/a/'),
 (1784,'010a022s06L.dv.flv','/videos/gait/large/a/'),
 (1520,'010a022s06R.dv.flv','/videos/gait/large/a/'),
 (2111,'010a022s07L.dv.flv','/videos/gait/large/a/'),
 (1643,'010a022s07R.dv.flv','/videos/gait/large/a/'),
 (896,'010a023s00L.dv.flv','/videos/gait/large/a/'),
 (565,'010a023s00R.dv.flv','/videos/gait/large/a/'),
 (324,'010a023s01L.dv.flv','/videos/gait/large/a/'),
 (437,'010a023s01R.dv.flv','/videos/gait/large/a/'),
 (1660,'010a023s02L.dv.flv','/videos/gait/large/a/'),
 (128,'010a023s02R.dv.flv','/videos/gait/large/a/'),
 (285,'010a023s03L.dv.flv','/videos/gait/large/a/'),
 (1133,'010a023s03R.dv.flv','/videos/gait/large/a/'),
 (1502,'010a023s04L.dv.flv','/videos/gait/large/a/'),
 (670,'010a023s04R.dv.flv','/videos/gait/large/a/'),
 (48,'010a023s05L.dv.flv','/videos/gait/large/a/'),
 (1369,'010a023s05R.dv.flv','/videos/gait/large/a/'),
 (2042,'010a023s06L.dv.flv','/videos/gait/large/a/'),
 (397,'010a023s06R.dv.flv','/videos/gait/large/a/'),
 (1398,'010a023s07L.dv.flv','/videos/gait/large/a/'),
 (850,'010a023s07R.dv.flv','/videos/gait/large/a/'),
 (78,'010a023s08L.dv.flv','/videos/gait/large/a/'),
 (161,'010a023s08R.dv.flv','/videos/gait/large/a/'),
 (173,'010a024s00L.dv.flv','/videos/gait/large/a/'),
 (1673,'010a024s00R.dv.flv','/videos/gait/large/a/'),
 (184,'010a024s01L.dv.flv','/videos/gait/large/a/'),
 (763,'010a024s01R.dv.flv','/videos/gait/large/a/'),
 (585,'010a024s02L.dv.flv','/videos/gait/large/a/'),
 (1800,'010a024s02R.dv.flv','/videos/gait/large/a/'),
 (557,'010a024s03L.dv.flv','/videos/gait/large/a/'),
 (1365,'010a024s03R.dv.flv','/videos/gait/large/a/'),
 (586,'010a024s04L.dv.flv','/videos/gait/large/a/'),
 (132,'010a024s04R.dv.flv','/videos/gait/large/a/'),
 (1038,'010a024s05L.dv.flv','/videos/gait/large/a/'),
 (1969,'010a024s05R.dv.flv','/videos/gait/large/a/'),
 (2099,'010a024s06L.dv.flv','/videos/gait/large/a/'),
 (1157,'010a024s06R.dv.flv','/videos/gait/large/a/'),
 (1363,'010a024s07L.dv.flv','/videos/gait/large/a/'),
 (1062,'010a024s07R.dv.flv','/videos/gait/large/a/'),
 (575,'010a024s08L.dv.flv','/videos/gait/large/a/'),
 (963,'010a024s08R.dv.flv','/videos/gait/large/a/'),
 (708,'011a025s00L.dv.flv','/videos/gait/large/a/'),
 (2070,'011a025s00R.dv.flv','/videos/gait/large/a/'),
 (2160,'011a025s01L.dv.flv','/videos/gait/large/a/'),
 (257,'011a025s01R.dv.flv','/videos/gait/large/a/'),
 (797,'011a025s02L.dv.flv','/videos/gait/large/a/'),
 (1423,'011a025s02R.dv.flv','/videos/gait/large/a/'),
 (1902,'011a025s03L.dv.flv','/videos/gait/large/a/'),
 (1818,'011a025s03R.dv.flv','/videos/gait/large/a/'),
 (595,'011a025s04L.dv.flv','/videos/gait/large/a/'),
 (1645,'011a025s04R.dv.flv','/videos/gait/large/a/'),
 (914,'011a025s05L.dv.flv','/videos/gait/large/a/'),
 (964,'011a025s05R.dv.flv','/videos/gait/large/a/'),
 (1903,'011a025s06L.dv.flv','/videos/gait/large/a/'),
 (392,'011a025s06R.dv.flv','/videos/gait/large/a/'),
 (560,'011a025s07L.dv.flv','/videos/gait/large/a/'),
 (1718,'011a025s07R.dv.flv','/videos/gait/large/a/'),
 (742,'011a026s00L.dv.flv','/videos/gait/large/a/'),
 (847,'011a026s00R.dv.flv','/videos/gait/large/a/'),
 (1340,'011a026s01L.dv.flv','/videos/gait/large/a/'),
 (2049,'011a026s01R.dv.flv','/videos/gait/large/a/'),
 (2155,'011a026s02L.dv.flv','/videos/gait/large/a/'),
 (746,'011a026s02R.dv.flv','/videos/gait/large/a/'),
 (364,'011a026s03L.dv.flv','/videos/gait/large/a/'),
 (1327,'011a026s03R.dv.flv','/videos/gait/large/a/'),
 (1437,'011a026s04L.dv.flv','/videos/gait/large/a/'),
 (380,'011a026s04R.dv.flv','/videos/gait/large/a/'),
 (379,'011a026s05L.dv.flv','/videos/gait/large/a/'),
 (464,'011a026s05R.dv.flv','/videos/gait/large/a/'),
 (1279,'011a026s06L.dv.flv','/videos/gait/large/a/'),
 (219,'011a026s06R.dv.flv','/videos/gait/large/a/'),
 (1295,'011a026s07L.dv.flv','/videos/gait/large/a/'),
 (1002,'011a026s07R.dv.flv','/videos/gait/large/a/'),
 (235,'011a027s00L.dv.flv','/videos/gait/large/a/'),
 (1459,'011a027s00R.dv.flv','/videos/gait/large/a/'),
 (602,'011a027s01L.dv.flv','/videos/gait/large/a/'),
 (622,'011a027s01R.dv.flv','/videos/gait/large/a/'),
 (1548,'011a027s02L.dv.flv','/videos/gait/large/a/'),
 (1581,'011a027s02R.dv.flv','/videos/gait/large/a/'),
 (1426,'011a027s03L.dv.flv','/videos/gait/large/a/'),
 (1756,'011a027s03R.dv.flv','/videos/gait/large/a/'),
 (1497,'011a027s04L.dv.flv','/videos/gait/large/a/'),
 (2027,'011a027s04R.dv.flv','/videos/gait/large/a/'),
 (1690,'011a027s05L.dv.flv','/videos/gait/large/a/'),
 (1356,'011a027s05R.dv.flv','/videos/gait/large/a/'),
 (736,'011a027s06L.dv.flv','/videos/gait/large/a/'),
 (1569,'011a027s06R.dv.flv','/videos/gait/large/a/'),
 (840,'011a027s07L.dv.flv','/videos/gait/large/a/'),
 (1098,'011a027s07R.dv.flv','/videos/gait/large/a/'),
 (1925,'011a028s00L.dv.flv','/videos/gait/large/a/'),
 (1052,'011a028s00R.dv.flv','/videos/gait/large/a/'),
 (1267,'011a028s01L.dv.flv','/videos/gait/large/a/'),
 (1111,'011a028s01R.dv.flv','/videos/gait/large/a/'),
 (2005,'011a028s02L.dv.flv','/videos/gait/large/a/'),
 (685,'011a028s02R.dv.flv','/videos/gait/large/a/'),
 (1607,'011a028s03L.dv.flv','/videos/gait/large/a/'),
 (1243,'011a028s03R.dv.flv','/videos/gait/large/a/'),
 (672,'011a028s04L.dv.flv','/videos/gait/large/a/'),
 (1150,'011a028s04R.dv.flv','/videos/gait/large/a/'),
 (1705,'011a028s05L.dv.flv','/videos/gait/large/a/'),
 (1677,'011a028s05R.dv.flv','/videos/gait/large/a/'),
 (895,'011a028s06L.dv.flv','/videos/gait/large/a/'),
 (190,'011a028s06R.dv.flv','/videos/gait/large/a/'),
 (505,'011a028s07L.dv.flv','/videos/gait/large/a/'),
 (77,'011a028s07R.dv.flv','/videos/gait/large/a/'),
 (728,'011a028s08L.dv.flv','/videos/gait/large/a/'),
 (476,'011a028s08R.dv.flv','/videos/gait/large/a/'),
 (1190,'011a029s00L.dv.flv','/videos/gait/large/a/'),
 (1621,'011a029s00R.dv.flv','/videos/gait/large/a/'),
 (873,'011a029s01L.dv.flv','/videos/gait/large/a/'),
 (1544,'011a029s01R.dv.flv','/videos/gait/large/a/'),
 (1060,'011a029s02L.dv.flv','/videos/gait/large/a/'),
 (1676,'011a029s02R.dv.flv','/videos/gait/large/a/'),
 (1059,'011a029s03L.dv.flv','/videos/gait/large/a/'),
 (638,'011a029s03R.dv.flv','/videos/gait/large/a/'),
 (1866,'011a029s04L.dv.flv','/videos/gait/large/a/'),
 (830,'011a029s04R.dv.flv','/videos/gait/large/a/'),
 (1152,'011a029s05L.dv.flv','/videos/gait/large/a/'),
 (537,'011a029s05R.dv.flv','/videos/gait/large/a/'),
 (1982,'011a029s06L.dv.flv','/videos/gait/large/a/'),
 (2091,'011a029s06R.dv.flv','/videos/gait/large/a/'),
 (481,'011a029s07L.dv.flv','/videos/gait/large/a/'),
 (1853,'011a029s07R.dv.flv','/videos/gait/large/a/'),
 (2158,'011a029s08L.dv.flv','/videos/gait/large/a/'),
 (2122,'011a029s08R.dv.flv','/videos/gait/large/a/'),
 (1350,'011a029s09L.dv.flv','/videos/gait/large/a/'),
 (1383,'011a029s09R.dv.flv','/videos/gait/large/a/'),
 (1973,'011a029s10L.dv.flv','/videos/gait/large/a/'),
 (1056,'011a029s10R.dv.flv','/videos/gait/large/a/'),
 (1292,'011a029s11L.dv.flv','/videos/gait/large/a/'),
 (1312,'011a029s11R.dv.flv','/videos/gait/large/a/'),
 (1253,'011a029s12L.dv.flv','/videos/gait/large/a/'),
 (592,'011a029s12R.dv.flv','/videos/gait/large/a/'),
 (1034,'011a029s13L.dv.flv','/videos/gait/large/a/'),
 (350,'011a029s13R.dv.flv','/videos/gait/large/a/'),
 (623,'012a030s00L.dv.flv','/videos/gait/large/a/'),
 (1066,'012a030s00R.dv.flv','/videos/gait/large/a/'),
 (1868,'012a030s01L.dv.flv','/videos/gait/large/a/'),
 (326,'012a030s01R.dv.flv','/videos/gait/large/a/'),
 (1214,'012a030s02L.dv.flv','/videos/gait/large/a/'),
 (446,'012a030s02R.dv.flv','/videos/gait/large/a/'),
 (997,'012a030s03L.dv.flv','/videos/gait/large/a/'),
 (1539,'012a030s03R.dv.flv','/videos/gait/large/a/'),
 (166,'012a030s04L.dv.flv','/videos/gait/large/a/'),
 (838,'012a030s04R.dv.flv','/videos/gait/large/a/'),
 (884,'012a030s05L.dv.flv','/videos/gait/large/a/'),
 (1874,'012a030s05R.dv.flv','/videos/gait/large/a/'),
 (203,'012a030s06L.dv.flv','/videos/gait/large/a/'),
 (1683,'012a030s06R.dv.flv','/videos/gait/large/a/'),
 (562,'012a030s07L.dv.flv','/videos/gait/large/a/'),
 (1229,'012a030s07R.dv.flv','/videos/gait/large/a/'),
 (872,'012a031s00R.dv.flv','/videos/gait/large/a/'),
 (332,'012a031s01L.dv.flv','/videos/gait/large/a/'),
 (1879,'012a031s01R.dv.flv','/videos/gait/large/a/'),
 (1393,'012a031s02L.dv.flv','/videos/gait/large/a/'),
 (1976,'012a031s02R.dv.flv','/videos/gait/large/a/'),
 (2101,'012a031s03L.dv.flv','/videos/gait/large/a/'),
 (1830,'012a031s03R.dv.flv','/videos/gait/large/a/'),
 (297,'012a031s04L.dv.flv','/videos/gait/large/a/'),
 (1547,'012a031s04R.dv.flv','/videos/gait/large/a/'),
 (661,'012a031s05L.dv.flv','/videos/gait/large/a/'),
 (1475,'012a031s05R.dv.flv','/videos/gait/large/a/'),
 (1962,'012a031s06L.dv.flv','/videos/gait/large/a/'),
 (1305,'012a031s06R.dv.flv','/videos/gait/large/a/'),
 (1436,'012a031s07L.dv.flv','/videos/gait/large/a/'),
 (1030,'012a031s07R.dv.flv','/videos/gait/large/a/'),
 (2146,'012a031s08L.dv.flv','/videos/gait/large/a/'),
 (1381,'012a031s08R.dv.flv','/videos/gait/large/a/'),
 (697,'012a031s09L.dv.flv','/videos/gait/large/a/'),
 (792,'012a031s09R.dv.flv','/videos/gait/large/a/'),
 (945,'012a031s10L.dv.flv','/videos/gait/large/a/'),
 (2166,'012a032s00L.dv.flv','/videos/gait/large/a/'),
 (535,'012a032s00R.dv.flv','/videos/gait/large/a/'),
 (890,'012a032s01L.dv.flv','/videos/gait/large/a/'),
 (1019,'012a032s01R.dv.flv','/videos/gait/large/a/'),
 (494,'012a032s02L.dv.flv','/videos/gait/large/a/'),
 (2096,'012a032s02R.dv.flv','/videos/gait/large/a/'),
 (1320,'012a032s03L.dv.flv','/videos/gait/large/a/'),
 (30,'012a032s03R.dv.flv','/videos/gait/large/a/'),
 (1153,'012a032s04L.dv.flv','/videos/gait/large/a/'),
 (1666,'012a032s04R.dv.flv','/videos/gait/large/a/'),
 (889,'012a032s05L.dv.flv','/videos/gait/large/a/'),
 (1353,'012a032s05R.dv.flv','/videos/gait/large/a/'),
 (2129,'012a032s06L.dv.flv','/videos/gait/large/a/'),
 (71,'012a032s06R.dv.flv','/videos/gait/large/a/'),
 (1367,'012a032s07L.dv.flv','/videos/gait/large/a/'),
 (1097,'012a032s07R.dv.flv','/videos/gait/large/a/'),
 (66,'012a033s00L.dv.flv','/videos/gait/large/a/'),
 (2119,'012a033s00R.dv.flv','/videos/gait/large/a/'),
 (1791,'012a033s01L.dv.flv','/videos/gait/large/a/'),
 (1827,'012a033s01R.dv.flv','/videos/gait/large/a/'),
 (631,'012a033s02L.dv.flv','/videos/gait/large/a/'),
 (122,'012a033s02R.dv.flv','/videos/gait/large/a/'),
 (891,'012a033s03L.dv.flv','/videos/gait/large/a/'),
 (1171,'012a033s03R.dv.flv','/videos/gait/large/a/'),
 (2008,'012a033s04L.dv.flv','/videos/gait/large/a/'),
 (1990,'012a033s04R.dv.flv','/videos/gait/large/a/'),
 (394,'012a033s05L.dv.flv','/videos/gait/large/a/'),
 (273,'012a033s05R.dv.flv','/videos/gait/large/a/'),
 (264,'012a033s06L.dv.flv','/videos/gait/large/a/'),
 (474,'012a033s06R.dv.flv','/videos/gait/large/a/'),
 (1444,'012a033s07L.dv.flv','/videos/gait/large/a/'),
 (1090,'012a033s07R.dv.flv','/videos/gait/large/a/'),
 (236,'012a034s00L.dv.flv','/videos/gait/large/a/'),
 (794,'012a034s00R.dv.flv','/videos/gait/large/a/'),
 (427,'012a034s01L.dv.flv','/videos/gait/large/a/'),
 (1929,'012a034s01R.dv.flv','/videos/gait/large/a/'),
 (1378,'012a034s02L.dv.flv','/videos/gait/large/a/'),
 (1345,'012a034s02R.dv.flv','/videos/gait/large/a/'),
 (1303,'012a034s03L.dv.flv','/videos/gait/large/a/'),
 (1272,'012a034s03R.dv.flv','/videos/gait/large/a/'),
 (1091,'012a034s04L.dv.flv','/videos/gait/large/a/'),
 (1003,'012a034s04R.dv.flv','/videos/gait/large/a/'),
 (1966,'012a034s05L.dv.flv','/videos/gait/large/a/'),
 (2059,'012a034s05R.dv.flv','/videos/gait/large/a/'),
 (944,'012a034s06L.dv.flv','/videos/gait/large/a/'),
 (1523,'012a034s06R.dv.flv','/videos/gait/large/a/'),
 (786,'012a034s07L.dv.flv','/videos/gait/large/a/'),
 (722,'012a034s07R.dv.flv','/videos/gait/large/a/'),
 (1759,'012a035s00L.dv.flv','/videos/gait/large/a/'),
 (1100,'012a035s00R.dv.flv','/videos/gait/large/a/'),
 (450,'012a035s01L.dv.flv','/videos/gait/large/a/'),
 (1788,'012a035s01R.dv.flv','/videos/gait/large/a/'),
 (1201,'012a035s02L.dv.flv','/videos/gait/large/a/'),
 (1050,'012a035s02R.dv.flv','/videos/gait/large/a/'),
 (54,'012a035s03L.dv.flv','/videos/gait/large/a/'),
 (280,'012a035s03R.dv.flv','/videos/gait/large/a/'),
 (2068,'012a035s04L.dv.flv','/videos/gait/large/a/'),
 (1359,'012a035s04R.dv.flv','/videos/gait/large/a/'),
 (186,'012a035s05L.dv.flv','/videos/gait/large/a/'),
 (72,'012a035s05R.dv.flv','/videos/gait/large/a/'),
 (1514,'012a035s06L.dv.flv','/videos/gait/large/a/'),
 (629,'012a035s06R.dv.flv','/videos/gait/large/a/'),
 (1560,'012a035s07L.dv.flv','/videos/gait/large/a/'),
 (1371,'012a035s07R.dv.flv','/videos/gait/large/a/'),
 (916,'012a036s00L.dv.flv','/videos/gait/large/a/'),
 (154,'012a036s00R.dv.flv','/videos/gait/large/a/'),
 (1671,'012a036s01L.dv.flv','/videos/gait/large/a/'),
 (1260,'012a036s01R.dv.flv','/videos/gait/large/a/'),
 (1712,'012a036s02L.dv.flv','/videos/gait/large/a/'),
 (637,'012a036s02R.dv.flv','/videos/gait/large/a/'),
 (174,'012a036s03L.dv.flv','/videos/gait/large/a/'),
 (2112,'012a036s03R.dv.flv','/videos/gait/large/a/'),
 (1634,'012a036s04L.dv.flv','/videos/gait/large/a/'),
 (418,'012a036s04R.dv.flv','/videos/gait/large/a/'),
 (211,'012a036s05L.dv.flv','/videos/gait/large/a/'),
 (603,'012a036s05R.dv.flv','/videos/gait/large/a/'),
 (737,'012a036s06L.dv.flv','/videos/gait/large/a/'),
 (1944,'012a036s06R.dv.flv','/videos/gait/large/a/'),
 (1972,'012a036s07L.dv.flv','/videos/gait/large/a/'),
 (2073,'012a036s07R.dv.flv','/videos/gait/large/a/'),
 (609,'012a036s08L.dv.flv','/videos/gait/large/a/'),
 (536,'012a036s08R.dv.flv','/videos/gait/large/a/'),
 (1860,'013a012s00L.dv.flv','/videos/gait/large/a/'),
 (1069,'013a012s00R.dv.flv','/videos/gait/large/a/'),
 (2125,'013a012s01L.dv.flv','/videos/gait/large/a/'),
 (903,'013a012s01R.dv.flv','/videos/gait/large/a/'),
 (1794,'013a012s02L.dv.flv','/videos/gait/large/a/'),
 (1224,'013a012s02R.dv.flv','/videos/gait/large/a/'),
 (745,'013a012s03L.dv.flv','/videos/gait/large/a/'),
 (534,'013a012s03R.dv.flv','/videos/gait/large/a/'),
 (391,'013a012s04L.dv.flv','/videos/gait/large/a/'),
 (2085,'013a012s04R.dv.flv','/videos/gait/large/a/'),
 (181,'013a012s05L.dv.flv','/videos/gait/large/a/'),
 (576,'013a012s05R.dv.flv','/videos/gait/large/a/'),
 (486,'013a012s06L.dv.flv','/videos/gait/large/a/'),
 (1169,'013a012s06R.dv.flv','/videos/gait/large/a/'),
 (1566,'013a012s07L.dv.flv','/videos/gait/large/a/'),
 (526,'013a012s07R.dv.flv','/videos/gait/large/a/'),
 (1443,'013a012s08L.dv.flv','/videos/gait/large/a/'),
 (588,'013a012s08R.dv.flv','/videos/gait/large/a/'),
 (1974,'013a012s09L.dv.flv','/videos/gait/large/a/'),
 (655,'013a012s09R.dv.flv','/videos/gait/large/a/'),
 (1411,'013a037s00L.dv.flv','/videos/gait/large/a/'),
 (1859,'013a037s00R.dv.flv','/videos/gait/large/a/'),
 (117,'013a037s01L.dv.flv','/videos/gait/large/a/'),
 (278,'013a037s01R.dv.flv','/videos/gait/large/a/'),
 (430,'013a037s02L.dv.flv','/videos/gait/large/a/'),
 (1040,'013a037s02R.dv.flv','/videos/gait/large/a/'),
 (1322,'013a037s03L.dv.flv','/videos/gait/large/a/'),
 (2088,'013a037s03R.dv.flv','/videos/gait/large/a/'),
 (582,'013a037s04L.dv.flv','/videos/gait/large/a/'),
 (1016,'013a037s04R.dv.flv','/videos/gait/large/a/'),
 (1115,'013a037s05L.dv.flv','/videos/gait/large/a/'),
 (577,'013a037s05R.dv.flv','/videos/gait/large/a/'),
 (1922,'013a037s06L.dv.flv','/videos/gait/large/a/'),
 (1933,'013a037s06R.dv.flv','/videos/gait/large/a/'),
 (1205,'013a037s07L.dv.flv','/videos/gait/large/a/'),
 (1337,'013a037s07R.dv.flv','/videos/gait/large/a/'),
 (363,'013a037s08L.dv.flv','/videos/gait/large/a/'),
 (403,'013a037s08R.dv.flv','/videos/gait/large/a/'),
 (1773,'013a037s09L.dv.flv','/videos/gait/large/a/'),
 (2131,'013a037s09R.dv.flv','/videos/gait/large/a/'),
 (1147,'013a038s00L.dv.flv','/videos/gait/large/a/'),
 (1405,'013a038s00R.dv.flv','/videos/gait/large/a/'),
 (478,'013a038s01L.dv.flv','/videos/gait/large/a/'),
 (1041,'013a038s01R.dv.flv','/videos/gait/large/a/'),
 (1668,'013a038s02L.dv.flv','/videos/gait/large/a/'),
 (1420,'013a038s02R.dv.flv','/videos/gait/large/a/'),
 (277,'013a038s03L.dv.flv','/videos/gait/large/a/'),
 (886,'013a038s03R.dv.flv','/videos/gait/large/a/'),
 (432,'013a038s04L.dv.flv','/videos/gait/large/a/'),
 (79,'013a038s04R.dv.flv','/videos/gait/large/a/'),
 (371,'013a038s05L.dv.flv','/videos/gait/large/a/'),
 (1516,'013a038s05R.dv.flv','/videos/gait/large/a/'),
 (1332,'013a038s06L.dv.flv','/videos/gait/large/a/'),
 (1988,'013a038s06R.dv.flv','/videos/gait/large/a/'),
 (1723,'013a038s07L.dv.flv','/videos/gait/large/a/'),
 (1521,'013a038s07R.dv.flv','/videos/gait/large/a/'),
 (155,'013a039s00L.dv.flv','/videos/gait/large/a/'),
 (2050,'013a039s00R.dv.flv','/videos/gait/large/a/'),
 (2080,'013a039s01L.dv.flv','/videos/gait/large/a/'),
 (467,'013a039s01R.dv.flv','/videos/gait/large/a/'),
 (1348,'013a039s02L.dv.flv','/videos/gait/large/a/'),
 (267,'013a039s02R.dv.flv','/videos/gait/large/a/'),
 (1045,'013a039s03L.dv.flv','/videos/gait/large/a/'),
 (1986,'013a039s03R.dv.flv','/videos/gait/large/a/'),
 (2003,'013a039s04L.dv.flv','/videos/gait/large/a/'),
 (1585,'013a039s04R.dv.flv','/videos/gait/large/a/'),
 (1981,'013a039s05L.dv.flv','/videos/gait/large/a/'),
 (1173,'013a039s05R.dv.flv','/videos/gait/large/a/'),
 (1905,'013a039s06L.dv.flv','/videos/gait/large/a/'),
 (43,'013a039s06R.dv.flv','/videos/gait/large/a/'),
 (1608,'013a039s07L.dv.flv','/videos/gait/large/a/'),
 (41,'013a039s07R.dv.flv','/videos/gait/large/a/'),
 (773,'013a039s08L.dv.flv','/videos/gait/large/a/'),
 (952,'013a039s08R.dv.flv','/videos/gait/large/a/'),
 (1833,'013a040s00L.dv.flv','/videos/gait/large/a/'),
 (1646,'013a040s00R.dv.flv','/videos/gait/large/a/'),
 (123,'013a040s01L.dv.flv','/videos/gait/large/a/'),
 (1039,'013a040s01R.dv.flv','/videos/gait/large/a/'),
 (1483,'013a040s02L.dv.flv','/videos/gait/large/a/'),
 (2126,'013a040s02R.dv.flv','/videos/gait/large/a/'),
 (677,'013a040s03L.dv.flv','/videos/gait/large/a/'),
 (1959,'013a040s03R.dv.flv','/videos/gait/large/a/'),
 (2025,'013a040s04L.dv.flv','/videos/gait/large/a/'),
 (511,'013a040s04R.dv.flv','/videos/gait/large/a/'),
 (1065,'013a040s05L.dv.flv','/videos/gait/large/a/'),
 (564,'013a040s05R.dv.flv','/videos/gait/large/a/'),
 (93,'013a040s06L.dv.flv','/videos/gait/large/a/'),
 (286,'013a040s06R.dv.flv','/videos/gait/large/a/'),
 (469,'013a040s07L.dv.flv','/videos/gait/large/a/'),
 (1470,'013a040s07R.dv.flv','/videos/gait/large/a/'),
 (1727,'013a040s08L.dv.flv','/videos/gait/large/a/'),
 (276,'013a040s08R.dv.flv','/videos/gait/large/a/'),
 (1958,'013a040s09L.dv.flv','/videos/gait/large/a/'),
 (416,'013a040s09R.dv.flv','/videos/gait/large/a/'),
 (1552,'014a041s00L.dv.flv','/videos/gait/large/a/'),
 (2015,'014a041s00R.dv.flv','/videos/gait/large/a/'),
 (1747,'014a041s01L.dv.flv','/videos/gait/large/a/'),
 (133,'014a041s01R.dv.flv','/videos/gait/large/a/'),
 (1463,'014a041s02L.dv.flv','/videos/gait/large/a/'),
 (20,'014a041s02R.dv.flv','/videos/gait/large/a/'),
 (556,'014a041s03L.dv.flv','/videos/gait/large/a/'),
 (1101,'014a041s03R.dv.flv','/videos/gait/large/a/'),
 (2181,'014a041s04L.dv.flv','/videos/gait/large/a/'),
 (1582,'014a041s04R.dv.flv','/videos/gait/large/a/'),
 (1487,'014a041s05L.dv.flv','/videos/gait/large/a/'),
 (1183,'014a041s05R.dv.flv','/videos/gait/large/a/'),
 (359,'014a041s06L.dv.flv','/videos/gait/large/a/'),
 (1225,'014a041s06R.dv.flv','/videos/gait/large/a/'),
 (1374,'014a041s07L.dv.flv','/videos/gait/large/a/'),
 (134,'014a041s07R.dv.flv','/videos/gait/large/a/'),
 (1724,'014a041s08L.dv.flv','/videos/gait/large/a/'),
 (1942,'014a041s08R.dv.flv','/videos/gait/large/a/'),
 (1926,'014a041s09L.dv.flv','/videos/gait/large/a/'),
 (2128,'014a041s09R.dv.flv','/videos/gait/large/a/'),
 (542,'014a042s00L.dv.flv','/videos/gait/large/a/'),
 (1035,'014a042s00R.dv.flv','/videos/gait/large/a/'),
 (1897,'014a042s01L.dv.flv','/videos/gait/large/a/'),
 (262,'014a042s01R.dv.flv','/videos/gait/large/a/'),
 (1584,'014a042s02L.dv.flv','/videos/gait/large/a/'),
 (1956,'014a042s02R.dv.flv','/videos/gait/large/a/'),
 (1999,'014a042s03L.dv.flv','/videos/gait/large/a/'),
 (206,'014a042s03R.dv.flv','/videos/gait/large/a/'),
 (2138,'014a042s04L.dv.flv','/videos/gait/large/a/'),
 (385,'014a042s04R.dv.flv','/videos/gait/large/a/'),
 (627,'014a042s05L.dv.flv','/videos/gait/large/a/'),
 (1590,'014a042s05R.dv.flv','/videos/gait/large/a/'),
 (648,'014a042s06L.dv.flv','/videos/gait/large/a/'),
 (208,'014a042s06R.dv.flv','/videos/gait/large/a/'),
 (420,'014a042s07L.dv.flv','/videos/gait/large/a/'),
 (1691,'014a042s07R.dv.flv','/videos/gait/large/a/'),
 (1730,'014a042s08L.dv.flv','/videos/gait/large/a/'),
 (1640,'014a042s08R.dv.flv','/videos/gait/large/a/'),
 (1615,'014a042s09L.dv.flv','/videos/gait/large/a/'),
 (1215,'014a042s09R.dv.flv','/videos/gait/large/a/'),
 (911,'014a043s00L.dv.flv','/videos/gait/large/a/'),
 (1450,'014a043s00R.dv.flv','/videos/gait/large/a/'),
 (522,'014a043s01L.dv.flv','/videos/gait/large/a/'),
 (1084,'014a043s01R.dv.flv','/videos/gait/large/a/'),
 (1284,'014a043s02L.dv.flv','/videos/gait/large/a/'),
 (1786,'014a043s02R.dv.flv','/videos/gait/large/a/'),
 (863,'014a043s03L.dv.flv','/videos/gait/large/a/'),
 (1232,'014a043s03R.dv.flv','/videos/gait/large/a/'),
 (1681,'014a043s04L.dv.flv','/videos/gait/large/a/'),
 (704,'014a043s04R.dv.flv','/videos/gait/large/a/'),
 (2069,'014a043s05L.dv.flv','/videos/gait/large/a/'),
 (1675,'014a043s05R.dv.flv','/videos/gait/large/a/'),
 (1235,'014a043s06L.dv.flv','/videos/gait/large/a/'),
 (1268,'014a043s06R.dv.flv','/videos/gait/large/a/'),
 (96,'014a043s07L.dv.flv','/videos/gait/large/a/'),
 (115,'014a043s07R.dv.flv','/videos/gait/large/a/'),
 (2105,'014a043s08L.dv.flv','/videos/gait/large/a/'),
 (1917,'014a043s08R.dv.flv','/videos/gait/large/a/'),
 (690,'014a043s09L.dv.flv','/videos/gait/large/a/'),
 (834,'014a043s09R.dv.flv','/videos/gait/large/a/'),
 (1338,'015a044s00L.dv.flv','/videos/gait/large/a/'),
 (2065,'015a044s00R.dv.flv','/videos/gait/large/a/'),
 (1349,'015a044s01L.dv.flv','/videos/gait/large/a/'),
 (2004,'015a044s01R.dv.flv','/videos/gait/large/a/'),
 (1687,'015a044s02L.dv.flv','/videos/gait/large/a/'),
 (1707,'015a044s02R.dv.flv','/videos/gait/large/a/'),
 (1132,'015a044s03L.dv.flv','/videos/gait/large/a/'),
 (218,'015a044s03R.dv.flv','/videos/gait/large/a/'),
 (724,'015a044s04L.dv.flv','/videos/gait/large/a/'),
 (1299,'015a044s04R.dv.flv','/videos/gait/large/a/'),
 (866,'015a044s05L.dv.flv','/videos/gait/large/a/'),
 (1894,'015a044s05R.dv.flv','/videos/gait/large/a/'),
 (581,'015a044s06L.dv.flv','/videos/gait/large/a/'),
 (1767,'015a044s06R.dv.flv','/videos/gait/large/a/'),
 (598,'015a044s07L.dv.flv','/videos/gait/large/a/'),
 (1029,'015a044s07R.dv.flv','/videos/gait/large/a/'),
 (503,'015a044s08L.dv.flv','/videos/gait/large/a/'),
 (1162,'015a044s08R.dv.flv','/videos/gait/large/a/'),
 (790,'015a045s00L.dv.flv','/videos/gait/large/a/'),
 (1545,'015a045s00R.dv.flv','/videos/gait/large/a/'),
 (798,'015a045s01L.dv.flv','/videos/gait/large/a/'),
 (45,'015a045s01R.dv.flv','/videos/gait/large/a/'),
 (1122,'015a045s02L.dv.flv','/videos/gait/large/a/'),
 (611,'015a045s02R.dv.flv','/videos/gait/large/a/'),
 (574,'015a045s03L.dv.flv','/videos/gait/large/a/'),
 (311,'015a045s03R.dv.flv','/videos/gait/large/a/'),
 (843,'015a045s04L.dv.flv','/videos/gait/large/a/'),
 (1725,'015a045s04R.dv.flv','/videos/gait/large/a/'),
 (659,'015a045s05L.dv.flv','/videos/gait/large/a/'),
 (2046,'015a045s05R.dv.flv','/videos/gait/large/a/'),
 (687,'015a045s06L.dv.flv','/videos/gait/large/a/'),
 (2023,'015a045s06R.dv.flv','/videos/gait/large/a/'),
 (1845,'015a045s07L.dv.flv','/videos/gait/large/a/'),
 (741,'015a045s07R.dv.flv','/videos/gait/large/a/'),
 (395,'015a045s08L.dv.flv','/videos/gait/large/a/'),
 (962,'015a045s08R.dv.flv','/videos/gait/large/a/'),
 (883,'016a046s00L.dv.flv','/videos/gait/large/a/'),
 (1906,'016a046s00R.dv.flv','/videos/gait/large/a/'),
 (1779,'016a046s01L.dv.flv','/videos/gait/large/a/'),
 (322,'016a046s01R.dv.flv','/videos/gait/large/a/'),
 (1395,'016a046s02L.dv.flv','/videos/gait/large/a/'),
 (2040,'016a046s02R.dv.flv','/videos/gait/large/a/'),
 (256,'016a046s03L.dv.flv','/videos/gait/large/a/'),
 (198,'016a046s03R.dv.flv','/videos/gait/large/a/'),
 (767,'016a046s04L.dv.flv','/videos/gait/large/a/'),
 (1995,'016a046s04R.dv.flv','/videos/gait/large/a/'),
 (930,'016a046s05L.dv.flv','/videos/gait/large/a/'),
 (1013,'016a046s05R.dv.flv','/videos/gait/large/a/'),
 (789,'016a046s06L.dv.flv','/videos/gait/large/a/'),
 (1230,'016a046s06R.dv.flv','/videos/gait/large/a/'),
 (1720,'016a046s07L.dv.flv','/videos/gait/large/a/'),
 (1989,'016a046s07R.dv.flv','/videos/gait/large/a/'),
 (293,'016a046s08L.dv.flv','/videos/gait/large/a/'),
 (1519,'016a046s08R.dv.flv','/videos/gait/large/a/'),
 (448,'016a046s09L.dv.flv','/videos/gait/large/a/'),
 (491,'016a046s09R.dv.flv','/videos/gait/large/a/'),
 (566,'016a046s10L.dv.flv','/videos/gait/large/a/'),
 (2104,'016a046s10R.dv.flv','/videos/gait/large/a/'),
 (1742,'016a046s11L.dv.flv','/videos/gait/large/a/'),
 (1556,'016a046s11R.dv.flv','/videos/gait/large/a/'),
 (438,'016a047s00L.dv.flv','/videos/gait/large/a/'),
 (766,'016a047s00R.dv.flv','/videos/gait/large/a/'),
 (2137,'016a047s01L.dv.flv','/videos/gait/large/a/'),
 (150,'016a047s01R.dv.flv','/videos/gait/large/a/'),
 (1377,'016a047s02L.dv.flv','/videos/gait/large/a/'),
 (1578,'016a047s02R.dv.flv','/videos/gait/large/a/'),
 (881,'016a047s03L.dv.flv','/videos/gait/large/a/'),
 (381,'016a047s03R.dv.flv','/videos/gait/large/a/'),
 (1068,'016a047s04L.dv.flv','/videos/gait/large/a/'),
 (1113,'016a047s04R.dv.flv','/videos/gait/large/a/'),
 (2150,'016a047s05L.dv.flv','/videos/gait/large/a/'),
 (372,'016a047s05R.dv.flv','/videos/gait/large/a/'),
 (207,'016a047s06L.dv.flv','/videos/gait/large/a/'),
 (1907,'016a047s06R.dv.flv','/videos/gait/large/a/'),
 (1769,'016a047s07L.dv.flv','/videos/gait/large/a/'),
 (2020,'016a047s07R.dv.flv','/videos/gait/large/a/'),
 (1601,'016a047s08L.dv.flv','/videos/gait/large/a/'),
 (593,'016a047s08R.dv.flv','/videos/gait/large/a/'),
 (968,'016a048s00L.dv.flv','/videos/gait/large/a/'),
 (445,'016a048s00R.dv.flv','/videos/gait/large/a/'),
 (2169,'016a048s01L.dv.flv','/videos/gait/large/a/'),
 (1563,'016a048s01R.dv.flv','/videos/gait/large/a/'),
 (683,'016a048s02L.dv.flv','/videos/gait/large/a/'),
 (1007,'016a048s02R.dv.flv','/videos/gait/large/a/'),
 (663,'016a048s03L.dv.flv','/videos/gait/large/a/'),
 (1298,'016a048s03R.dv.flv','/videos/gait/large/a/'),
 (1896,'016a048s04L.dv.flv','/videos/gait/large/a/'),
 (1428,'016a048s04R.dv.flv','/videos/gait/large/a/'),
 (1919,'016a048s05L.dv.flv','/videos/gait/large/a/'),
 (1489,'016a048s05R.dv.flv','/videos/gait/large/a/'),
 (917,'016a048s06L.dv.flv','/videos/gait/large/a/'),
 (1957,'016a048s06R.dv.flv','/videos/gait/large/a/'),
 (1743,'016a048s07L.dv.flv','/videos/gait/large/a/'),
 (2034,'016a048s07R.dv.flv','/videos/gait/large/a/'),
 (423,'016a048s08L.dv.flv','/videos/gait/large/a/'),
 (205,'016a048s08R.dv.flv','/videos/gait/large/a/'),
 (1401,'016a048s09L.dv.flv','/videos/gait/large/a/'),
 (555,'016a048s09R.dv.flv','/videos/gait/large/a/'),
 (422,'016a048s10L.dv.flv','/videos/gait/large/a/'),
 (1110,'016a048s10R.dv.flv','/videos/gait/large/a/'),
 (296,'016a048s11L.dv.flv','/videos/gait/large/a/'),
 (1888,'016a048s11R.dv.flv','/videos/gait/large/a/'),
 (1844,'016a049s00L.dv.flv','/videos/gait/large/a/'),
 (1304,'016a049s00R.dv.flv','/videos/gait/large/a/'),
 (540,'016a049s01L.dv.flv','/videos/gait/large/a/'),
 (543,'016a049s01R.dv.flv','/videos/gait/large/a/'),
 (1558,'016a049s02L.dv.flv','/videos/gait/large/a/'),
 (1164,'016a049s02R.dv.flv','/videos/gait/large/a/'),
 (779,'016a049s03L.dv.flv','/videos/gait/large/a/'),
 (1816,'016a049s03R.dv.flv','/videos/gait/large/a/'),
 (46,'016a049s04L.dv.flv','/videos/gait/large/a/'),
 (720,'016a049s04R.dv.flv','/videos/gait/large/a/'),
 (1309,'016a049s05L.dv.flv','/videos/gait/large/a/'),
 (1749,'016a049s05R.dv.flv','/videos/gait/large/a/'),
 (2072,'016a049s06L.dv.flv','/videos/gait/large/a/'),
 (191,'016a049s06R.dv.flv','/videos/gait/large/a/'),
 (200,'016a049s07L.dv.flv','/videos/gait/large/a/'),
 (24,'016a049s07R.dv.flv','/videos/gait/large/a/'),
 (753,'016a049s08L.dv.flv','/videos/gait/large/a/'),
 (1005,'016a049s08R.dv.flv','/videos/gait/large/a/'),
 (1149,'016a049s09L.dv.flv','/videos/gait/large/a/'),
 (1103,'016a049s09R.dv.flv','/videos/gait/large/a/'),
 (484,'016a049s10L.dv.flv','/videos/gait/large/a/'),
 (938,'016a049s10R.dv.flv','/videos/gait/large/a/'),
 (502,'016a050s00L.dv.flv','/videos/gait/large/a/'),
 (2061,'016a050s00R.dv.flv','/videos/gait/large/a/'),
 (1397,'016a050s01L.dv.flv','/videos/gait/large/a/'),
 (1331,'016a050s01R.dv.flv','/videos/gait/large/a/'),
 (1011,'016a050s02L.dv.flv','/videos/gait/large/a/'),
 (1945,'016a050s02R.dv.flv','/videos/gait/large/a/'),
 (1949,'016a050s03L.dv.flv','/videos/gait/large/a/'),
 (452,'016a050s03R.dv.flv','/videos/gait/large/a/'),
 (853,'016a050s04L.dv.flv','/videos/gait/large/a/'),
 (1793,'016a050s04R.dv.flv','/videos/gait/large/a/'),
 (1456,'016a050s05L.dv.flv','/videos/gait/large/a/'),
 (512,'016a050s05R.dv.flv','/videos/gait/large/a/'),
 (414,'016a050s06L.dv.flv','/videos/gait/large/a/'),
 (523,'016a050s06R.dv.flv','/videos/gait/large/a/'),
 (1847,'016a050s07L.dv.flv','/videos/gait/large/a/'),
 (776,'016a050s07R.dv.flv','/videos/gait/large/a/'),
 (1227,'016a050s08L.dv.flv','/videos/gait/large/a/'),
 (1991,'016a050s08R.dv.flv','/videos/gait/large/a/'),
 (1228,'016a051s00L.dv.flv','/videos/gait/large/a/'),
 (1479,'016a051s00R.dv.flv','/videos/gait/large/a/'),
 (1619,'016a051s01L.dv.flv','/videos/gait/large/a/'),
 (1918,'016a051s01R.dv.flv','/videos/gait/large/a/'),
 (1572,'016a051s02L.dv.flv','/videos/gait/large/a/'),
 (1324,'016a051s02R.dv.flv','/videos/gait/large/a/'),
 (1234,'016a051s03L.dv.flv','/videos/gait/large/a/'),
 (831,'016a051s03R.dv.flv','/videos/gait/large/a/'),
 (2071,'016a051s04L.dv.flv','/videos/gait/large/a/'),
 (516,'016a051s04R.dv.flv','/videos/gait/large/a/'),
 (1739,'016a051s05L.dv.flv','/videos/gait/large/a/'),
 (1037,'016a051s05R.dv.flv','/videos/gait/large/a/'),
 (646,'016a051s06L.dv.flv','/videos/gait/large/a/'),
 (1249,'016a051s06R.dv.flv','/videos/gait/large/a/'),
 (590,'016a051s07L.dv.flv','/videos/gait/large/a/'),
 (1400,'016a051s07R.dv.flv','/videos/gait/large/a/'),
 (1032,'016a051s08L.dv.flv','/videos/gait/large/a/'),
 (130,'016a051s08R.dv.flv','/videos/gait/large/a/'),
 (258,'016a051s09L.dv.flv','/videos/gait/large/a/'),
 (1027,'016a051s09R.dv.flv','/videos/gait/large/a/'),
 (261,'016a051s10L.dv.flv','/videos/gait/large/a/'),
 (374,'016a051s10R.dv.flv','/videos/gait/large/a/'),
 (56,'016a051s11L.dv.flv','/videos/gait/large/a/'),
 (1826,'016a051s11R.dv.flv','/videos/gait/large/a/'),
 (1410,'016a052s00L.dv.flv','/videos/gait/large/a/'),
 (290,'016a052s00R.dv.flv','/videos/gait/large/a/'),
 (1984,'016a052s01L.dv.flv','/videos/gait/large/a/'),
 (1258,'016a052s01R.dv.flv','/videos/gait/large/a/'),
 (946,'016a052s02L.dv.flv','/videos/gait/large/a/'),
 (274,'016a052s02R.dv.flv','/videos/gait/large/a/'),
 (1921,'016a052s03L.dv.flv','/videos/gait/large/a/'),
 (2164,'016a052s03R.dv.flv','/videos/gait/large/a/'),
 (528,'016a052s04L.dv.flv','/videos/gait/large/a/'),
 (1629,'016a052s04R.dv.flv','/videos/gait/large/a/'),
 (634,'016a052s05L.dv.flv','/videos/gait/large/a/'),
 (1813,'016a052s05R.dv.flv','/videos/gait/large/a/'),
 (1250,'016a052s06L.dv.flv','/videos/gait/large/a/'),
 (970,'016a052s06R.dv.flv','/videos/gait/large/a/'),
 (300,'016a052s07L.dv.flv','/videos/gait/large/a/'),
 (1287,'016a052s07R.dv.flv','/videos/gait/large/a/'),
 (53,'016a052s08L.dv.flv','/videos/gait/large/a/'),
 (38,'016a052s08R.dv.flv','/videos/gait/large/a/'),
 (333,'017a053s00L.dv.flv','/videos/gait/large/a/'),
 (2082,'017a053s00R.dv.flv','/videos/gait/large/a/'),
 (1283,'017a053s01L.dv.flv','/videos/gait/large/a/'),
 (1554,'017a053s01R.dv.flv','/videos/gait/large/a/'),
 (1271,'017a053s02L.dv.flv','/videos/gait/large/a/'),
 (706,'017a053s02R.dv.flv','/videos/gait/large/a/'),
 (1515,'017a053s03L.dv.flv','/videos/gait/large/a/'),
 (1561,'017a053s03R.dv.flv','/videos/gait/large/a/'),
 (632,'017a053s04L.dv.flv','/videos/gait/large/a/'),
 (241,'017a053s04R.dv.flv','/videos/gait/large/a/'),
 (1594,'017a053s05L.dv.flv','/videos/gait/large/a/'),
 (2030,'017a053s05R.dv.flv','/videos/gait/large/a/'),
 (1721,'017a053s06L.dv.flv','/videos/gait/large/a/'),
 (520,'017a053s06R.dv.flv','/videos/gait/large/a/'),
 (1975,'017a053s07L.dv.flv','/videos/gait/large/a/'),
 (1469,'017a053s07R.dv.flv','/videos/gait/large/a/'),
 (1951,'017a053s08L.dv.flv','/videos/gait/large/a/'),
 (1418,'017a053s08R.dv.flv','/videos/gait/large/a/'),
 (158,'017a053s09L.dv.flv','/videos/gait/large/a/'),
 (1568,'017a053s09R.dv.flv','/videos/gait/large/a/'),
 (288,'017a054s00L.dv.flv','/videos/gait/large/a/'),
 (1968,'017a054s00R.dv.flv','/videos/gait/large/a/'),
 (836,'017a054s01L.dv.flv','/videos/gait/large/a/'),
 (1273,'017a054s01R.dv.flv','/videos/gait/large/a/'),
 (1580,'017a054s02L.dv.flv','/videos/gait/large/a/'),
 (456,'017a054s02R.dv.flv','/videos/gait/large/a/'),
 (1285,'017a054s03L.dv.flv','/videos/gait/large/a/'),
 (549,'017a054s03R.dv.flv','/videos/gait/large/a/'),
 (558,'017a054s04L.dv.flv','/videos/gait/large/a/'),
 (948,'017a054s04R.dv.flv','/videos/gait/large/a/'),
 (1713,'017a054s05L.dv.flv','/videos/gait/large/a/'),
 (1526,'017a054s05R.dv.flv','/videos/gait/large/a/'),
 (1067,'017a054s06L.dv.flv','/videos/gait/large/a/'),
 (882,'017a054s06R.dv.flv','/videos/gait/large/a/'),
 (368,'017a054s07L.dv.flv','/videos/gait/large/a/'),
 (1138,'017a054s07R.dv.flv','/videos/gait/large/a/'),
 (2036,'017a054s08L.dv.flv','/videos/gait/large/a/'),
 (530,'017a054s08R.dv.flv','/videos/gait/large/a/'),
 (1166,'017a055s00L.dv.flv','/videos/gait/large/a/'),
 (1296,'017a055s00R.dv.flv','/videos/gait/large/a/'),
 (1480,'017a055s01L.dv.flv','/videos/gait/large/a/'),
 (735,'017a055s01R.dv.flv','/videos/gait/large/a/'),
 (1464,'017a055s02L.dv.flv','/videos/gait/large/a/'),
 (1848,'017a055s02R.dv.flv','/videos/gait/large/a/'),
 (765,'017a055s03L.dv.flv','/videos/gait/large/a/'),
 (809,'017a055s03R.dv.flv','/videos/gait/large/a/'),
 (880,'017a055s04L.dv.flv','/videos/gait/large/a/'),
 (504,'017a055s04R.dv.flv','/videos/gait/large/a/'),
 (796,'017a055s05L.dv.flv','/videos/gait/large/a/'),
 (1099,'017a055s05R.dv.flv','/videos/gait/large/a/'),
 (2167,'017a055s06L.dv.flv','/videos/gait/large/a/'),
 (377,'017a055s06R.dv.flv','/videos/gait/large/a/'),
 (918,'017a055s07L.dv.flv','/videos/gait/large/a/'),
 (1936,'017a055s07R.dv.flv','/videos/gait/large/a/'),
 (2074,'017a055s08L.dv.flv','/videos/gait/large/a/'),
 (986,'017a055s08R.dv.flv','/videos/gait/large/a/'),
 (1870,'017a056s00L.dv.flv','/videos/gait/large/a/'),
 (759,'017a056s00R.dv.flv','/videos/gait/large/a/'),
 (1482,'017a056s01L.dv.flv','/videos/gait/large/a/'),
 (2100,'017a056s01R.dv.flv','/videos/gait/large/a/'),
 (2133,'017a056s02L.dv.flv','/videos/gait/large/a/'),
 (1535,'017a056s02R.dv.flv','/videos/gait/large/a/'),
 (1955,'017a056s03L.dv.flv','/videos/gait/large/a/'),
 (304,'017a056s03R.dv.flv','/videos/gait/large/a/'),
 (1095,'017a056s04L.dv.flv','/videos/gait/large/a/'),
 (1057,'017a056s04R.dv.flv','/videos/gait/large/a/'),
 (1491,'017a056s05L.dv.flv','/videos/gait/large/a/'),
 (2106,'017a056s05R.dv.flv','/videos/gait/large/a/'),
 (1206,'017a056s06L.dv.flv','/videos/gait/large/a/'),
 (1899,'017a056s06R.dv.flv','/videos/gait/large/a/'),
 (1429,'017a056s07L.dv.flv','/videos/gait/large/a/'),
 (57,'017a056s07R.dv.flv','/videos/gait/large/a/'),
 (752,'018a057s00L.dv.flv','/videos/gait/large/a/'),
 (376,'018a057s00R.dv.flv','/videos/gait/large/a/'),
 (1461,'018a057s01L.dv.flv','/videos/gait/large/a/'),
 (1317,'018a057s01R.dv.flv','/videos/gait/large/a/'),
 (1195,'018a057s02L.dv.flv','/videos/gait/large/a/'),
 (1417,'018a057s02R.dv.flv','/videos/gait/large/a/'),
 (573,'018a057s03L.dv.flv','/videos/gait/large/a/'),
 (974,'018a057s03R.dv.flv','/videos/gait/large/a/'),
 (898,'018a057s04L.dv.flv','/videos/gait/large/a/'),
 (1441,'018a057s04R.dv.flv','/videos/gait/large/a/'),
 (1825,'018a057s05L.dv.flv','/videos/gait/large/a/'),
 (758,'018a057s05R.dv.flv','/videos/gait/large/a/'),
 (887,'018a057s06L.dv.flv','/videos/gait/large/a/'),
 (225,'018a057s06R.dv.flv','/videos/gait/large/a/'),
 (1909,'018a057s07L.dv.flv','/videos/gait/large/a/'),
 (1662,'018a057s07R.dv.flv','/videos/gait/large/a/'),
 (1134,'018a057s08L.dv.flv','/videos/gait/large/a/'),
 (988,'018a057s08R.dv.flv','/videos/gait/large/a/'),
 (635,'018a058s00L.dv.flv','/videos/gait/large/a/'),
 (1404,'018a058s00R.dv.flv','/videos/gait/large/a/'),
 (859,'018a058s01L.dv.flv','/videos/gait/large/a/'),
 (1815,'018a058s01R.dv.flv','/videos/gait/large/a/'),
 (2026,'018a058s02L.dv.flv','/videos/gait/large/a/'),
 (1264,'018a058s02R.dv.flv','/videos/gait/large/a/'),
 (996,'018a058s03L.dv.flv','/videos/gait/large/a/'),
 (2143,'018a058s03R.dv.flv','/videos/gait/large/a/'),
 (548,'018a058s04L.dv.flv','/videos/gait/large/a/'),
 (1477,'018a058s04R.dv.flv','/videos/gait/large/a/'),
 (513,'018a058s05L.dv.flv','/videos/gait/large/a/'),
 (492,'018a058s05R.dv.flv','/videos/gait/large/a/'),
 (2109,'018a058s06L.dv.flv','/videos/gait/large/a/'),
 (961,'018a058s06R.dv.flv','/videos/gait/large/a/'),
 (1238,'018a058s07L.dv.flv','/videos/gait/large/a/'),
 (894,'018a058s07R.dv.flv','/videos/gait/large/a/'),
 (506,'018a059s00L.dv.flv','/videos/gait/large/a/'),
 (572,'018a059s00R.dv.flv','/videos/gait/large/a/'),
 (2089,'018a059s01L.dv.flv','/videos/gait/large/a/'),
 (701,'018a059s01R.dv.flv','/videos/gait/large/a/'),
 (466,'018a059s02L.dv.flv','/videos/gait/large/a/'),
 (1836,'018a059s02R.dv.flv','/videos/gait/large/a/'),
 (1155,'018a059s03L.dv.flv','/videos/gait/large/a/'),
 (52,'018a059s03R.dv.flv','/videos/gait/large/a/'),
 (172,'018a059s04L.dv.flv','/videos/gait/large/a/'),
 (616,'018a059s04R.dv.flv','/videos/gait/large/a/'),
 (252,'018a059s05L.dv.flv','/videos/gait/large/a/'),
 (1891,'018a059s05R.dv.flv','/videos/gait/large/a/'),
 (314,'018a059s06L.dv.flv','/videos/gait/large/a/'),
 (529,'018a059s06R.dv.flv','/videos/gait/large/a/'),
 (1071,'018a059s07L.dv.flv','/videos/gait/large/a/'),
 (1390,'018a059s07R.dv.flv','/videos/gait/large/a/'),
 (855,'018a059s08L.dv.flv','/videos/gait/large/a/'),
 (902,'018a059s08R.dv.flv','/videos/gait/large/a/'),
 (521,'018a060s00L.dv.flv','/videos/gait/large/a/'),
 (606,'018a060s00R.dv.flv','/videos/gait/large/a/'),
 (160,'018a060s01L.dv.flv','/videos/gait/large/a/'),
 (105,'018a060s01R.dv.flv','/videos/gait/large/a/'),
 (960,'018a060s02L.dv.flv','/videos/gait/large/a/'),
 (215,'018a060s02R.dv.flv','/videos/gait/large/a/'),
 (1473,'018a060s03L.dv.flv','/videos/gait/large/a/'),
 (1714,'018a060s03R.dv.flv','/videos/gait/large/a/'),
 (125,'018a060s04L.dv.flv','/videos/gait/large/a/'),
 (1424,'018a060s04R.dv.flv','/videos/gait/large/a/'),
 (1124,'018a060s05L.dv.flv','/videos/gait/large/a/'),
 (1575,'018a060s05R.dv.flv','/videos/gait/large/a/'),
 (1102,'018a060s06L.dv.flv','/videos/gait/large/a/'),
 (434,'018a060s06R.dv.flv','/videos/gait/large/a/'),
 (1754,'018a060s07L.dv.flv','/videos/gait/large/a/'),
 (1704,'018a060s07R.dv.flv','/videos/gait/large/a/'),
 (263,'018a060s08L.dv.flv','/videos/gait/large/a/'),
 (1667,'018a060s08R.dv.flv','/videos/gait/large/a/'),
 (2162,'018a060s09L.dv.flv','/videos/gait/large/a/'),
 (1562,'018a060s09R.dv.flv','/videos/gait/large/a/'),
 (1434,'018a060s10L.dv.flv','/videos/gait/large/a/'),
 (731,'018a060s10R.dv.flv','/videos/gait/large/a/'),
 (1625,'018a060s11L.dv.flv','/videos/gait/large/a/'),
 (1496,'018a060s11R.dv.flv','/videos/gait/large/a/'),
 (671,'018a061s00L.dv.flv','/videos/gait/large/a/'),
 (229,'018a061s00R.dv.flv','/videos/gait/large/a/'),
 (1703,'018a061s01L.dv.flv','/videos/gait/large/a/'),
 (148,'018a061s01R.dv.flv','/videos/gait/large/a/'),
 (412,'018a061s02L.dv.flv','/videos/gait/large/a/'),
 (1856,'018a061s02R.dv.flv','/videos/gait/large/a/'),
 (242,'018a061s03L.dv.flv','/videos/gait/large/a/'),
 (1116,'018a061s03R.dv.flv','/videos/gait/large/a/'),
 (315,'018a061s04L.dv.flv','/videos/gait/large/a/'),
 (2066,'018a061s04R.dv.flv','/videos/gait/large/a/'),
 (279,'018a061s05L.dv.flv','/videos/gait/large/a/'),
 (861,'018a061s05R.dv.flv','/videos/gait/large/a/'),
 (1139,'018a061s06L.dv.flv','/videos/gait/large/a/'),
 (868,'018a061s06R.dv.flv','/videos/gait/large/a/'),
 (732,'018a061s07L.dv.flv','/videos/gait/large/a/'),
 (1129,'018a061s07R.dv.flv','/videos/gait/large/a/'),
 (856,'018a061s08L.dv.flv','/videos/gait/large/a/'),
 (175,'018a061s08R.dv.flv','/videos/gait/large/a/'),
 (400,'018a061s09L.dv.flv','/videos/gait/large/a/'),
 (1024,'018a061s09R.dv.flv','/videos/gait/large/a/'),
 (1307,'018a061s10L.dv.flv','/videos/gait/large/a/'),
 (987,'018a061s10R.dv.flv','/videos/gait/large/a/'),
 (2000,'018a062s00L.dv.flv','/videos/gait/large/a/'),
 (1262,'018a062s00R.dv.flv','/videos/gait/large/a/'),
 (1564,'018a062s01L.dv.flv','/videos/gait/large/a/'),
 (771,'018a062s01R.dv.flv','/videos/gait/large/a/'),
 (654,'018a062s02L.dv.flv','/videos/gait/large/a/'),
 (1311,'018a062s02R.dv.flv','/videos/gait/large/a/'),
 (2113,'018a062s03L.dv.flv','/videos/gait/large/a/'),
 (1835,'018a062s03R.dv.flv','/videos/gait/large/a/'),
 (83,'018a062s04L.dv.flv','/videos/gait/large/a/'),
 (1710,'018a062s04R.dv.flv','/videos/gait/large/a/'),
 (232,'018a062s05L.dv.flv','/videos/gait/large/a/'),
 (440,'018a062s05R.dv.flv','/videos/gait/large/a/'),
 (455,'018a062s06L.dv.flv','/videos/gait/large/a/'),
 (107,'018a062s06R.dv.flv','/videos/gait/large/a/'),
 (2053,'018a062s07L.dv.flv','/videos/gait/large/a/'),
 (405,'018a062s07R.dv.flv','/videos/gait/large/a/'),
 (308,'018a062s08L.dv.flv','/videos/gait/large/a/'),
 (1192,'018a062s08R.dv.flv','/videos/gait/large/a/'),
 (703,'018a062s09L.dv.flv','/videos/gait/large/a/'),
 (2002,'018a062s09R.dv.flv','/videos/gait/large/a/'),
 (248,'019a063s00L.dv.flv','/videos/gait/large/a/'),
 (449,'019a063s00R.dv.flv','/videos/gait/large/a/'),
 (1075,'019a063s01L.dv.flv','/videos/gait/large/a/'),
 (864,'019a063s01R.dv.flv','/videos/gait/large/a/'),
 (1674,'019a063s02L.dv.flv','/videos/gait/large/a/'),
 (2153,'019a063s02R.dv.flv','/videos/gait/large/a/'),
 (47,'019a063s03L.dv.flv','/videos/gait/large/a/'),
 (2144,'019a063s03R.dv.flv','/videos/gait/large/a/'),
 (1762,'019a063s04L.dv.flv','/videos/gait/large/a/'),
 (761,'019a063s04R.dv.flv','/videos/gait/large/a/'),
 (1529,'019a063s05L.dv.flv','/videos/gait/large/a/'),
 (1898,'019a063s05R.dv.flv','/videos/gait/large/a/'),
 (44,'019a063s06L.dv.flv','/videos/gait/large/a/'),
 (1875,'019a063s06R.dv.flv','/videos/gait/large/a/'),
 (1130,'019a063s07L.dv.flv','/videos/gait/large/a/'),
 (780,'019a063s07R.dv.flv','/videos/gait/large/a/'),
 (1528,'019a063s08L.dv.flv','/videos/gait/large/a/'),
 (23,'019a063s08R.dv.flv','/videos/gait/large/a/'),
 (2159,'019a064s00L.dv.flv','/videos/gait/large/a/'),
 (1546,'019a064s00R.dv.flv','/videos/gait/large/a/'),
 (1499,'019a064s01L.dv.flv','/videos/gait/large/a/'),
 (2011,'019a064s01R.dv.flv','/videos/gait/large/a/'),
 (1282,'019a064s02L.dv.flv','/videos/gait/large/a/'),
 (806,'019a064s02R.dv.flv','/videos/gait/large/a/'),
 (366,'019a064s03L.dv.flv','/videos/gait/large/a/'),
 (116,'019a064s03R.dv.flv','/videos/gait/large/a/'),
 (178,'019a064s04L.dv.flv','/videos/gait/large/a/'),
 (599,'019a064s04R.dv.flv','/videos/gait/large/a/'),
 (876,'019a064s05L.dv.flv','/videos/gait/large/a/'),
 (1770,'019a064s05R.dv.flv','/videos/gait/large/a/'),
 (1504,'019a064s06L.dv.flv','/videos/gait/large/a/'),
 (1319,'019a064s06R.dv.flv','/videos/gait/large/a/'),
 (2149,'019a064s07L.dv.flv','/videos/gait/large/a/'),
 (1889,'019a064s07R.dv.flv','/videos/gait/large/a/'),
 (538,'019a064s08L.dv.flv','/videos/gait/large/a/'),
 (1074,'019a064s08R.dv.flv','/videos/gait/large/a/'),
 (338,'019a065s00L.dv.flv','/videos/gait/large/a/'),
 (727,'019a065s00R.dv.flv','/videos/gait/large/a/'),
 (899,'019a065s01L.dv.flv','/videos/gait/large/a/'),
 (2047,'019a065s01R.dv.flv','/videos/gait/large/a/'),
 (1679,'019a065s02L.dv.flv','/videos/gait/large/a/'),
 (1465,'019a065s02R.dv.flv','/videos/gait/large/a/'),
 (673,'019a065s03L.dv.flv','/videos/gait/large/a/'),
 (228,'019a065s03R.dv.flv','/videos/gait/large/a/'),
 (1142,'019a065s04L.dv.flv','/videos/gait/large/a/'),
 (799,'019a065s04R.dv.flv','/videos/gait/large/a/'),
 (920,'019a065s05L.dv.flv','/videos/gait/large/a/'),
 (888,'019a065s05R.dv.flv','/videos/gait/large/a/'),
 (347,'019a065s06L.dv.flv','/videos/gait/large/a/'),
 (361,'019a065s06R.dv.flv','/videos/gait/large/a/'),
 (1202,'019a065s07L.dv.flv','/videos/gait/large/a/'),
 (375,'019a065s07R.dv.flv','/videos/gait/large/a/'),
 (253,'019a065s08L.dv.flv','/videos/gait/large/a/'),
 (2075,'019a065s08R.dv.flv','/videos/gait/large/a/'),
 (514,'019a066s00L.dv.flv','/videos/gait/large/a/'),
 (1196,'019a066s00R.dv.flv','/videos/gait/large/a/'),
 (444,'019a066s01L.dv.flv','/videos/gait/large/a/'),
 (1855,'019a066s01R.dv.flv','/videos/gait/large/a/'),
 (87,'019a066s02L.dv.flv','/videos/gait/large/a/'),
 (424,'019a066s02R.dv.flv','/videos/gait/large/a/'),
 (1658,'019a066s03L.dv.flv','/videos/gait/large/a/'),
 (1638,'019a066s03R.dv.flv','/videos/gait/large/a/'),
 (772,'019a066s04L.dv.flv','/videos/gait/large/a/'),
 (594,'019a066s04R.dv.flv','/videos/gait/large/a/'),
 (1020,'019a066s05L.dv.flv','/videos/gait/large/a/'),
 (1151,'019a066s05R.dv.flv','/videos/gait/large/a/'),
 (1877,'019a066s06L.dv.flv','/videos/gait/large/a/'),
 (1702,'019a066s06R.dv.flv','/videos/gait/large/a/'),
 (854,'019a066s07L.dv.flv','/videos/gait/large/a/'),
 (1212,'019a066s07R.dv.flv','/videos/gait/large/a/'),
 (1323,'019a066s08L.dv.flv','/videos/gait/large/a/'),
 (811,'019a066s08R.dv.flv','/videos/gait/large/a/'),
 (192,'019a067s00R.dv.flv','/videos/gait/large/a/'),
 (1308,'019a067s01L.dv.flv','/videos/gait/large/a/'),
 (2086,'019a067s01R.dv.flv','/videos/gait/large/a/'),
 (401,'019a067s02L.dv.flv','/videos/gait/large/a/'),
 (1407,'019a067s02R.dv.flv','/videos/gait/large/a/'),
 (1082,'019a067s03L.dv.flv','/videos/gait/large/a/'),
 (867,'019a067s03R.dv.flv','/videos/gait/large/a/'),
 (714,'019a067s04L.dv.flv','/videos/gait/large/a/'),
 (1873,'019a067s04R.dv.flv','/videos/gait/large/a/'),
 (688,'019a067s05L.dv.flv','/videos/gait/large/a/'),
 (1726,'019a067s05R.dv.flv','/videos/gait/large/a/'),
 (1665,'019a067s06L.dv.flv','/videos/gait/large/a/'),
 (1389,'019a067s06R.dv.flv','/videos/gait/large/a/'),
 (1728,'019a067s07L.dv.flv','/videos/gait/large/a/'),
 (234,'019a067s07R.dv.flv','/videos/gait/large/a/'),
 (1286,'019a067s08L.dv.flv','/videos/gait/large/a/'),
 (341,'019a067s08R.dv.flv','/videos/gait/large/a/'),
 (25,'019a067s09L.dv.flv','/videos/gait/large/a/'),
 (1517,'019a068s00L.dv.flv','/videos/gait/large/a/'),
 (2084,'019a068s00R.dv.flv','/videos/gait/large/a/'),
 (1245,'019a068s01L.dv.flv','/videos/gait/large/a/'),
 (501,'019a068s01R.dv.flv','/videos/gait/large/a/'),
 (196,'019a068s02L.dv.flv','/videos/gait/large/a/'),
 (167,'019a068s02R.dv.flv','/videos/gait/large/a/'),
 (2123,'019a068s03L.dv.flv','/videos/gait/large/a/'),
 (389,'019a068s03R.dv.flv','/videos/gait/large/a/'),
 (1600,'019a068s04L.dv.flv','/videos/gait/large/a/'),
 (453,'019a068s04R.dv.flv','/videos/gait/large/a/'),
 (691,'019a068s05L.dv.flv','/videos/gait/large/a/'),
 (1614,'019a068s05R.dv.flv','/videos/gait/large/a/'),
 (1792,'019a068s06L.dv.flv','/videos/gait/large/a/'),
 (212,'019a068s06R.dv.flv','/videos/gait/large/a/'),
 (65,'019a068s07L.dv.flv','/videos/gait/large/a/'),
 (657,'019a068s07R.dv.flv','/videos/gait/large/a/'),
 (1379,'019a068s08L.dv.flv','/videos/gait/large/a/'),
 (783,'019a068s08R.dv.flv','/videos/gait/large/a/'),
 (451,'019a068s09L.dv.flv','/videos/gait/large/a/'),
 (1366,'019a068s09R.dv.flv','/videos/gait/large/a/'),
 (294,'019a068s10L.dv.flv','/videos/gait/large/a/'),
 (163,'019a068s10R.dv.flv','/videos/gait/large/a/'),
 (2045,'019a068s11L.dv.flv','/videos/gait/large/a/'),
 (1948,'019a068s11R.dv.flv','/videos/gait/large/a/'),
 (1524,'020a069s00L.dv.flv','/videos/gait/large/a/'),
 (28,'020a069s00R.dv.flv','/videos/gait/large/a/'),
 (682,'020a069s01L.dv.flv','/videos/gait/large/a/'),
 (1746,'020a069s01R.dv.flv','/videos/gait/large/a/'),
 (1148,'020a069s02L.dv.flv','/videos/gait/large/a/'),
 (1494,'020a069s02R.dv.flv','/videos/gait/large/a/'),
 (1857,'020a069s03L.dv.flv','/videos/gait/large/a/'),
 (1593,'020a069s03R.dv.flv','/videos/gait/large/a/'),
 (317,'020a069s04L.dv.flv','/videos/gait/large/a/'),
 (1900,'020a069s04R.dv.flv','/videos/gait/large/a/'),
 (1946,'020a069s05L.dv.flv','/videos/gait/large/a/'),
 (947,'020a069s05R.dv.flv','/videos/gait/large/a/'),
 (1617,'020a069s06L.dv.flv','/videos/gait/large/a/'),
 (247,'020a069s06R.dv.flv','/videos/gait/large/a/'),
 (2097,'020a069s07L.dv.flv','/videos/gait/large/a/'),
 (696,'020a069s07R.dv.flv','/videos/gait/large/a/'),
 (2093,'020a069s08L.dv.flv','/videos/gait/large/a/'),
 (857,'020a069s08R.dv.flv','/videos/gait/large/a/'),
 (923,'020a070s00R.dv.flv','/videos/gait/large/a/'),
 (1458,'020a070s01L.dv.flv','/videos/gait/large/a/'),
 (2060,'020a070s01R.dv.flv','/videos/gait/large/a/'),
 (694,'020a070s02L.dv.flv','/videos/gait/large/a/'),
 (222,'020a070s02R.dv.flv','/videos/gait/large/a/'),
 (1579,'020a070s03L.dv.flv','/videos/gait/large/a/'),
 (717,'020a070s03R.dv.flv','/videos/gait/large/a/'),
 (1274,'020a070s04L.dv.flv','/videos/gait/large/a/'),
 (845,'020a070s04R.dv.flv','/videos/gait/large/a/'),
 (1533,'020a070s05L.dv.flv','/videos/gait/large/a/'),
 (1980,'020a070s05R.dv.flv','/videos/gait/large/a/'),
 (751,'020a070s06L.dv.flv','/videos/gait/large/a/'),
 (775,'020a070s06R.dv.flv','/videos/gait/large/a/'),
 (2024,'020a070s07L.dv.flv','/videos/gait/large/a/'),
 (689,'020a071s00L.dv.flv','/videos/gait/large/a/'),
 (1924,'020a071s00R.dv.flv','/videos/gait/large/a/'),
 (1799,'020a071s01L.dv.flv','/videos/gait/large/a/'),
 (1419,'020a071s01R.dv.flv','/videos/gait/large/a/'),
 (1606,'020a071s02L.dv.flv','/videos/gait/large/a/'),
 (1571,'020a071s02R.dv.flv','/videos/gait/large/a/'),
 (1385,'020a071s03L.dv.flv','/videos/gait/large/a/'),
 (892,'020a071s03R.dv.flv','/videos/gait/large/a/'),
 (2175,'020a071s04L.dv.flv','/videos/gait/large/a/'),
 (1916,'020a071s04R.dv.flv','/videos/gait/large/a/'),
 (808,'020a071s05L.dv.flv','/videos/gait/large/a/'),
 (458,'020a071s05R.dv.flv','/videos/gait/large/a/'),
 (39,'020a071s06L.dv.flv','/videos/gait/large/a/'),
 (1159,'020a071s06R.dv.flv','/videos/gait/large/a/'),
 (373,'020a071s07L.dv.flv','/videos/gait/large/a/'),
 (1184,'020a071s07R.dv.flv','/videos/gait/large/a/'),
 (1831,'020a071s08L.dv.flv','/videos/gait/large/a/'),
 (1454,'020a071s08R.dv.flv','/videos/gait/large/a/'),
 (1402,'020a072s00L.dv.flv','/videos/gait/large/a/'),
 (1806,'020a072s00R.dv.flv','/videos/gait/large/a/'),
 (2054,'020a072s01L.dv.flv','/videos/gait/large/a/'),
 (1881,'020a072s01R.dv.flv','/videos/gait/large/a/'),
 (1626,'020a072s02L.dv.flv','/videos/gait/large/a/'),
 (2017,'020a072s02R.dv.flv','/videos/gait/large/a/'),
 (114,'020a072s03L.dv.flv','/videos/gait/large/a/'),
 (1678,'020a072s03R.dv.flv','/videos/gait/large/a/'),
 (2032,'020a072s04L.dv.flv','/videos/gait/large/a/'),
 (37,'020a072s04R.dv.flv','/videos/gait/large/a/'),
 (824,'020a072s05L.dv.flv','/videos/gait/large/a/'),
 (1869,'020a072s05R.dv.flv','/videos/gait/large/a/'),
 (755,'020a072s06L.dv.flv','/videos/gait/large/a/'),
 (216,'020a072s06R.dv.flv','/videos/gait/large/a/'),
 (1812,'020a072s07L.dv.flv','/videos/gait/large/a/'),
 (1912,'020a072s07R.dv.flv','/videos/gait/large/a/'),
 (1198,'020a072s08L.dv.flv','/videos/gait/large/a/'),
 (1953,'020a072s08R.dv.flv','/videos/gait/large/a/'),
 (2116,'020a072s09L.dv.flv','/videos/gait/large/a/'),
 (695,'020a072s09R.dv.flv','/videos/gait/large/a/'),
 (1316,'020a072s10L.dv.flv','/videos/gait/large/a/'),
 (1213,'020a072s10R.dv.flv','/videos/gait/large/a/'),
 (204,'020a072s11L.dv.flv','/videos/gait/large/a/'),
 (1537,'020a072s11R.dv.flv','/videos/gait/large/a/'),
 (32,'020a072s12L.dv.flv','/videos/gait/large/a/'),
 (1650,'020a072s12R.dv.flv','/videos/gait/large/a/'),
 (312,'021a001s00L.dv.flv','/videos/gait/large/a/'),
 (527,'021a001s00R.dv.flv','/videos/gait/large/a/'),
 (1596,'021a001s01L.dv.flv','/videos/gait/large/a/'),
 (1382,'021a001s01R.dv.flv','/videos/gait/large/a/'),
 (953,'021a001s02L.dv.flv','/videos/gait/large/a/'),
 (88,'021a001s02R.dv.flv','/videos/gait/large/a/'),
 (2094,'021a001s03L.dv.flv','/videos/gait/large/a/'),
 (1795,'021a001s03R.dv.flv','/videos/gait/large/a/'),
 (1822,'021a001s04L.dv.flv','/videos/gait/large/a/'),
 (1604,'021a001s04R.dv.flv','/videos/gait/large/a/'),
 (471,'021a001s05L.dv.flv','/videos/gait/large/a/'),
 (975,'021a001s05R.dv.flv','/videos/gait/large/a/'),
 (1748,'021a001s06L.dv.flv','/videos/gait/large/a/'),
 (591,'021a001s06R.dv.flv','/videos/gait/large/a/'),
 (1154,'021a001s07L.dv.flv','/videos/gait/large/a/'),
 (524,'021a001s07R.dv.flv','/videos/gait/large/a/'),
 (1391,'021a001s08L.dv.flv','/videos/gait/large/a/'),
 (459,'021a001s08R.dv.flv','/videos/gait/large/a/'),
 (2145,'021a001s09L.dv.flv','/videos/gait/large/a/'),
 (439,'021a001s10L.dv.flv','/videos/gait/large/a/'),
 (411,'021a001s10R.dv.flv','/videos/gait/large/a/'),
 (777,'021a001s11L.dv.flv','/videos/gait/large/a/'),
 (900,'021a001s11R.dv.flv','/videos/gait/large/a/'),
 (1996,'021a001s12L.dv.flv','/videos/gait/large/a/'),
 (597,'021a001s12R.dv.flv','/videos/gait/large/a/'),
 (784,'021a001s13L.dv.flv','/videos/gait/large/a/'),
 (1559,'021a001s13R.dv.flv','/videos/gait/large/a/'),
 (1852,'021a002s00L.dv.flv','/videos/gait/large/a/'),
 (1777,'021a002s00R.dv.flv','/videos/gait/large/a/'),
 (2161,'021a002s01L.dv.flv','/videos/gait/large/a/'),
 (561,'021a002s01R.dv.flv','/videos/gait/large/a/'),
 (734,'021a002s02R.dv.flv','/videos/gait/large/a/'),
 (1961,'021a002s03L.dv.flv','/videos/gait/large/a/'),
 (1145,'021a002s03R.dv.flv','/videos/gait/large/a/'),
 (2177,'021a002s04L.dv.flv','/videos/gait/large/a/'),
 (1263,'021a002s04R.dv.flv','/videos/gait/large/a/'),
 (740,'021a002s05L.dv.flv','/videos/gait/large/a/'),
 (966,'021a002s05R.dv.flv','/videos/gait/large/a/'),
 (2165,'021a002s06L.dv.flv','/videos/gait/large/a/'),
 (1086,'021a002s06R.dv.flv','/videos/gait/large/a/'),
 (1985,'021a002s07L.dv.flv','/videos/gait/large/a/'),
 (1355,'021a002s07R.dv.flv','/videos/gait/large/a/'),
 (719,'021a002s08L.dv.flv','/videos/gait/large/a/'),
 (1118,'021a002s08R.dv.flv','/videos/gait/large/a/'),
 (2117,'021a003s00L.dv.flv','/videos/gait/large/a/'),
 (828,'021a003s00R.dv.flv','/videos/gait/large/a/'),
 (1486,'021a003s01L.dv.flv','/videos/gait/large/a/'),
 (702,'021a003s01R.dv.flv','/videos/gait/large/a/'),
 (239,'021a003s02L.dv.flv','/videos/gait/large/a/'),
 (1240,'021a003s02R.dv.flv','/videos/gait/large/a/'),
 (2142,'021a003s03L.dv.flv','/videos/gait/large/a/'),
 (915,'021a003s03R.dv.flv','/videos/gait/large/a/'),
 (1965,'021a003s04L.dv.flv','/videos/gait/large/a/'),
 (1431,'021a003s04R.dv.flv','/videos/gait/large/a/'),
 (99,'021a003s05L.dv.flv','/videos/gait/large/a/'),
 (353,'021a003s05R.dv.flv','/videos/gait/large/a/'),
 (1362,'021a003s06L.dv.flv','/videos/gait/large/a/'),
 (1598,'021a003s07R.dv.flv','/videos/gait/large/a/'),
 (608,'021a003s08R.dv.flv','/videos/gait/large/a/'),
 (1630,'021a004s00L.dv.flv','/videos/gait/large/a/'),
 (715,'021a004s00R.dv.flv','/videos/gait/large/a/'),
 (319,'021a004s01L.dv.flv','/videos/gait/large/a/'),
 (578,'021a004s01R.dv.flv','/videos/gait/large/a/'),
 (1512,'021a004s02L.dv.flv','/videos/gait/large/a/'),
 (1063,'021a004s02R.dv.flv','/videos/gait/large/a/'),
 (1209,'021a004s03L.dv.flv','/videos/gait/large/a/'),
 (669,'021a004s03R.dv.flv','/videos/gait/large/a/'),
 (102,'021a004s04L.dv.flv','/videos/gait/large/a/');
INSERT INTO `videos` (`id`,`file`,`dir`) VALUES 
 (217,'021a004s04R.dv.flv','/videos/gait/large/a/'),
 (848,'021a004s05L.dv.flv','/videos/gait/large/a/'),
 (676,'021a004s05R.dv.flv','/videos/gait/large/a/'),
 (58,'021a004s06L.dv.flv','/videos/gait/large/a/'),
 (1639,'021a004s06R.dv.flv','/videos/gait/large/a/'),
 (152,'021a004s07L.dv.flv','/videos/gait/large/a/'),
 (852,'021a004s07R.dv.flv','/videos/gait/large/a/'),
 (323,'021a004s08L.dv.flv','/videos/gait/large/a/'),
 (1652,'021a004s08R.dv.flv','/videos/gait/large/a/'),
 (89,'021a005s00L.dv.flv','/videos/gait/large/a/'),
 (928,'021a005s00R.dv.flv','/videos/gait/large/a/'),
 (1669,'021a005s01L.dv.flv','/videos/gait/large/a/'),
 (162,'021a005s01R.dv.flv','/videos/gait/large/a/'),
 (972,'021a005s02L.dv.flv','/videos/gait/large/a/'),
 (270,'021a005s02R.dv.flv','/videos/gait/large/a/'),
 (1061,'021a005s03L.dv.flv','/videos/gait/large/a/'),
 (1236,'021a005s03R.dv.flv','/videos/gait/large/a/'),
 (90,'021a005s04L.dv.flv','/videos/gait/large/a/'),
 (1803,'021a005s04R.dv.flv','/videos/gait/large/a/'),
 (607,'021a005s05L.dv.flv','/videos/gait/large/a/'),
 (214,'021a005s05R.dv.flv','/videos/gait/large/a/'),
 (460,'021a005s06L.dv.flv','/videos/gait/large/a/'),
 (1828,'021a005s06R.dv.flv','/videos/gait/large/a/'),
 (1197,'021a005s07L.dv.flv','/videos/gait/large/a/'),
 (971,'021a005s08L.dv.flv','/videos/gait/large/a/'),
 (517,'021a005s08R.dv.flv','/videos/gait/large/a/'),
 (1361,'021a005s09L.dv.flv','/videos/gait/large/a/'),
 (636,'021a005s09R.dv.flv','/videos/gait/large/a/'),
 (612,'021a006s00L.dv.flv','/videos/gait/large/a/'),
 (1297,'021a006s00R.dv.flv','/videos/gait/large/a/'),
 (442,'021a006s01L.dv.flv','/videos/gait/large/a/'),
 (384,'021a006s01R.dv.flv','/videos/gait/large/a/'),
 (171,'021a006s02L.dv.flv','/videos/gait/large/a/'),
 (151,'021a006s02R.dv.flv','/videos/gait/large/a/'),
 (921,'021a006s03L.dv.flv','/videos/gait/large/a/'),
 (1135,'021a006s03R.dv.flv','/videos/gait/large/a/'),
 (1376,'021a006s04L.dv.flv','/videos/gait/large/a/'),
 (1928,'021a006s04R.dv.flv','/videos/gait/large/a/'),
 (370,'021a006s05L.dv.flv','/videos/gait/large/a/'),
 (1890,'021a006s05R.dv.flv','/videos/gait/large/a/'),
 (1509,'021a006s06L.dv.flv','/videos/gait/large/a/'),
 (835,'021a006s06R.dv.flv','/videos/gait/large/a/'),
 (508,'021a006s07L.dv.flv','/videos/gait/large/a/'),
 (358,'021a006s07R.dv.flv','/videos/gait/large/a/'),
 (1073,'021a006s08L.dv.flv','/videos/gait/large/a/'),
 (1642,'021a006s08R.dv.flv','/videos/gait/large/a/'),
 (1616,'021a006s09L.dv.flv','/videos/gait/large/a/'),
 (143,'021a006s09R.dv.flv','/videos/gait/large/a/'),
 (614,'021a007s00L.dv.flv','/videos/gait/large/a/'),
 (819,'021a007s00R.dv.flv','/videos/gait/large/a/'),
 (121,'021a007s01L.dv.flv','/videos/gait/large/a/'),
 (764,'021a007s01R.dv.flv','/videos/gait/large/a/'),
 (600,'021a007s02L.dv.flv','/videos/gait/large/a/'),
 (1058,'021a007s02R.dv.flv','/videos/gait/large/a/'),
 (1380,'021a007s03L.dv.flv','/videos/gait/large/a/'),
 (1072,'021a007s03R.dv.flv','/videos/gait/large/a/'),
 (875,'021a007s04L.dv.flv','/videos/gait/large/a/'),
 (1941,'021a007s04R.dv.flv','/videos/gait/large/a/'),
 (84,'021a007s05L.dv.flv','/videos/gait/large/a/'),
 (713,'021a007s05R.dv.flv','/videos/gait/large/a/'),
 (674,'021a007s06L.dv.flv','/videos/gait/large/a/'),
 (2134,'021a007s06R.dv.flv','/videos/gait/large/a/'),
 (1181,'021a007s07L.dv.flv','/videos/gait/large/a/'),
 (1530,'021a007s07R.dv.flv','/videos/gait/large/a/'),
 (1140,'021a007s08L.dv.flv','/videos/gait/large/a/'),
 (778,'021a007s08R.dv.flv','/videos/gait/large/a/'),
 (149,'021a007s09L.dv.flv','/videos/gait/large/a/'),
 (193,'021a007s09R.dv.flv','/videos/gait/large/a/'),
 (34,'021a007s10R.dv.flv','/videos/gait/large/a/'),
 (1177,'021a007s11L.dv.flv','/videos/gait/large/a/'),
 (973,'021a007s11R.dv.flv','/videos/gait/large/a/'),
 (1602,'021a007s12L.dv.flv','/videos/gait/large/a/'),
 (791,'021a007s12R.dv.flv','/videos/gait/large/a/'),
 (744,'021a007s13L.dv.flv','/videos/gait/large/a/'),
 (140,'021a007s13R.dv.flv','/videos/gait/large/a/'),
 (1014,'021a008s00L.dv.flv','/videos/gait/large/a/'),
 (1251,'021a008s00R.dv.flv','/videos/gait/large/a/'),
 (1277,'021a008s01L.dv.flv','/videos/gait/large/a/'),
 (1049,'021a008s01R.dv.flv','/videos/gait/large/a/'),
 (1447,'021a008s02L.dv.flv','/videos/gait/large/a/'),
 (624,'021a008s02R.dv.flv','/videos/gait/large/a/'),
 (1435,'021a008s03L.dv.flv','/videos/gait/large/a/'),
 (187,'021a008s03R.dv.flv','/videos/gait/large/a/'),
 (2035,'021a008s04L.dv.flv','/videos/gait/large/a/'),
 (1892,'021a008s04R.dv.flv','/videos/gait/large/a/'),
 (330,'021a008s05L.dv.flv','/videos/gait/large/a/'),
 (1534,'021a008s05R.dv.flv','/videos/gait/large/a/'),
 (977,'021a008s06L.dv.flv','/videos/gait/large/a/'),
 (67,'021a008s06R.dv.flv','/videos/gait/large/a/'),
 (306,'021a008s07L.dv.flv','/videos/gait/large/a/'),
 (1809,'021a008s07R.dv.flv','/videos/gait/large/a/'),
 (813,'021a008s08L.dv.flv','/videos/gait/large/a/'),
 (1565,'021a008s08R.dv.flv','/videos/gait/large/a/'),
 (1798,'021a008s09L.dv.flv','/videos/gait/large/a/'),
 (243,'021a008s09R.dv.flv','/videos/gait/large/a/'),
 (1137,'021a008s10L.dv.flv','/videos/gait/large/a/'),
 (1485,'021a008s10R.dv.flv','/videos/gait/large/a/'),
 (949,'021a008s11L.dv.flv','/videos/gait/large/a/'),
 (287,'021a008s11R.dv.flv','/videos/gait/large/a/'),
 (271,'021a009s00L.dv.flv','/videos/gait/large/a/'),
 (245,'021a009s00R.dv.flv','/videos/gait/large/a/'),
 (625,'021a009s01L.dv.flv','/videos/gait/large/a/'),
 (1865,'021a009s01R.dv.flv','/videos/gait/large/a/'),
 (1089,'021a009s02L.dv.flv','/videos/gait/large/a/'),
 (1368,'021a009s02R.dv.flv','/videos/gait/large/a/'),
 (1415,'021a009s03L.dv.flv','/videos/gait/large/a/'),
 (533,'021a009s03R.dv.flv','/videos/gait/large/a/'),
 (1841,'021a009s04L.dv.flv','/videos/gait/large/a/'),
 (950,'021a009s04R.dv.flv','/videos/gait/large/a/'),
 (1930,'021a009s05L.dv.flv','/videos/gait/large/a/'),
 (1083,'021a009s05R.dv.flv','/videos/gait/large/a/'),
 (1430,'021a009s06L.dv.flv','/videos/gait/large/a/'),
 (69,'021a009s06R.dv.flv','/videos/gait/large/a/'),
 (254,'021a009s07L.dv.flv','/videos/gait/large/a/'),
 (305,'021a009s07R.dv.flv','/videos/gait/large/a/'),
 (1846,'021a009s08L.dv.flv','/videos/gait/large/a/'),
 (994,'021a009s08R.dv.flv','/videos/gait/large/a/'),
 (499,'021a009s09L.dv.flv','/videos/gait/large/a/'),
 (684,'021a009s09R.dv.flv','/videos/gait/large/a/'),
 (283,'022a073s00L.dv.flv','/videos/gait/large/a/'),
 (1119,'022a073s00R.dv.flv','/videos/gait/large/a/'),
 (1657,'022a073s01L.dv.flv','/videos/gait/large/a/'),
 (51,'022a073s01R.dv.flv','/videos/gait/large/a/'),
 (1104,'022a073s02L.dv.flv','/videos/gait/large/a/'),
 (141,'022a073s02R.dv.flv','/videos/gait/large/a/'),
 (620,'022a073s03L.dv.flv','/videos/gait/large/a/'),
 (816,'022a073s03R.dv.flv','/videos/gait/large/a/'),
 (1493,'022a074s00L.dv.flv','/videos/gait/large/a/'),
 (2077,'022a074s00R.dv.flv','/videos/gait/large/a/'),
 (1783,'022a074s01L.dv.flv','/videos/gait/large/a/'),
 (992,'022a074s01R.dv.flv','/videos/gait/large/a/'),
 (342,'022a074s02L.dv.flv','/videos/gait/large/a/'),
 (1701,'022a074s02R.dv.flv','/videos/gait/large/a/'),
 (2081,'022a074s03L.dv.flv','/videos/gait/large/a/'),
 (1188,'022a074s03R.dv.flv','/videos/gait/large/a/'),
 (1736,'022a075s00L.dv.flv','/videos/gait/large/a/'),
 (531,'022a075s00R.dv.flv','/videos/gait/large/a/'),
 (1764,'022a075s01L.dv.flv','/videos/gait/large/a/'),
 (552,'022a075s01R.dv.flv','/videos/gait/large/a/'),
 (749,'022a075s02L.dv.flv','/videos/gait/large/a/'),
 (649,'022a075s02R.dv.flv','/videos/gait/large/a/'),
 (1729,'022a075s03L.dv.flv','/videos/gait/large/a/'),
 (641,'022a075s03R.dv.flv','/videos/gait/large/a/'),
 (793,'022a076s00L.dv.flv','/videos/gait/large/a/'),
 (301,'022a076s00R.dv.flv','/videos/gait/large/a/'),
 (1689,'022a076s01L.dv.flv','/videos/gait/large/a/'),
 (976,'022a076s01R.dv.flv','/videos/gait/large/a/'),
 (822,'022a076s02L.dv.flv','/videos/gait/large/a/'),
 (815,'022a076s02R.dv.flv','/videos/gait/large/a/'),
 (832,'022a076s03L.dv.flv','/videos/gait/large/a/'),
 (433,'022a076s03R.dv.flv','/videos/gait/large/a/'),
 (959,'022a077s00L.dv.flv','/videos/gait/large/a/'),
 (365,'022a077s00R.dv.flv','/videos/gait/large/a/'),
 (1216,'022a077s01L.dv.flv','/videos/gait/large/a/'),
 (1495,'022a077s01R.dv.flv','/videos/gait/large/a/'),
 (804,'022a077s02L.dv.flv','/videos/gait/large/a/'),
 (762,'022a077s02R.dv.flv','/videos/gait/large/a/'),
 (213,'022a077s03L.dv.flv','/videos/gait/large/a/'),
 (709,'022a077s03R.dv.flv','/videos/gait/large/a/'),
 (699,'023a078s00L.dv.flv','/videos/gait/large/a/'),
 (2178,'023a078s00R.dv.flv','/videos/gait/large/a/'),
 (1055,'023a078s01L.dv.flv','/videos/gait/large/a/'),
 (1694,'023a078s01R.dv.flv','/videos/gait/large/a/'),
 (426,'023a078s02L.dv.flv','/videos/gait/large/a/'),
 (1654,'023a078s02R.dv.flv','/videos/gait/large/a/'),
 (345,'023a078s03L.dv.flv','/videos/gait/large/a/'),
 (1627,'023a078s03R.dv.flv','/videos/gait/large/a/'),
 (1752,'023a079s00L.dv.flv','/videos/gait/large/a/'),
 (965,'023a079s00R.dv.flv','/videos/gait/large/a/'),
 (926,'023a079s01L.dv.flv','/videos/gait/large/a/'),
 (142,'023a079s01R.dv.flv','/videos/gait/large/a/'),
 (912,'023a079s02L.dv.flv','/videos/gait/large/a/'),
 (27,'023a079s02R.dv.flv','/videos/gait/large/a/'),
 (251,'023a079s03L.dv.flv','/videos/gait/large/a/'),
 (1406,'023a079s03R.dv.flv','/videos/gait/large/a/'),
 (1612,'023a080s00L.dv.flv','/videos/gait/large/a/'),
 (1321,'023a080s00R.dv.flv','/videos/gait/large/a/'),
 (1867,'023a080s01L.dv.flv','/videos/gait/large/a/'),
 (336,'023a080s01R.dv.flv','/videos/gait/large/a/'),
 (1433,'023a080s02L.dv.flv','/videos/gait/large/a/'),
 (2037,'023a080s02R.dv.flv','/videos/gait/large/a/'),
 (284,'023a080s03L.dv.flv','/videos/gait/large/a/'),
 (999,'023a080s03R.dv.flv','/videos/gait/large/a/'),
 (839,'023a081s00L.dv.flv','/videos/gait/large/a/'),
 (443,'023a081s00R.dv.flv','/videos/gait/large/a/'),
 (1141,'023a081s01L.dv.flv','/videos/gait/large/a/'),
 (329,'023a081s01R.dv.flv','/videos/gait/large/a/'),
 (665,'023a081s02L.dv.flv','/videos/gait/large/a/'),
 (75,'023a081s02R.dv.flv','/videos/gait/large/a/'),
 (1313,'023a081s03L.dv.flv','/videos/gait/large/a/'),
 (246,'023a081s03R.dv.flv','/videos/gait/large/a/'),
 (936,'023a082s00L.dv.flv','/videos/gait/large/a/'),
 (1934,'023a082s00R.dv.flv','/videos/gait/large/a/'),
 (139,'023a082s01L.dv.flv','/videos/gait/large/a/'),
 (1878,'023a082s01R.dv.flv','/videos/gait/large/a/'),
 (1623,'023a082s03L.dv.flv','/videos/gait/large/a/'),
 (1070,'023a082s03R.dv.flv','/videos/gait/large/a/'),
 (1247,'024a011s00L.dv.flv','/videos/gait/large/a/'),
 (489,'024a011s00R.dv.flv','/videos/gait/large/a/'),
 (1843,'024a011s01L.dv.flv','/videos/gait/large/a/'),
 (849,'024a011s01R.dv.flv','/videos/gait/large/a/'),
 (1910,'024a011s02L.dv.flv','/videos/gait/large/a/'),
 (1046,'024a011s02R.dv.flv','/videos/gait/large/a/'),
 (768,'024a011s03L.dv.flv','/videos/gait/large/a/'),
 (1185,'024a011s03R.dv.flv','/videos/gait/large/a/'),
 (383,'024a011s04L.dv.flv','/videos/gait/large/a/'),
 (182,'024a011s04R.dv.flv','/videos/gait/large/a/'),
 (787,'024a011s05L.dv.flv','/videos/gait/large/a/'),
 (1758,'024a011s05R.dv.flv','/videos/gait/large/a/'),
 (480,'024a011s06L.dv.flv','/videos/gait/large/a/'),
 (1455,'024a011s06R.dv.flv','/videos/gait/large/a/'),
 (2010,'024a011s07L.dv.flv','/videos/gait/large/a/'),
 (1538,'024a011s07R.dv.flv','/videos/gait/large/a/'),
 (925,'024a083s00L.dv.flv','/videos/gait/large/a/'),
 (551,'024a083s00R.dv.flv','/videos/gait/large/a/'),
 (1121,'024a083s01L.dv.flv','/videos/gait/large/a/'),
 (2118,'024a083s01R.dv.flv','/videos/gait/large/a/'),
 (1006,'024a083s02L.dv.flv','/videos/gait/large/a/'),
 (1257,'024a083s02R.dv.flv','/videos/gait/large/a/'),
 (19,'024a083s03L.dv.flv','/videos/gait/large/a/'),
 (1885,'024a083s03R.dv.flv','/videos/gait/large/a/'),
 (1001,'024a083s04L.dv.flv','/videos/gait/large/a/'),
 (1574,'024a083s04R.dv.flv','/videos/gait/large/a/'),
 (29,'024a083s05L.dv.flv','/videos/gait/large/a/'),
 (180,'024a083s05R.dv.flv','/videos/gait/large/a/'),
 (782,'024a083s06L.dv.flv','/videos/gait/large/a/'),
 (1680,'024a083s06R.dv.flv','/videos/gait/large/a/'),
 (1733,'024a083s07L.dv.flv','/videos/gait/large/a/'),
 (226,'024a083s07R.dv.flv','/videos/gait/large/a/'),
 (127,'024a083s08L.dv.flv','/videos/gait/large/a/'),
 (922,'024a083s08R.dv.flv','/videos/gait/large/a/'),
 (726,'024a083s09L.dv.flv','/videos/gait/large/a/'),
 (1261,'024a083s09R.dv.flv','/videos/gait/large/a/'),
 (1125,'024a083s10L.dv.flv','/videos/gait/large/a/'),
 (1522,'024a083s10R.dv.flv','/videos/gait/large/a/'),
 (1550,'024a083s11L.dv.flv','/videos/gait/large/a/'),
 (1452,'024a083s11R.dv.flv','/videos/gait/large/a/'),
 (630,'024a084s00L.dv.flv','/videos/gait/large/a/'),
 (1715,'024a084s00R.dv.flv','/videos/gait/large/a/'),
 (1697,'024a084s01L.dv.flv','/videos/gait/large/a/'),
 (42,'024a084s01R.dv.flv','/videos/gait/large/a/'),
 (1610,'024a084s02L.dv.flv','/videos/gait/large/a/'),
 (2052,'024a084s02R.dv.flv','/videos/gait/large/a/'),
 (1096,'024a084s03L.dv.flv','/videos/gait/large/a/'),
 (705,'024a084s03R.dv.flv','/videos/gait/large/a/'),
 (998,'024a084s04L.dv.flv','/videos/gait/large/a/'),
 (1938,'024a084s04R.dv.flv','/videos/gait/large/a/'),
 (954,'024a084s05L.dv.flv','/videos/gait/large/a/'),
 (1223,'024a084s05R.dv.flv','/videos/gait/large/a/'),
 (2021,'024a084s06L.dv.flv','/videos/gait/large/a/'),
 (483,'024a084s06R.dv.flv','/videos/gait/large/a/'),
 (1709,'024a084s07L.dv.flv','/videos/gait/large/a/'),
 (188,'024a084s07R.dv.flv','/videos/gait/large/a/'),
 (1256,'024a084s08R.dv.flv','/videos/gait/large/a/'),
 (942,'024a085s00L.dv.flv','/videos/gait/large/a/'),
 (113,'024a085s00R.dv.flv','/videos/gait/large/a/'),
 (495,'024a085s01L.dv.flv','/videos/gait/large/a/'),
 (482,'024a085s01R.dv.flv','/videos/gait/large/a/'),
 (1413,'024a085s02L.dv.flv','/videos/gait/large/a/'),
 (596,'024a085s02R.dv.flv','/videos/gait/large/a/'),
 (1438,'024a085s03L.dv.flv','/videos/gait/large/a/'),
 (907,'024a085s03R.dv.flv','/videos/gait/large/a/'),
 (906,'024a085s04L.dv.flv','/videos/gait/large/a/'),
 (210,'024a085s04R.dv.flv','/videos/gait/large/a/'),
 (800,'024a085s05L.dv.flv','/videos/gait/large/a/'),
 (1503,'024a085s05R.dv.flv','/videos/gait/large/a/'),
 (817,'024a085s06L.dv.flv','/videos/gait/large/a/'),
 (931,'024a085s06R.dv.flv','/videos/gait/large/a/'),
 (220,'024a085s07L.dv.flv','/videos/gait/large/a/'),
 (995,'024a085s07R.dv.flv','/videos/gait/large/a/'),
 (1882,'024a085s08R.dv.flv','/videos/gait/large/a/'),
 (1527,'024a086s00L.dv.flv','/videos/gait/large/a/'),
 (1511,'024a086s00R.dv.flv','/videos/gait/large/a/'),
 (1914,'024a086s01L.dv.flv','/videos/gait/large/a/'),
 (1476,'024a086s01R.dv.flv','/videos/gait/large/a/'),
 (1168,'024a086s02L.dv.flv','/videos/gait/large/a/'),
 (1123,'024a086s02R.dv.flv','/videos/gait/large/a/'),
 (571,'024a086s03L.dv.flv','/videos/gait/large/a/'),
 (2016,'024a086s03R.dv.flv','/videos/gait/large/a/'),
 (1952,'024a086s04L.dv.flv','/videos/gait/large/a/'),
 (1613,'024a086s04R.dv.flv','/videos/gait/large/a/'),
 (932,'024a086s05L.dv.flv','/videos/gait/large/a/'),
 (2132,'024a086s05R.dv.flv','/videos/gait/large/a/'),
 (1577,'024a086s06L.dv.flv','/videos/gait/large/a/'),
 (224,'024a086s06R.dv.flv','/videos/gait/large/a/'),
 (1920,'024a086s07L.dv.flv','/videos/gait/large/a/'),
 (2079,'024a086s07R.dv.flv','/videos/gait/large/a/'),
 (541,'024a086s08R.dv.flv','/videos/gait/large/a/'),
 (1655,'024a086s09R.dv.flv','/videos/gait/large/a/'),
 (1107,'025a087s00L.dv.flv','/videos/gait/large/a/'),
 (1490,'025a087s00R.dv.flv','/videos/gait/large/a/'),
 (351,'025a087s01L.dv.flv','/videos/gait/large/a/'),
 (1963,'025a087s01R.dv.flv','/videos/gait/large/a/'),
 (1222,'025a087s02L.dv.flv','/videos/gait/large/a/'),
 (335,'025a087s02R.dv.flv','/videos/gait/large/a/'),
 (1947,'025a087s03L.dv.flv','/videos/gait/large/a/'),
 (461,'025a087s03R.dv.flv','/videos/gait/large/a/'),
 (1940,'025a087s04L.dv.flv','/videos/gait/large/a/'),
 (1246,'025a087s04R.dv.flv','/videos/gait/large/a/'),
 (289,'025a087s05L.dv.flv','/videos/gait/large/a/'),
 (1422,'025a087s05R.dv.flv','/videos/gait/large/a/'),
 (1540,'025a087s06L.dv.flv','/videos/gait/large/a/'),
 (1987,'025a087s06R.dv.flv','/videos/gait/large/a/'),
 (1276,'025a087s07L.dv.flv','/videos/gait/large/a/'),
 (1992,'025a087s07R.dv.flv','/videos/gait/large/a/'),
 (1507,'025a087s08L.dv.flv','/videos/gait/large/a/'),
 (710,'025a087s08R.dv.flv','/videos/gait/large/a/'),
 (118,'025a088s00L.dv.flv','/videos/gait/large/a/'),
 (1004,'025a088s00R.dv.flv','/videos/gait/large/a/'),
 (1624,'025a088s01L.dv.flv','/videos/gait/large/a/'),
 (356,'025a088s01R.dv.flv','/videos/gait/large/a/'),
 (1887,'025a088s02L.dv.flv','/videos/gait/large/a/'),
 (237,'025a088s02R.dv.flv','/videos/gait/large/a/'),
 (1093,'025a088s03L.dv.flv','/videos/gait/large/a/'),
 (617,'025a088s03R.dv.flv','/videos/gait/large/a/'),
 (980,'025a088s04L.dv.flv','/videos/gait/large/a/'),
 (1242,'025a088s04R.dv.flv','/videos/gait/large/a/'),
 (1693,'025a088s05L.dv.flv','/videos/gait/large/a/'),
 (1768,'025a088s05R.dv.flv','/videos/gait/large/a/'),
 (1021,'025a088s06L.dv.flv','/videos/gait/large/a/'),
 (2095,'025a088s06R.dv.flv','/videos/gait/large/a/'),
 (1685,'025a088s07L.dv.flv','/videos/gait/large/a/'),
 (244,'025a088s07R.dv.flv','/videos/gait/large/a/'),
 (1453,'025a088s08L.dv.flv','/videos/gait/large/a/'),
 (1200,'025a088s08R.dv.flv','/videos/gait/large/a/'),
 (1291,'025a089s00L.dv.flv','/videos/gait/large/a/'),
 (860,'025a089s00R.dv.flv','/videos/gait/large/a/'),
 (846,'025a089s01L.dv.flv','/videos/gait/large/a/'),
 (698,'025a089s01R.dv.flv','/videos/gait/large/a/'),
 (2108,'025a089s02L.dv.flv','/videos/gait/large/a/'),
 (1186,'025a089s02R.dv.flv','/videos/gait/large/a/'),
 (568,'025a089s03L.dv.flv','/videos/gait/large/a/'),
 (496,'025a089s03R.dv.flv','/videos/gait/large/a/'),
 (1064,'025a089s04L.dv.flv','/videos/gait/large/a/'),
 (545,'025a089s04R.dv.flv','/videos/gait/large/a/'),
 (1994,'025a089s05L.dv.flv','/videos/gait/large/a/'),
 (1182,'025a089s05R.dv.flv','/videos/gait/large/a/'),
 (64,'025a089s06L.dv.flv','/videos/gait/large/a/'),
 (1146,'025a089s06R.dv.flv','/videos/gait/large/a/'),
 (640,'025a089s07L.dv.flv','/videos/gait/large/a/'),
 (1112,'025a089s07R.dv.flv','/videos/gait/large/a/'),
 (1460,'025a090s00L.dv.flv','/videos/gait/large/a/'),
 (1471,'025a090s00R.dv.flv','/videos/gait/large/a/'),
 (1832,'025a090s01L.dv.flv','/videos/gait/large/a/'),
 (2019,'025a090s01R.dv.flv','/videos/gait/large/a/'),
 (487,'025a090s02L.dv.flv','/videos/gait/large/a/'),
 (1711,'025a090s02R.dv.flv','/videos/gait/large/a/'),
 (1998,'025a090s03L.dv.flv','/videos/gait/large/a/'),
 (153,'025a090s03R.dv.flv','/videos/gait/large/a/'),
 (589,'025a090s04L.dv.flv','/videos/gait/large/a/'),
 (769,'025a090s04R.dv.flv','/videos/gait/large/a/'),
 (1000,'025a090s05L.dv.flv','/videos/gait/large/a/'),
 (1208,'025a090s05R.dv.flv','/videos/gait/large/a/'),
 (1722,'025a090s06L.dv.flv','/videos/gait/large/a/'),
 (1686,'025a090s06R.dv.flv','/videos/gait/large/a/'),
 (327,'025a090s07L.dv.flv','/videos/gait/large/a/'),
 (955,'025a090s07R.dv.flv','/videos/gait/large/a/'),
 (1278,'025a091s00L.dv.flv','/videos/gait/large/a/'),
 (579,'025a091s00R.dv.flv','/videos/gait/large/a/'),
 (2058,'025a091s01L.dv.flv','/videos/gait/large/a/'),
 (1659,'025a091s01R.dv.flv','/videos/gait/large/a/'),
 (814,'025a091s02L.dv.flv','/videos/gait/large/a/'),
 (991,'025a091s02R.dv.flv','/videos/gait/large/a/'),
 (1085,'025a091s03L.dv.flv','/videos/gait/large/a/'),
 (1717,'025a091s03R.dv.flv','/videos/gait/large/a/'),
 (1688,'025a091s04L.dv.flv','/videos/gait/large/a/'),
 (580,'025a091s04R.dv.flv','/videos/gait/large/a/'),
 (388,'025a091s05L.dv.flv','/videos/gait/large/a/'),
 (1570,'025a091s05R.dv.flv','/videos/gait/large/a/'),
 (1342,'025a091s06L.dv.flv','/videos/gait/large/a/'),
 (94,'025a091s06R.dv.flv','/videos/gait/large/a/'),
 (2130,'025a091s07L.dv.flv','/videos/gait/large/a/'),
 (101,'025a091s07R.dv.flv','/videos/gait/large/a/'),
 (1290,'025a091s08L.dv.flv','/videos/gait/large/a/'),
 (818,'025a091s08R.dv.flv','/videos/gait/large/a/'),
 (1663,'026a092s00L.dv.flv','/videos/gait/large/a/'),
 (1592,'026a092s00R.dv.flv','/videos/gait/large/a/'),
 (1358,'026a092s01L.dv.flv','/videos/gait/large/a/'),
 (429,'026a092s01R.dv.flv','/videos/gait/large/a/'),
 (1241,'026a092s02L.dv.flv','/videos/gait/large/a/'),
 (343,'026a092s02R.dv.flv','/videos/gait/large/a/'),
 (1863,'026a092s03L.dv.flv','/videos/gait/large/a/'),
 (2078,'026a092s03R.dv.flv','/videos/gait/large/a/'),
 (119,'026a092s04L.dv.flv','/videos/gait/large/a/'),
 (108,'026a092s04R.dv.flv','/videos/gait/large/a/'),
 (807,'026a092s05L.dv.flv','/videos/gait/large/a/'),
 (1351,'026a092s05R.dv.flv','/videos/gait/large/a/'),
 (1861,'026a092s06L.dv.flv','/videos/gait/large/a/'),
 (754,'026a092s06R.dv.flv','/videos/gait/large/a/'),
 (1510,'026a092s07L.dv.flv','/videos/gait/large/a/'),
 (1641,'026a092s07R.dv.flv','/videos/gait/large/a/'),
 (435,'027a094s00L.dv.flv','/videos/gait/large/a/'),
 (823,'027a094s00R.dv.flv','/videos/gait/large/a/'),
 (2006,'027a094s01L.dv.flv','/videos/gait/large/a/'),
 (553,'027a094s01R.dv.flv','/videos/gait/large/a/'),
 (1396,'027a094s02L.dv.flv','/videos/gait/large/a/'),
 (827,'027a094s02R.dv.flv','/videos/gait/large/a/'),
 (74,'027a094s03L.dv.flv','/videos/gait/large/a/'),
 (1819,'027a094s03R.dv.flv','/videos/gait/large/a/'),
 (841,'027a094s04L.dv.flv','/videos/gait/large/a/'),
 (1817,'027a094s04R.dv.flv','/videos/gait/large/a/'),
 (1252,'027a094s05L.dv.flv','/videos/gait/large/a/'),
 (21,'027a094s05R.dv.flv','/videos/gait/large/a/'),
 (1771,'027a094s06L.dv.flv','/videos/gait/large/a/'),
 (260,'027a094s06R.dv.flv','/videos/gait/large/a/'),
 (1821,'027a094s07L.dv.flv','/videos/gait/large/a/'),
 (1781,'027a094s07R.dv.flv','/videos/gait/large/a/'),
 (569,'027a094s08L.dv.flv','/videos/gait/large/a/'),
 (1281,'027a094s08R.dv.flv','/videos/gait/large/a/'),
 (2179,'027a095s00L.dv.flv','/videos/gait/large/a/'),
 (1751,'027a095s00R.dv.flv','/videos/gait/large/a/'),
 (1636,'027a095s01L.dv.flv','/videos/gait/large/a/'),
 (170,'027a095s01R.dv.flv','/videos/gait/large/a/'),
 (462,'027a095s02L.dv.flv','/videos/gait/large/a/'),
 (1022,'027a095s02R.dv.flv','/videos/gait/large/a/'),
 (112,'027a095s03L.dv.flv','/videos/gait/large/a/'),
 (1954,'027a095s03R.dv.flv','/videos/gait/large/a/'),
 (1631,'027a095s04L.dv.flv','/videos/gait/large/a/'),
 (95,'027a095s04R.dv.flv','/videos/gait/large/a/'),
 (1087,'027a095s05L.dv.flv','/videos/gait/large/a/'),
 (615,'027a095s05R.dv.flv','/videos/gait/large/a/'),
 (550,'027a095s06L.dv.flv','/videos/gait/large/a/'),
 (1329,'027a095s06R.dv.flv','/videos/gait/large/a/'),
 (1731,'027a095s07L.dv.flv','/videos/gait/large/a/'),
 (1886,'027a095s07R.dv.flv','/videos/gait/large/a/'),
 (1774,'027a095s08L.dv.flv','/videos/gait/large/a/'),
 (318,'027a095s08R.dv.flv','/videos/gait/large/a/'),
 (1165,'027a096s00L.dv.flv','/videos/gait/large/a/'),
 (1647,'027a096s00R.dv.flv','/videos/gait/large/a/'),
 (1108,'027a096s01L.dv.flv','/videos/gait/large/a/'),
 (1911,'027a096s01R.dv.flv','/videos/gait/large/a/'),
 (801,'027a096s02L.dv.flv','/videos/gait/large/a/'),
 (2083,'027a096s02R.dv.flv','/videos/gait/large/a/'),
 (465,'027a096s03L.dv.flv','/videos/gait/large/a/'),
 (559,'027a096s03R.dv.flv','/videos/gait/large/a/'),
 (1757,'027a096s04L.dv.flv','/videos/gait/large/a/'),
 (1498,'027a096s04R.dv.flv','/videos/gait/large/a/'),
 (1761,'027a096s05L.dv.flv','/videos/gait/large/a/'),
 (1328,'027a096s05R.dv.flv','/videos/gait/large/a/'),
 (1923,'027a096s06L.dv.flv','/videos/gait/large/a/'),
 (157,'027a096s06R.dv.flv','/videos/gait/large/a/'),
 (1388,'027a096s07L.dv.flv','/videos/gait/large/a/'),
 (1474,'027a096s07R.dv.flv','/videos/gait/large/a/'),
 (1167,'027a096s08L.dv.flv','/videos/gait/large/a/'),
 (1664,'027a096s08R.dv.flv','/videos/gait/large/a/'),
 (1576,'027a097s00L.dv.flv','/videos/gait/large/a/'),
 (2090,'027a097s00R.dv.flv','/videos/gait/large/a/'),
 (92,'027a097s01L.dv.flv','/videos/gait/large/a/'),
 (1760,'027a097s01R.dv.flv','/videos/gait/large/a/'),
 (334,'027a097s02L.dv.flv','/videos/gait/large/a/'),
 (937,'027a097s02R.dv.flv','/videos/gait/large/a/'),
 (2029,'027a097s03L.dv.flv','/videos/gait/large/a/'),
 (2039,'027a097s03R.dv.flv','/videos/gait/large/a/'),
 (919,'027a097s04L.dv.flv','/videos/gait/large/a/'),
 (240,'027a097s04R.dv.flv','/videos/gait/large/a/'),
 (1403,'027a097s05L.dv.flv','/videos/gait/large/a/'),
 (788,'027a097s05R.dv.flv','/videos/gait/large/a/'),
 (1599,'027a097s06L.dv.flv','/videos/gait/large/a/'),
 (1672,'027a097s06R.dv.flv','/videos/gait/large/a/'),
 (2121,'027a097s07L.dv.flv','/videos/gait/large/a/'),
 (1692,'027a097s07R.dv.flv','/videos/gait/large/a/'),
 (1542,'027a097s08L.dv.flv','/videos/gait/large/a/'),
 (441,'027a097s08R.dv.flv','/videos/gait/large/a/'),
 (1288,'027a098s00L.dv.flv','/videos/gait/large/a/'),
 (1618,'027a098s00R.dv.flv','/videos/gait/large/a/'),
 (1708,'027a098s01L.dv.flv','/videos/gait/large/a/'),
 (1543,'027a098s01R.dv.flv','/videos/gait/large/a/'),
 (651,'027a098s02L.dv.flv','/videos/gait/large/a/'),
 (156,'027a098s02R.dv.flv','/videos/gait/large/a/'),
 (509,'027a098s03L.dv.flv','/videos/gait/large/a/'),
 (805,'027a098s03R.dv.flv','/videos/gait/large/a/'),
 (159,'027a098s04L.dv.flv','/videos/gait/large/a/'),
 (60,'027a098s04R.dv.flv','/videos/gait/large/a/'),
 (858,'027a098s05L.dv.flv','/videos/gait/large/a/'),
 (604,'027a098s05R.dv.flv','/videos/gait/large/a/'),
 (618,'027a098s06L.dv.flv','/videos/gait/large/a/'),
 (675,'027a098s06R.dv.flv','/videos/gait/large/a/'),
 (369,'027a098s07L.dv.flv','/videos/gait/large/a/'),
 (1336,'027a098s07R.dv.flv','/videos/gait/large/a/'),
 (1884,'027a098s08L.dv.flv','/videos/gait/large/a/'),
 (756,'027a098s08R.dv.flv','/videos/gait/large/a/'),
 (1409,'027a099s00L.dv.flv','/videos/gait/large/a/'),
 (1079,'027a099s00R.dv.flv','/videos/gait/large/a/'),
 (567,'027a099s01L.dv.flv','/videos/gait/large/a/'),
 (1901,'027a099s01R.dv.flv','/videos/gait/large/a/'),
 (647,'027a099s02L.dv.flv','/videos/gait/large/a/'),
 (1591,'027a099s02R.dv.flv','/videos/gait/large/a/'),
 (346,'027a099s03L.dv.flv','/videos/gait/large/a/'),
 (1127,'027a099s03R.dv.flv','/videos/gait/large/a/'),
 (1373,'027a099s04L.dv.flv','/videos/gait/large/a/'),
 (1595,'027a099s04R.dv.flv','/videos/gait/large/a/'),
 (61,'027a099s05L.dv.flv','/videos/gait/large/a/'),
 (910,'027a099s05R.dv.flv','/videos/gait/large/a/'),
 (1204,'027a099s06L.dv.flv','/videos/gait/large/a/'),
 (1488,'027a099s06R.dv.flv','/videos/gait/large/a/'),
 (1971,'027a099s07L.dv.flv','/videos/gait/large/a/'),
 (653,'027a099s07R.dv.flv','/videos/gait/large/a/'),
 (35,'027a099s08L.dv.flv','/videos/gait/large/a/'),
 (291,'027a099s08R.dv.flv','/videos/gait/large/a/'),
 (1293,'027a100s00L.dv.flv','/videos/gait/large/a/'),
 (1776,'027a100s00R.dv.flv','/videos/gait/large/a/'),
 (1807,'027a100s01L.dv.flv','/videos/gait/large/a/'),
 (1028,'027a100s01R.dv.flv','/videos/gait/large/a/'),
 (878,'027a100s02L.dv.flv','/videos/gait/large/a/'),
 (275,'027a100s02R.dv.flv','/videos/gait/large/a/'),
 (869,'027a100s03L.dv.flv','/videos/gait/large/a/'),
 (1187,'027a100s03R.dv.flv','/videos/gait/large/a/'),
 (436,'027a100s04L.dv.flv','/videos/gait/large/a/'),
 (344,'027a100s04R.dv.flv','/videos/gait/large/a/'),
 (1915,'027a100s05L.dv.flv','/videos/gait/large/a/'),
 (678,'027a100s05R.dv.flv','/videos/gait/large/a/'),
 (927,'027a100s06L.dv.flv','/videos/gait/large/a/'),
 (233,'027a100s06R.dv.flv','/videos/gait/large/a/'),
 (382,'027a100s07L.dv.flv','/videos/gait/large/a/'),
 (1935,'027a100s07R.dv.flv','/videos/gait/large/a/'),
 (1814,'028a101s00L.dv.flv','/videos/gait/large/a/'),
 (905,'028a101s00R.dv.flv','/videos/gait/large/a/'),
 (1993,'028a101s01L.dv.flv','/videos/gait/large/a/'),
 (1289,'028a101s01R.dv.flv','/videos/gait/large/a/'),
 (1179,'028a101s02L.dv.flv','/videos/gait/large/a/'),
 (272,'028a101s02R.dv.flv','/videos/gait/large/a/'),
 (340,'028a101s03L.dv.flv','/videos/gait/large/a/'),
 (570,'028a101s03R.dv.flv','/videos/gait/large/a/'),
 (490,'028a101s04L.dv.flv','/videos/gait/large/a/'),
 (1932,'028a101s04R.dv.flv','/videos/gait/large/a/'),
 (106,'028a101s05L.dv.flv','/videos/gait/large/a/'),
 (390,'028a101s05R.dv.flv','/videos/gait/large/a/'),
 (1983,'028a101s06L.dv.flv','/videos/gait/large/a/'),
 (1468,'028a101s06R.dv.flv','/videos/gait/large/a/'),
 (810,'028a101s07L.dv.flv','/videos/gait/large/a/'),
 (201,'028a101s07R.dv.flv','/videos/gait/large/a/'),
 (870,'028a101s08L.dv.flv','/videos/gait/large/a/'),
 (408,'028a101s08R.dv.flv','/videos/gait/large/a/'),
 (1248,'028a101s09L.dv.flv','/videos/gait/large/a/'),
 (539,'028a101s09R.dv.flv','/videos/gait/large/a/'),
 (2154,'028a101s10L.dv.flv','/videos/gait/large/a/'),
 (652,'028a101s10R.dv.flv','/videos/gait/large/a/'),
 (924,'028a101s11L.dv.flv','/videos/gait/large/a/'),
 (1513,'028a101s11R.dv.flv','/videos/gait/large/a/'),
 (1699,'028a101s12L.dv.flv','/videos/gait/large/a/'),
 (387,'028a101s12R.dv.flv','/videos/gait/large/a/'),
 (2139,'028a101s13L.dv.flv','/videos/gait/large/a/'),
 (729,'028a101s13R.dv.flv','/videos/gait/large/a/'),
 (129,'028a102s00L.dv.flv','/videos/gait/large/a/'),
 (55,'028a102s00R.dv.flv','/videos/gait/large/a/'),
 (865,'028a102s01L.dv.flv','/videos/gait/large/a/'),
 (1036,'028a102s01R.dv.flv','/videos/gait/large/a/'),
 (1466,'028a102s02L.dv.flv','/videos/gait/large/a/'),
 (1750,'028a102s02R.dv.flv','/videos/gait/large/a/'),
 (1782,'028a102s03L.dv.flv','/videos/gait/large/a/'),
 (475,'028a102s03R.dv.flv','/videos/gait/large/a/'),
 (1851,'028a102s04L.dv.flv','/videos/gait/large/a/'),
 (2127,'028a102s04R.dv.flv','/videos/gait/large/a/'),
 (109,'028a102s05L.dv.flv','/videos/gait/large/a/'),
 (871,'028a102s05R.dv.flv','/videos/gait/large/a/'),
 (1117,'028a102s06L.dv.flv','/videos/gait/large/a/'),
 (1719,'028a102s06R.dv.flv','/videos/gait/large/a/'),
 (1632,'028a103s00L.dv.flv','/videos/gait/large/a/'),
 (913,'028a103s00R.dv.flv','/videos/gait/large/a/'),
 (2124,'028a103s01L.dv.flv','/videos/gait/large/a/'),
 (1386,'028a103s01R.dv.flv','/videos/gait/large/a/'),
 (1880,'028a103s02L.dv.flv','/videos/gait/large/a/'),
 (68,'028a103s02R.dv.flv','/videos/gait/large/a/'),
 (1221,'028a103s03L.dv.flv','/videos/gait/large/a/'),
 (692,'028a103s03R.dv.flv','/videos/gait/large/a/'),
 (415,'028a103s04L.dv.flv','/videos/gait/large/a/'),
 (802,'028a103s04R.dv.flv','/videos/gait/large/a/'),
 (313,'028a103s05L.dv.flv','/videos/gait/large/a/'),
 (2152,'028a103s05R.dv.flv','/videos/gait/large/a/'),
 (1811,'028a103s06L.dv.flv','/videos/gait/large/a/'),
 (1849,'028a103s06R.dv.flv','/videos/gait/large/a/'),
 (1586,'028a103s07L.dv.flv','/videos/gait/large/a/'),
 (1862,'028a103s07R.dv.flv','/videos/gait/large/a/'),
 (355,'028a103s08L.dv.flv','/videos/gait/large/a/'),
 (1706,'028a103s08R.dv.flv','/videos/gait/large/a/'),
 (295,'028a103s09L.dv.flv','/videos/gait/large/a/'),
 (393,'028a103s09R.dv.flv','/videos/gait/large/a/'),
 (1176,'028a103s10L.dv.flv','/videos/gait/large/a/'),
 (1939,'028a103s10R.dv.flv','/videos/gait/large/a/'),
 (1506,'028a103s11L.dv.flv','/videos/gait/large/a/'),
 (1648,'028a103s11R.dv.flv','/videos/gait/large/a/'),
 (1597,'028a103s12L.dv.flv','/videos/gait/large/a/'),
 (1163,'028a103s12R.dv.flv','/videos/gait/large/a/'),
 (1384,'028a104s00L.dv.flv','/videos/gait/large/a/'),
 (337,'028a104s00R.dv.flv','/videos/gait/large/a/'),
 (803,'028a104s01L.dv.flv','/videos/gait/large/a/'),
 (877,'028a104s01R.dv.flv','/videos/gait/large/a/'),
 (1352,'028a104s02L.dv.flv','/videos/gait/large/a/'),
 (1375,'028a104s02R.dv.flv','/videos/gait/large/a/'),
 (1231,'028a104s03L.dv.flv','/videos/gait/large/a/'),
 (1053,'028a104s03R.dv.flv','/videos/gait/large/a/'),
 (320,'028a104s04L.dv.flv','/videos/gait/large/a/'),
 (268,'028a104s04R.dv.flv','/videos/gait/large/a/'),
 (1804,'028a104s05L.dv.flv','/videos/gait/large/a/'),
 (1203,'028a104s05R.dv.flv','/videos/gait/large/a/'),
 (833,'028a104s06L.dv.flv','/videos/gait/large/a/'),
 (1255,'028a104s06R.dv.flv','/videos/gait/large/a/'),
 (1042,'028a104s07L.dv.flv','/videos/gait/large/a/'),
 (362,'028a104s07R.dv.flv','/videos/gait/large/a/'),
 (583,'028a104s08L.dv.flv','/videos/gait/large/a/'),
 (750,'028a104s08R.dv.flv','/videos/gait/large/a/'),
 (2157,'028a104s09L.dv.flv','/videos/gait/large/a/'),
 (40,'028a104s09R.dv.flv','/videos/gait/large/a/'),
 (1346,'028a104s10L.dv.flv','/videos/gait/large/a/'),
 (643,'028a104s10R.dv.flv','/videos/gait/large/a/'),
 (1908,'028a104s11L.dv.flv','/videos/gait/large/a/'),
 (1343,'028a104s11R.dv.flv','/videos/gait/large/a/'),
 (893,'028a104s12L.dv.flv','/videos/gait/large/a/'),
 (428,'028a104s12R.dv.flv','/videos/gait/large/a/'),
 (862,'028a105s00L.dv.flv','/videos/gait/large/a/'),
 (316,'028a105s00R.dv.flv','/videos/gait/large/a/'),
 (1341,'028a105s01L.dv.flv','/videos/gait/large/a/'),
 (1481,'028a105s01R.dv.flv','/videos/gait/large/a/'),
 (901,'028a105s02L.dv.flv','/videos/gait/large/a/'),
 (1644,'028a105s02R.dv.flv','/videos/gait/large/a/'),
 (49,'028a105s03L.dv.flv','/videos/gait/large/a/'),
 (2064,'028a105s03R.dv.flv','/videos/gait/large/a/'),
 (447,'028a105s04L.dv.flv','/videos/gait/large/a/'),
 (339,'028a105s04R.dv.flv','/videos/gait/large/a/'),
 (1180,'028a105s05L.dv.flv','/videos/gait/large/a/'),
 (1633,'028a105s05R.dv.flv','/videos/gait/large/a/'),
 (97,'028a105s06L.dv.flv','/videos/gait/large/a/'),
 (1904,'028a105s06R.dv.flv','/videos/gait/large/a/'),
 (978,'028a105s07L.dv.flv','/videos/gait/large/a/'),
 (2057,'028a105s07R.dv.flv','/videos/gait/large/a/'),
 (2170,'028a105s08L.dv.flv','/videos/gait/large/a/'),
 (743,'028a105s08R.dv.flv','/videos/gait/large/a/'),
 (1047,'028a105s09L.dv.flv','/videos/gait/large/a/'),
 (601,'028a105s09R.dv.flv','/videos/gait/large/a/'),
 (402,'029a106s00L.dv.flv','/videos/gait/large/a/'),
 (413,'029a106s00R.dv.flv','/videos/gait/large/a/'),
 (2051,'029a106s01L.dv.flv','/videos/gait/large/a/'),
 (1573,'029a106s01R.dv.flv','/videos/gait/large/a/'),
 (425,'029a106s02L.dv.flv','/videos/gait/large/a/'),
 (328,'029a106s02R.dv.flv','/videos/gait/large/a/'),
 (409,'029a106s03L.dv.flv','/videos/gait/large/a/'),
 (1280,'029a106s03R.dv.flv','/videos/gait/large/a/'),
 (1484,'029a106s04L.dv.flv','/videos/gait/large/a/'),
 (1018,'029a106s04R.dv.flv','/videos/gait/large/a/'),
 (2056,'029a106s05L.dv.flv','/videos/gait/large/a/'),
 (1092,'029a106s05R.dv.flv','/videos/gait/large/a/'),
 (1501,'029a106s06L.dv.flv','/videos/gait/large/a/'),
 (1217,'029a106s06R.dv.flv','/videos/gait/large/a/'),
 (1684,'029a106s07L.dv.flv','/videos/gait/large/a/'),
 (1790,'029a106s07R.dv.flv','/videos/gait/large/a/'),
 (1114,'029a106s08L.dv.flv','/videos/gait/large/a/'),
 (2140,'029a106s08R.dv.flv','/videos/gait/large/a/'),
 (202,'029a106s09L.dv.flv','/videos/gait/large/a/'),
 (957,'029a106s09R.dv.flv','/videos/gait/large/a/'),
 (837,'029a107s00L.dv.flv','/videos/gait/large/a/'),
 (1302,'029a107s00R.dv.flv','/videos/gait/large/a/'),
 (386,'029a107s01L.dv.flv','/videos/gait/large/a/'),
 (644,'029a107s01R.dv.flv','/videos/gait/large/a/'),
 (1555,'029a107s02L.dv.flv','/videos/gait/large/a/'),
 (1076,'029a107s02R.dv.flv','/videos/gait/large/a/'),
 (2063,'029a107s03L.dv.flv','/videos/gait/large/a/'),
 (1829,'029a107s03R.dv.flv','/videos/gait/large/a/'),
 (679,'029a107s04L.dv.flv','/videos/gait/large/a/'),
 (1531,'029a107s04R.dv.flv','/videos/gait/large/a/'),
 (1738,'029a107s05L.dv.flv','/videos/gait/large/a/'),
 (1796,'029a107s05R.dv.flv','/videos/gait/large/a/'),
 (378,'029a107s06L.dv.flv','/videos/gait/large/a/'),
 (1094,'029a107s06R.dv.flv','/videos/gait/large/a/'),
 (1120,'029a107s07L.dv.flv','/videos/gait/large/a/'),
 (259,'029a107s07R.dv.flv','/videos/gait/large/a/'),
 (185,'029a107s08L.dv.flv','/videos/gait/large/a/'),
 (1158,'029a107s08R.dv.flv','/videos/gait/large/a/'),
 (1525,'029a107s09L.dv.flv','/videos/gait/large/a/'),
 (510,'029a107s09R.dv.flv','/videos/gait/large/a/'),
 (1315,'029a107s10L.dv.flv','/videos/gait/large/a/'),
 (1753,'029a107s10R.dv.flv','/videos/gait/large/a/'),
 (1408,'029a107s11L.dv.flv','/videos/gait/large/a/'),
 (269,'029a107s11R.dv.flv','/videos/gait/large/a/'),
 (519,'029a108s00L.dv.flv','/videos/gait/large/a/'),
 (1553,'029a108s00R.dv.flv','/videos/gait/large/a/'),
 (626,'029a108s01L.dv.flv','/videos/gait/large/a/'),
 (610,'029a108s01R.dv.flv','/videos/gait/large/a/'),
 (712,'029a108s02L.dv.flv','/videos/gait/large/a/'),
 (1653,'029a108s02R.dv.flv','/videos/gait/large/a/'),
 (1219,'029a108s03L.dv.flv','/videos/gait/large/a/'),
 (1462,'029a108s03R.dv.flv','/videos/gait/large/a/'),
 (1318,'029a108s04L.dv.flv','/videos/gait/large/a/'),
 (885,'029a108s04R.dv.flv','/videos/gait/large/a/'),
 (1025,'029a108s05L.dv.flv','/videos/gait/large/a/'),
 (1172,'029a108s05R.dv.flv','/videos/gait/large/a/'),
 (1160,'029a108s06L.dv.flv','/videos/gait/large/a/'),
 (1716,'029a108s06R.dv.flv','/videos/gait/large/a/'),
 (2031,'029a108s07L.dv.flv','/videos/gait/large/a/'),
 (1797,'029a108s07R.dv.flv','/videos/gait/large/a/'),
 (354,'029a108s08L.dv.flv','/videos/gait/large/a/'),
 (1432,'029a108s08R.dv.flv','/videos/gait/large/a/'),
 (1787,'029a109s00L.dv.flv','/videos/gait/large/a/'),
 (485,'029a109s00R.dv.flv','/videos/gait/large/a/'),
 (1128,'029a109s01L.dv.flv','/videos/gait/large/a/'),
 (1088,'029a109s01R.dv.flv','/videos/gait/large/a/'),
 (1344,'029a109s02L.dv.flv','/videos/gait/large/a/'),
 (785,'029a109s02R.dv.flv','/videos/gait/large/a/'),
 (321,'029a109s03L.dv.flv','/videos/gait/large/a/'),
 (165,'029a109s03R.dv.flv','/videos/gait/large/a/'),
 (1354,'029a109s04L.dv.flv','/videos/gait/large/a/'),
 (407,'029a109s04R.dv.flv','/videos/gait/large/a/'),
 (2173,'029a109s05L.dv.flv','/videos/gait/large/a/'),
 (680,'029a109s05R.dv.flv','/videos/gait/large/a/'),
 (2115,'029a109s06L.dv.flv','/videos/gait/large/a/'),
 (2022,'029a109s06R.dv.flv','/videos/gait/large/a/'),
 (544,'029a109s07L.dv.flv','/videos/gait/large/a/'),
 (1449,'029a109s07R.dv.flv','/videos/gait/large/a/'),
 (1850,'029a109s08L.dv.flv','/videos/gait/large/a/'),
 (177,'029a109s08R.dv.flv','/videos/gait/large/a/'),
 (1656,'029a109s09L.dv.flv','/videos/gait/large/a/'),
 (2028,'029a109s09R.dv.flv','/videos/gait/large/a/'),
 (951,'029a109s10L.dv.flv','/videos/gait/large/a/'),
 (310,'029a109s10R.dv.flv','/videos/gait/large/a/'),
 (135,'029a109s11L.dv.flv','/videos/gait/large/a/'),
 (1628,'029a109s11R.dv.flv','/videos/gait/large/a/'),
 (457,'029a109s12L.dv.flv','/videos/gait/large/a/'),
 (1446,'029a109s12R.dv.flv','/videos/gait/large/a/'),
 (1178,'029a110s00L.dv.flv','/videos/gait/large/a/'),
 (1199,'029a110s00R.dv.flv','/videos/gait/large/a/'),
 (1763,'029a110s01L.dv.flv','/videos/gait/large/a/'),
 (1970,'029a110s01R.dv.flv','/videos/gait/large/a/'),
 (1077,'029a110s02L.dv.flv','/videos/gait/large/a/'),
 (969,'029a110s02R.dv.flv','/videos/gait/large/a/'),
 (1854,'029a110s03L.dv.flv','/videos/gait/large/a/'),
 (131,'029a110s03R.dv.flv','/videos/gait/large/a/'),
 (1170,'029a110s04L.dv.flv','/videos/gait/large/a/'),
 (22,'029a110s04R.dv.flv','/videos/gait/large/a/'),
 (1033,'029a110s05L.dv.flv','/videos/gait/large/a/'),
 (146,'029a110s05R.dv.flv','/videos/gait/large/a/'),
 (2076,'029a110s06L.dv.flv','/videos/gait/large/a/'),
 (230,'029a110s06R.dv.flv','/videos/gait/large/a/'),
 (81,'029a110s07L.dv.flv','/videos/gait/large/a/'),
 (2044,'029a110s07R.dv.flv','/videos/gait/large/a/'),
 (664,'029a110s08L.dv.flv','/videos/gait/large/a/'),
 (547,'029a110s08R.dv.flv','/videos/gait/large/a/'),
 (421,'029a110s09L.dv.flv','/videos/gait/large/a/'),
 (1605,'029a110s09R.dv.flv','/videos/gait/large/a/'),
 (842,'029a110s10L.dv.flv','/videos/gait/large/a/'),
 (199,'029a110s10R.dv.flv','/videos/gait/large/a/'),
 (360,'029a110s11L.dv.flv','/videos/gait/large/a/'),
 (1370,'029a110s11R.dv.flv','/videos/gait/large/a/'),
 (1254,'029a110s12L.dv.flv','/videos/gait/large/a/'),
 (1842,'029a110s12R.dv.flv','/videos/gait/large/a/'),
 (136,'029a110s13L.dv.flv','/videos/gait/large/a/'),
 (2001,'029a110s13R.dv.flv','/videos/gait/large/a/'),
 (1603,'029a110s14L.dv.flv','/videos/gait/large/a/'),
 (515,'029a110s14R.dv.flv','/videos/gait/large/a/'),
 (829,'029a111s00L.dv.flv','/videos/gait/large/a/'),
 (667,'029a111s00R.dv.flv','/videos/gait/large/a/'),
 (507,'029a111s01L.dv.flv','/videos/gait/large/a/'),
 (1360,'029a111s01R.dv.flv','/videos/gait/large/a/'),
 (1448,'029a111s02L.dv.flv','/videos/gait/large/a/'),
 (59,'029a111s02R.dv.flv','/videos/gait/large/a/'),
 (909,'029a111s03L.dv.flv','/videos/gait/large/a/'),
 (2135,'029a111s03R.dv.flv','/videos/gait/large/a/'),
 (2007,'029a111s04L.dv.flv','/videos/gait/large/a/'),
 (1780,'029a111s04R.dv.flv','/videos/gait/large/a/'),
 (472,'029a111s05L.dv.flv','/videos/gait/large/a/'),
 (410,'029a111s05R.dv.flv','/videos/gait/large/a/'),
 (1871,'029a111s06L.dv.flv','/videos/gait/large/a/'),
 (1080,'029a111s06R.dv.flv','/videos/gait/large/a/'),
 (1314,'029a111s07L.dv.flv','/videos/gait/large/a/'),
 (498,'029a111s07R.dv.flv','/videos/gait/large/a/'),
 (1189,'029a111s08L.dv.flv','/videos/gait/large/a/'),
 (110,'029a111s08R.dv.flv','/videos/gait/large/a/'),
 (2110,'029a111s09L.dv.flv','/videos/gait/large/a/'),
 (137,'029a111s09R.dv.flv','/videos/gait/large/a/'),
 (2018,'029a111s10L.dv.flv','/videos/gait/large/a/'),
 (1492,'029a111s10R.dv.flv','/videos/gait/large/a/'),
 (1979,'029a112s00L.dv.flv','/videos/gait/large/a/'),
 (1239,'029a112s00R.dv.flv','/videos/gait/large/a/'),
 (1244,'029a112s01L.dv.flv','/videos/gait/large/a/'),
 (1967,'029a112s01R.dv.flv','/videos/gait/large/a/'),
 (1808,'029a112s02L.dv.flv','/videos/gait/large/a/'),
 (1012,'029a112s02R.dv.flv','/videos/gait/large/a/'),
 (979,'029a112s03L.dv.flv','/videos/gait/large/a/'),
 (1876,'029a112s03R.dv.flv','/videos/gait/large/a/'),
 (693,'029a112s04L.dv.flv','/videos/gait/large/a/'),
 (1156,'029a112s04R.dv.flv','/videos/gait/large/a/'),
 (2102,'029a112s05L.dv.flv','/videos/gait/large/a/'),
 (1026,'029a112s05R.dv.flv','/videos/gait/large/a/'),
 (1451,'029a112s06L.dv.flv','/videos/gait/large/a/'),
 (981,'029a112s06R.dv.flv','/videos/gait/large/a/'),
 (1043,'029a112s07L.dv.flv','/videos/gait/large/a/'),
 (2013,'029a112s07R.dv.flv','/videos/gait/large/a/'),
 (238,'029a112s08L.dv.flv','/videos/gait/large/a/'),
 (546,'029a112s08R.dv.flv','/videos/gait/large/a/'),
 (1518,'029a112s09L.dv.flv','/videos/gait/large/a/'),
 (1467,'029a112s09R.dv.flv','/videos/gait/large/a/'),
 (144,'029a112s10L.dv.flv','/videos/gait/large/a/'),
 (1801,'029a112s10R.dv.flv','/videos/gait/large/a/'),
 (1883,'029a112s11L.dv.flv','/videos/gait/large/a/'),
 (85,'029a112s11R.dv.flv','/videos/gait/large/a/'),
 (718,'029a112s12L.dv.flv','/videos/gait/large/a/'),
 (1357,'029a112s12R.dv.flv','/videos/gait/large/a/'),
 (2087,'030a113s00L.dv.flv','/videos/gait/large/a/'),
 (1439,'030a113s00R.dv.flv','/videos/gait/large/a/'),
 (933,'030a113s01L.dv.flv','/videos/gait/large/a/'),
 (1372,'030a113s01R.dv.flv','/videos/gait/large/a/'),
 (662,'030a113s02L.dv.flv','/videos/gait/large/a/'),
 (1567,'030a113s02R.dv.flv','/videos/gait/large/a/'),
 (584,'030a113s03L.dv.flv','/videos/gait/large/a/'),
 (1858,'030a113s03R.dv.flv','/videos/gait/large/a/'),
 (1457,'030a113s04L.dv.flv','/videos/gait/large/a/'),
 (73,'030a113s04R.dv.flv','/videos/gait/large/a/'),
 (1587,'030a113s05L.dv.flv','/videos/gait/large/a/'),
 (1044,'030a113s05R.dv.flv','/videos/gait/large/a/'),
 (398,'030a113s06L.dv.flv','/videos/gait/large/a/'),
 (1741,'030a113s06R.dv.flv','/videos/gait/large/a/'),
 (1109,'030a113s07L.dv.flv','/videos/gait/large/a/'),
 (1472,'030a113s07R.dv.flv','/videos/gait/large/a/'),
 (1732,'030a113s08L.dv.flv','/videos/gait/large/a/'),
 (1700,'030a113s08R.dv.flv','/videos/gait/large/a/'),
 (1339,'030a113s09L.dv.flv','/videos/gait/large/a/'),
 (660,'030a113s09R.dv.flv','/videos/gait/large/a/'),
 (2171,'030a113s10L.dv.flv','/videos/gait/large/a/'),
 (197,'030a113s10R.dv.flv','/videos/gait/large/a/'),
 (1789,'030a113s11L.dv.flv','/videos/gait/large/a/'),
 (686,'030a113s11R.dv.flv','/videos/gait/large/a/'),
 (70,'030a113s12L.dv.flv','/videos/gait/large/a/'),
 (1740,'030a113s12R.dv.flv','/videos/gait/large/a/'),
 (1191,'030a113s13L.dv.flv','/videos/gait/large/a/'),
 (325,'030a113s13R.dv.flv','/videos/gait/large/a/'),
 (1649,'030a113s14L.dv.flv','/videos/gait/large/a/'),
 (307,'030a113s14R.dv.flv','/videos/gait/large/a/'),
 (826,'030a113s15L.dv.flv','/videos/gait/large/a/'),
 (757,'030a113s15R.dv.flv','/videos/gait/large/a/'),
 (404,'030a113s16L.dv.flv','/videos/gait/large/a/'),
 (934,'030a113s16R.dv.flv','/videos/gait/large/a/'),
 (1416,'030a114s00L.dv.flv','/videos/gait/large/a/'),
 (227,'030a114s00R.dv.flv','/videos/gait/large/a/'),
 (454,'030a114s01L.dv.flv','/videos/gait/large/a/'),
 (111,'030a114s01R.dv.flv','/videos/gait/large/a/'),
 (488,'030a114s02L.dv.flv','/videos/gait/large/a/'),
 (138,'030a114s02R.dv.flv','/videos/gait/large/a/'),
 (1838,'030a114s03L.dv.flv','/videos/gait/large/a/'),
 (292,'030a114s03R.dv.flv','/videos/gait/large/a/'),
 (1785,'030a114s04L.dv.flv','/videos/gait/large/a/'),
 (2176,'030a114s04R.dv.flv','/videos/gait/large/a/'),
 (1326,'030a114s05L.dv.flv','/videos/gait/large/a/'),
 (399,'030a114s05R.dv.flv','/videos/gait/large/a/'),
 (716,'030a114s06L.dv.flv','/videos/gait/large/a/'),
 (2103,'030a114s06R.dv.flv','/videos/gait/large/a/'),
 (1839,'030a114s07L.dv.flv','/videos/gait/large/a/'),
 (91,'030a114s07R.dv.flv','/videos/gait/large/a/'),
 (605,'030a114s08L.dv.flv','/videos/gait/large/a/'),
 (1810,'030a114s08R.dv.flv','/videos/gait/large/a/'),
 (221,'030a114s09L.dv.flv','/videos/gait/large/a/'),
 (1500,'030a114s09R.dv.flv','/videos/gait/large/a/'),
 (1583,'030a114s10L.dv.flv','/videos/gait/large/a/'),
 (194,'030a114s10R.dv.flv','/videos/gait/large/a/'),
 (642,'030a115s00L.dv.flv','/videos/gait/large/a/'),
 (897,'030a115s00R.dv.flv','/videos/gait/large/a/'),
 (1306,'030a115s01L.dv.flv','/videos/gait/large/a/'),
 (1031,'030a115s01R.dv.flv','/videos/gait/large/a/'),
 (1661,'030a115s02L.dv.flv','/videos/gait/large/a/'),
 (1840,'030a115s02R.dv.flv','/videos/gait/large/a/'),
 (733,'030a115s03L.dv.flv','/videos/gait/large/a/'),
 (33,'030a115s03R.dv.flv','/videos/gait/large/a/'),
 (1765,'030a115s04L.dv.flv','/videos/gait/large/a/'),
 (1772,'030a115s04R.dv.flv','/videos/gait/large/a/'),
 (1023,'030a115s05L.dv.flv','/videos/gait/large/a/'),
 (419,'030a115s05R.dv.flv','/videos/gait/large/a/'),
 (82,'030a115s06L.dv.flv','/videos/gait/large/a/'),
 (628,'030a115s06R.dv.flv','/videos/gait/large/a/'),
 (223,'030a115s07L.dv.flv','/videos/gait/large/a/'),
 (1913,'030a115s07R.dv.flv','/videos/gait/large/a/'),
 (26,'030a115s08L.dv.flv','/videos/gait/large/a/'),
 (2148,'030a115s08R.dv.flv','/videos/gait/large/a/'),
 (984,'030a115s09L.dv.flv','/videos/gait/large/a/'),
 (1105,'030a115s09R.dv.flv','/videos/gait/large/a/'),
 (1589,'030a115s10L.dv.flv','/videos/gait/large/a/'),
 (983,'030a115s10R.dv.flv','/videos/gait/large/a/'),
 (747,'030a115s11L.dv.flv','/videos/gait/large/a/'),
 (1551,'030a115s11R.dv.flv','/videos/gait/large/a/'),
 (103,'035a010s00L.dv.flv','/videos/gait/large/a/'),
 (357,'035a010s00R.dv.flv','/videos/gait/large/a/'),
 (1106,'035a010s01L.dv.flv','/videos/gait/large/a/'),
 (812,'035a010s01R.dv.flv','/videos/gait/large/a/'),
 (1081,'035a010s02L.dv.flv','/videos/gait/large/a/'),
 (1445,'035a010s02R.dv.flv','/videos/gait/large/a/'),
 (406,'035a010s03L.dv.flv','/videos/gait/large/a/'),
 (1541,'035a010s03R.dv.flv','/videos/gait/large/a/'),
 (396,'035a010s04L.dv.flv','/videos/gait/large/a/'),
 (1310,'035a010s04R.dv.flv','/videos/gait/large/a/'),
 (2107,'035a010s05L.dv.flv','/videos/gait/large/a/'),
 (1194,'035a010s05R.dv.flv','/videos/gait/large/a/'),
 (1054,'035a010s06L.dv.flv','/videos/gait/large/a/'),
 (563,'035a010s06R.dv.flv','/videos/gait/large/a/'),
 (1017,'035a010s07L.dv.flv','/videos/gait/large/a/'),
 (940,'035a010s07R.dv.flv','/videos/gait/large/a/'),
 (774,'035a010s08L.dv.flv','/videos/gait/large/a/'),
 (31,'035a010s08R.dv.flv','/videos/gait/large/a/'),
 (650,'035a010s09L.dv.flv','/videos/gait/large/a/'),
 (189,'035a010s09R.dv.flv','/videos/gait/large/a/'),
 (1131,'035a010s10L.dv.flv','/videos/gait/large/a/'),
 (209,'035a010s10R.dv.flv','/videos/gait/large/a/'),
 (1824,'035a085s00L.dv.flv','/videos/gait/large/a/'),
 (2055,'035a085s00R.dv.flv','/videos/gait/large/a/'),
 (1275,'035a085s01L.dv.flv','/videos/gait/large/a/'),
 (1682,'035a085s01R.dv.flv','/videos/gait/large/a/'),
 (417,'035a085s02L.dv.flv','/videos/gait/large/a/'),
 (1440,'035a085s02R.dv.flv','/videos/gait/large/a/'),
 (1744,'035a085s03L.dv.flv','/videos/gait/large/a/'),
 (1745,'035a085s03R.dv.flv','/videos/gait/large/a/'),
 (179,'035a085s04L.dv.flv','/videos/gait/large/a/'),
 (1387,'035a085s04R.dv.flv','/videos/gait/large/a/'),
 (1010,'035a085s05L.dv.flv','/videos/gait/large/a/'),
 (1696,'035a085s05R.dv.flv','/videos/gait/large/a/'),
 (479,'035a085s06L.dv.flv','/videos/gait/large/a/'),
 (145,'035a085s06R.dv.flv','/videos/gait/large/a/'),
 (1588,'035a085s07L.dv.flv','/videos/gait/large/a/'),
 (2141,'035a085s07R.dv.flv','/videos/gait/large/a/'),
 (302,'035a085s08L.dv.flv','/videos/gait/large/a/'),
 (821,'035a085s08R.dv.flv','/videos/gait/large/a/'),
 (298,'035a085s09L.dv.flv','/videos/gait/large/a/'),
 (168,'035a085s09R.dv.flv','/videos/gait/large/a/'),
 (1051,'035a085s10L.dv.flv','/videos/gait/large/a/'),
 (738,'035a085s10R.dv.flv','/videos/gait/large/a/'),
 (956,'035a085s11L.dv.flv','/videos/gait/large/a/'),
 (331,'035a085s11R.dv.flv','/videos/gait/large/a/'),
 (104,'035a095s00L.dv.flv','/videos/gait/large/a/'),
 (1325,'035a095s00R.dv.flv','/videos/gait/large/a/'),
 (1893,'035a095s01L.dv.flv','/videos/gait/large/a/'),
 (1425,'035a095s01R.dv.flv','/videos/gait/large/a/'),
 (299,'035a095s02L.dv.flv','/videos/gait/large/a/'),
 (2048,'035a095s02R.dv.flv','/videos/gait/large/a/'),
 (939,'035a095s03L.dv.flv','/videos/gait/large/a/'),
 (2092,'035a095s03R.dv.flv','/videos/gait/large/a/'),
 (619,'035a095s04L.dv.flv','/videos/gait/large/a/'),
 (463,'035a095s04R.dv.flv','/videos/gait/large/a/'),
 (1427,'035a095s05L.dv.flv','/videos/gait/large/a/'),
 (1931,'035a095s05R.dv.flv','/videos/gait/large/a/'),
 (1207,'035a095s06L.dv.flv','/videos/gait/large/a/'),
 (1161,'035a095s06R.dv.flv','/videos/gait/large/a/'),
 (1895,'035a095s07L.dv.flv','/videos/gait/large/a/'),
 (985,'035a095s07R.dv.flv','/videos/gait/large/a/'),
 (1532,'035a095s08L.dv.flv','/videos/gait/large/a/'),
 (730,'035a095s08R.dv.flv','/videos/gait/large/a/'),
 (2012,'035a095s09L.dv.flv','/videos/gait/large/a/'),
 (349,'035a095s09R.dv.flv','/videos/gait/large/a/'),
 (493,'035a095s10L.dv.flv','/videos/gait/large/a/'),
 (1266,'035a095s10R.dv.flv','/videos/gait/large/a/'),
 (781,'035a095s11L.dv.flv','/videos/gait/large/a/'),
 (1950,'035a095s11R.dv.flv','/videos/gait/large/a/'),
 (1737,'035a116s00L.dv.flv','/videos/gait/large/a/'),
 (1978,'035a116s00R.dv.flv','/videos/gait/large/a/'),
 (1505,'035a116s01L.dv.flv','/videos/gait/large/a/'),
 (874,'035a116s01R.dv.flv','/videos/gait/large/a/'),
 (639,'035a116s02L.dv.flv','/videos/gait/large/a/'),
 (1364,'035a116s02R.dv.flv','/videos/gait/large/a/'),
 (1937,'035a116s03L.dv.flv','/videos/gait/large/a/'),
 (62,'035a116s03R.dv.flv','/videos/gait/large/a/'),
 (2009,'035a116s04L.dv.flv','/videos/gait/large/a/'),
 (1775,'035a116s04R.dv.flv','/videos/gait/large/a/'),
 (1226,'035a116s05L.dv.flv','/videos/gait/large/a/'),
 (80,'035a116s05R.dv.flv','/videos/gait/large/a/'),
 (879,'035a116s06L.dv.flv','/videos/gait/large/a/'),
 (497,'035a116s06R.dv.flv','/videos/gait/large/a/'),
 (1392,'035a116s07L.dv.flv','/videos/gait/large/a/'),
 (2041,'035a116s07R.dv.flv','/videos/gait/large/a/'),
 (50,'035a116s08L.dv.flv','/videos/gait/large/a/'),
 (1755,'035a116s08R.dv.flv','/videos/gait/large/a/'),
 (352,'035a116s09L.dv.flv','/videos/gait/large/a/'),
 (470,'035a116s09R.dv.flv','/videos/gait/large/a/'),
 (1805,'035a116s10L.dv.flv','/videos/gait/large/a/'),
 (645,'035a116s10R.dv.flv','/videos/gait/large/a/'),
 (2502,'bee','bee'),
 (2414,'sample.55V80y.85.59.flv','/videos/3dgait'),
 (2421,'sample.55V80y.85.60.flv','/videos/3dgait'),
 (2333,'sample.55V80y.85.61.flv','/videos/3dgait'),
 (2353,'sample.55V80y.85.62.flv','/videos/3dgait'),
 (2474,'sample.55V80y.85.63.flv','/videos/3dgait'),
 (2483,'sample.55V80y.85.64.flv','/videos/3dgait'),
 (2251,'sample.55V80y.85.65.flv','/videos/3dgait'),
 (2312,'sample.55V80y.85.66.flv','/videos/3dgait'),
 (2187,'sample.55V80y.86.59.flv','/videos/3dgait'),
 (2354,'sample.55V80y.86.60.flv','/videos/3dgait'),
 (2404,'sample.55V80y.86.61.flv','/videos/3dgait'),
 (2466,'sample.55V80y.86.62.flv','/videos/3dgait'),
 (2349,'sample.55V80y.86.63.flv','/videos/3dgait'),
 (2255,'sample.55V80y.86.64.flv','/videos/3dgait'),
 (2295,'sample.55V80y.86.65.flv','/videos/3dgait'),
 (2424,'sample.55V80y.86.66.flv','/videos/3dgait'),
 (2472,'sample.55V80y.87.59.flv','/videos/3dgait'),
 (2370,'sample.55V80y.87.60.flv','/videos/3dgait'),
 (2245,'sample.55V80y.87.61.flv','/videos/3dgait'),
 (2362,'sample.55V80y.87.62.flv','/videos/3dgait'),
 (2338,'sample.55V80y.87.63.flv','/videos/3dgait'),
 (2226,'sample.55V80y.87.64.flv','/videos/3dgait'),
 (2327,'sample.55V80y.87.65.flv','/videos/3dgait'),
 (2236,'sample.55V80y.87.66.flv','/videos/3dgait'),
 (2283,'sample.55V80y.88.59.flv','/videos/3dgait'),
 (2233,'sample.55V80y.88.60.flv','/videos/3dgait'),
 (2293,'sample.55V80y.88.61.flv','/videos/3dgait'),
 (2275,'sample.55V80y.88.62.flv','/videos/3dgait'),
 (2462,'sample.55V80y.88.63.flv','/videos/3dgait'),
 (2489,'sample.55V80y.88.64.flv','/videos/3dgait'),
 (2497,'sample.55V80y.88.65.flv','/videos/3dgait'),
 (2463,'sample.55V80y.88.66.flv','/videos/3dgait'),
 (2237,'sample.5q17sX.113.59.flv','/videos/3dgait'),
 (2183,'sample.5q17sX.113.60.flv','/videos/3dgait'),
 (2417,'sample.5q17sX.113.61.flv','/videos/3dgait'),
 (2249,'sample.5q17sX.113.62.flv','/videos/3dgait'),
 (2254,'sample.5q17sX.113.63.flv','/videos/3dgait'),
 (2309,'sample.5q17sX.113.64.flv','/videos/3dgait'),
 (2452,'sample.5q17sX.113.65.flv','/videos/3dgait'),
 (2218,'sample.5q17sX.113.66.flv','/videos/3dgait'),
 (2403,'sample.5q17sX.114.59.flv','/videos/3dgait'),
 (2375,'sample.5q17sX.114.60.flv','/videos/3dgait'),
 (2299,'sample.5q17sX.114.61.flv','/videos/3dgait'),
 (2325,'sample.5q17sX.114.62.flv','/videos/3dgait'),
 (2281,'sample.5q17sX.114.63.flv','/videos/3dgait'),
 (2344,'sample.5q17sX.114.64.flv','/videos/3dgait'),
 (2317,'sample.5q17sX.114.65.flv','/videos/3dgait'),
 (2239,'sample.5q17sX.114.66.flv','/videos/3dgait'),
 (2457,'sample.5q17sX.115.59.flv','/videos/3dgait'),
 (2269,'sample.5q17sX.115.60.flv','/videos/3dgait'),
 (2335,'sample.5q17sX.115.61.flv','/videos/3dgait'),
 (2221,'sample.5q17sX.115.62.flv','/videos/3dgait'),
 (2332,'sample.5q17sX.115.63.flv','/videos/3dgait'),
 (2432,'sample.5q17sX.115.64.flv','/videos/3dgait'),
 (2352,'sample.5q17sX.115.65.flv','/videos/3dgait'),
 (2300,'sample.5q17sX.115.66.flv','/videos/3dgait'),
 (2453,'sample.5q17sX.116.59.flv','/videos/3dgait'),
 (2470,'sample.5q17sX.116.60.flv','/videos/3dgait'),
 (2413,'sample.5q17sX.116.61.flv','/videos/3dgait'),
 (2264,'sample.5q17sX.116.62.flv','/videos/3dgait'),
 (2396,'sample.5q17sX.116.63.flv','/videos/3dgait'),
 (2348,'sample.5q17sX.116.64.flv','/videos/3dgait'),
 (2287,'sample.5q17sX.116.65.flv','/videos/3dgait'),
 (2310,'sample.5q17sX.116.66.flv','/videos/3dgait'),
 (2248,'sample.6a9b1D.101.59.flv','/videos/3dgait'),
 (2431,'sample.6a9b1D.101.60.flv','/videos/3dgait'),
 (2374,'sample.6a9b1D.101.61.flv','/videos/3dgait'),
 (2476,'sample.6a9b1D.101.62.flv','/videos/3dgait'),
 (2232,'sample.6a9b1D.101.63.flv','/videos/3dgait'),
 (2204,'sample.6a9b1D.101.64.flv','/videos/3dgait'),
 (2208,'sample.6a9b1D.101.65.flv','/videos/3dgait'),
 (2486,'sample.6a9b1D.101.66.flv','/videos/3dgait'),
 (2415,'sample.6a9b1D.102.59.flv','/videos/3dgait'),
 (2479,'sample.6a9b1D.102.60.flv','/videos/3dgait'),
 (2426,'sample.6a9b1D.102.61.flv','/videos/3dgait'),
 (2301,'sample.6a9b1D.102.62.flv','/videos/3dgait'),
 (2410,'sample.6a9b1D.102.63.flv','/videos/3dgait'),
 (2428,'sample.6a9b1D.102.64.flv','/videos/3dgait'),
 (2392,'sample.6a9b1D.102.65.flv','/videos/3dgait'),
 (2385,'sample.6a9b1D.102.66.flv','/videos/3dgait'),
 (2464,'sample.6a9b1D.103.59.flv','/videos/3dgait'),
 (2340,'sample.6a9b1D.103.60.flv','/videos/3dgait'),
 (2449,'sample.6a9b1D.103.61.flv','/videos/3dgait'),
 (2488,'sample.6a9b1D.103.62.flv','/videos/3dgait'),
 (2356,'sample.6a9b1D.103.63.flv','/videos/3dgait'),
 (2495,'sample.6a9b1D.103.64.flv','/videos/3dgait'),
 (2460,'sample.6a9b1D.103.65.flv','/videos/3dgait'),
 (2216,'sample.6a9b1D.103.66.flv','/videos/3dgait'),
 (2461,'sample.6a9b1D.104.59.flv','/videos/3dgait'),
 (2290,'sample.6a9b1D.104.60.flv','/videos/3dgait'),
 (2405,'sample.6a9b1D.104.61.flv','/videos/3dgait'),
 (2365,'sample.6a9b1D.104.62.flv','/videos/3dgait'),
 (2186,'sample.6a9b1D.104.63.flv','/videos/3dgait'),
 (2358,'sample.6a9b1D.104.64.flv','/videos/3dgait'),
 (2342,'sample.6a9b1D.104.65.flv','/videos/3dgait'),
 (2369,'sample.6a9b1D.104.66.flv','/videos/3dgait'),
 (2240,'sample.dWhkUy.89.59.flv','/videos/3dgait'),
 (2438,'sample.dWhkUy.89.60.flv','/videos/3dgait'),
 (2477,'sample.dWhkUy.89.61.flv','/videos/3dgait'),
 (2468,'sample.dWhkUy.89.62.flv','/videos/3dgait'),
 (2443,'sample.dWhkUy.89.63.flv','/videos/3dgait'),
 (2322,'sample.dWhkUy.89.64.flv','/videos/3dgait'),
 (2292,'sample.dWhkUy.89.65.flv','/videos/3dgait'),
 (2280,'sample.dWhkUy.89.66.flv','/videos/3dgait'),
 (2206,'sample.dWhkUy.90.59.flv','/videos/3dgait'),
 (2378,'sample.dWhkUy.90.60.flv','/videos/3dgait'),
 (2185,'sample.dWhkUy.90.61.flv','/videos/3dgait'),
 (2190,'sample.dWhkUy.90.62.flv','/videos/3dgait'),
 (2230,'sample.dWhkUy.90.63.flv','/videos/3dgait'),
 (2478,'sample.dWhkUy.90.64.flv','/videos/3dgait'),
 (2263,'sample.dWhkUy.90.65.flv','/videos/3dgait'),
 (2198,'sample.dWhkUy.90.66.flv','/videos/3dgait'),
 (2219,'sample.dWhkUy.91.59.flv','/videos/3dgait'),
 (2384,'sample.dWhkUy.91.60.flv','/videos/3dgait'),
 (2406,'sample.dWhkUy.91.61.flv','/videos/3dgait'),
 (2494,'sample.dWhkUy.91.62.flv','/videos/3dgait'),
 (2341,'sample.dWhkUy.91.63.flv','/videos/3dgait'),
 (2372,'sample.dWhkUy.91.64.flv','/videos/3dgait'),
 (2270,'sample.dWhkUy.91.65.flv','/videos/3dgait'),
 (2418,'sample.dWhkUy.91.66.flv','/videos/3dgait'),
 (2188,'sample.dWhkUy.92.59.flv','/videos/3dgait'),
 (2326,'sample.dWhkUy.92.60.flv','/videos/3dgait'),
 (2266,'sample.dWhkUy.92.61.flv','/videos/3dgait'),
 (2331,'sample.dWhkUy.92.62.flv','/videos/3dgait'),
 (2364,'sample.dWhkUy.92.63.flv','/videos/3dgait'),
 (2277,'sample.dWhkUy.92.64.flv','/videos/3dgait'),
 (2373,'sample.dWhkUy.92.65.flv','/videos/3dgait'),
 (2334,'sample.dWhkUy.92.66.flv','/videos/3dgait'),
 (2371,'sample.kXCBPD.93.59.flv','/videos/3dgait'),
 (2451,'sample.kXCBPD.93.60.flv','/videos/3dgait'),
 (2381,'sample.kXCBPD.93.61.flv','/videos/3dgait'),
 (2387,'sample.kXCBPD.93.62.flv','/videos/3dgait'),
 (2311,'sample.kXCBPD.93.63.flv','/videos/3dgait'),
 (2437,'sample.kXCBPD.93.64.flv','/videos/3dgait'),
 (2473,'sample.kXCBPD.93.65.flv','/videos/3dgait'),
 (2247,'sample.kXCBPD.93.66.flv','/videos/3dgait'),
 (2380,'sample.kXCBPD.94.59.flv','/videos/3dgait'),
 (2279,'sample.kXCBPD.94.60.flv','/videos/3dgait'),
 (2207,'sample.kXCBPD.94.61.flv','/videos/3dgait'),
 (2276,'sample.kXCBPD.94.62.flv','/videos/3dgait'),
 (2467,'sample.kXCBPD.94.63.flv','/videos/3dgait'),
 (2306,'sample.kXCBPD.94.64.flv','/videos/3dgait'),
 (2454,'sample.kXCBPD.94.65.flv','/videos/3dgait'),
 (2257,'sample.kXCBPD.94.66.flv','/videos/3dgait'),
 (2337,'sample.kXCBPD.95.59.flv','/videos/3dgait'),
 (2336,'sample.kXCBPD.95.60.flv','/videos/3dgait'),
 (2209,'sample.kXCBPD.95.61.flv','/videos/3dgait'),
 (2493,'sample.kXCBPD.95.62.flv','/videos/3dgait'),
 (2244,'sample.kXCBPD.95.63.flv','/videos/3dgait'),
 (2440,'sample.kXCBPD.95.64.flv','/videos/3dgait'),
 (2305,'sample.kXCBPD.95.65.flv','/videos/3dgait'),
 (2296,'sample.kXCBPD.95.66.flv','/videos/3dgait'),
 (2368,'sample.kXCBPD.96.59.flv','/videos/3dgait'),
 (2229,'sample.kXCBPD.96.60.flv','/videos/3dgait'),
 (2223,'sample.kXCBPD.96.61.flv','/videos/3dgait'),
 (2212,'sample.kXCBPD.96.62.flv','/videos/3dgait'),
 (2491,'sample.kXCBPD.96.63.flv','/videos/3dgait'),
 (2487,'sample.kXCBPD.96.64.flv','/videos/3dgait'),
 (2227,'sample.kXCBPD.96.65.flv','/videos/3dgait'),
 (2231,'sample.kXCBPD.96.66.flv','/videos/3dgait'),
 (2222,'sample.L216nu.81.59.flv','/videos/3dgait'),
 (2273,'sample.L216nu.81.60.flv','/videos/3dgait'),
 (2439,'sample.L216nu.81.61.flv','/videos/3dgait'),
 (2411,'sample.L216nu.81.62.flv','/videos/3dgait'),
 (2447,'sample.L216nu.81.63.flv','/videos/3dgait'),
 (2314,'sample.L216nu.81.64.flv','/videos/3dgait'),
 (2492,'sample.L216nu.81.65.flv','/videos/3dgait'),
 (2214,'sample.L216nu.81.66.flv','/videos/3dgait'),
 (2347,'sample.L216nu.82.59.flv','/videos/3dgait'),
 (2382,'sample.L216nu.82.60.flv','/videos/3dgait'),
 (2324,'sample.L216nu.82.61.flv','/videos/3dgait'),
 (2350,'sample.L216nu.82.62.flv','/videos/3dgait'),
 (2386,'sample.L216nu.82.63.flv','/videos/3dgait'),
 (2408,'sample.L216nu.82.64.flv','/videos/3dgait'),
 (2482,'sample.L216nu.82.65.flv','/videos/3dgait'),
 (2359,'sample.L216nu.82.66.flv','/videos/3dgait'),
 (2243,'sample.L216nu.83.59.flv','/videos/3dgait'),
 (2397,'sample.L216nu.83.60.flv','/videos/3dgait'),
 (2450,'sample.L216nu.83.61.flv','/videos/3dgait'),
 (2220,'sample.L216nu.83.62.flv','/videos/3dgait'),
 (2294,'sample.L216nu.83.63.flv','/videos/3dgait'),
 (2471,'sample.L216nu.83.64.flv','/videos/3dgait'),
 (2391,'sample.L216nu.83.65.flv','/videos/3dgait'),
 (2376,'sample.L216nu.83.66.flv','/videos/3dgait'),
 (2409,'sample.L216nu.84.59.flv','/videos/3dgait'),
 (2465,'sample.L216nu.84.60.flv','/videos/3dgait'),
 (2398,'sample.L216nu.84.61.flv','/videos/3dgait'),
 (2484,'sample.L216nu.84.62.flv','/videos/3dgait'),
 (2213,'sample.L216nu.84.63.flv','/videos/3dgait'),
 (2446,'sample.L216nu.84.64.flv','/videos/3dgait'),
 (2202,'sample.L216nu.84.65.flv','/videos/3dgait'),
 (2422,'sample.L216nu.84.66.flv','/videos/3dgait'),
 (2291,'sample.p7r8sC.117.59.flv','/videos/3dgait'),
 (2351,'sample.p7r8sC.117.60.flv','/videos/3dgait'),
 (2241,'sample.p7r8sC.117.61.flv','/videos/3dgait'),
 (2278,'sample.p7r8sC.117.62.flv','/videos/3dgait'),
 (2315,'sample.p7r8sC.117.63.flv','/videos/3dgait'),
 (2319,'sample.p7r8sC.117.64.flv','/videos/3dgait'),
 (2388,'sample.p7r8sC.117.65.flv','/videos/3dgait'),
 (2366,'sample.p7r8sC.117.66.flv','/videos/3dgait'),
 (2389,'sample.p7r8sC.118.59.flv','/videos/3dgait'),
 (2238,'sample.p7r8sC.118.60.flv','/videos/3dgait'),
 (2436,'sample.p7r8sC.118.61.flv','/videos/3dgait'),
 (2390,'sample.p7r8sC.118.62.flv','/videos/3dgait'),
 (2217,'sample.p7r8sC.118.63.flv','/videos/3dgait'),
 (2259,'sample.p7r8sC.118.64.flv','/videos/3dgait'),
 (2328,'sample.p7r8sC.118.65.flv','/videos/3dgait'),
 (2258,'sample.p7r8sC.118.66.flv','/videos/3dgait'),
 (2434,'sample.p7r8sC.119.59.flv','/videos/3dgait'),
 (2425,'sample.p7r8sC.119.60.flv','/videos/3dgait'),
 (2298,'sample.p7r8sC.119.61.flv','/videos/3dgait'),
 (2490,'sample.p7r8sC.119.62.flv','/videos/3dgait'),
 (2329,'sample.p7r8sC.119.63.flv','/videos/3dgait'),
 (2402,'sample.p7r8sC.119.64.flv','/videos/3dgait'),
 (2377,'sample.p7r8sC.119.65.flv','/videos/3dgait'),
 (2215,'sample.p7r8sC.119.66.flv','/videos/3dgait'),
 (2201,'sample.p7r8sC.120.59.flv','/videos/3dgait'),
 (2284,'sample.p7r8sC.120.60.flv','/videos/3dgait'),
 (2399,'sample.p7r8sC.120.61.flv','/videos/3dgait'),
 (2268,'sample.p7r8sC.120.62.flv','/videos/3dgait'),
 (2197,'sample.p7r8sC.120.63.flv','/videos/3dgait'),
 (2401,'sample.p7r8sC.120.64.flv','/videos/3dgait'),
 (2393,'sample.p7r8sC.120.65.flv','/videos/3dgait'),
 (2307,'sample.p7r8sC.120.66.flv','/videos/3dgait'),
 (2395,'sample.pWP3gk.100.59.flv','/videos/3dgait'),
 (2419,'sample.pWP3gk.100.60.flv','/videos/3dgait'),
 (2200,'sample.pWP3gk.100.61.flv','/videos/3dgait'),
 (2234,'sample.pWP3gk.100.62.flv','/videos/3dgait'),
 (2343,'sample.pWP3gk.100.63.flv','/videos/3dgait'),
 (2459,'sample.pWP3gk.100.64.flv','/videos/3dgait'),
 (2458,'sample.pWP3gk.100.65.flv','/videos/3dgait'),
 (2242,'sample.pWP3gk.100.66.flv','/videos/3dgait'),
 (2416,'sample.pWP3gk.97.59.flv','/videos/3dgait'),
 (2429,'sample.pWP3gk.97.60.flv','/videos/3dgait');
INSERT INTO `videos` (`id`,`file`,`dir`) VALUES 
 (2501,'sample.pWP3gk.97.61.flv','/videos/3dgait'),
 (2499,'sample.pWP3gk.97.62.flv','/videos/3dgait'),
 (2361,'sample.pWP3gk.97.63.flv','/videos/3dgait'),
 (2195,'sample.pWP3gk.97.64.flv','/videos/3dgait'),
 (2308,'sample.pWP3gk.97.65.flv','/videos/3dgait'),
 (2316,'sample.pWP3gk.97.66.flv','/videos/3dgait'),
 (2480,'sample.pWP3gk.98.59.flv','/videos/3dgait'),
 (2262,'sample.pWP3gk.98.60.flv','/videos/3dgait'),
 (2496,'sample.pWP3gk.98.61.flv','/videos/3dgait'),
 (2297,'sample.pWP3gk.98.62.flv','/videos/3dgait'),
 (2357,'sample.pWP3gk.98.63.flv','/videos/3dgait'),
 (2313,'sample.pWP3gk.98.64.flv','/videos/3dgait'),
 (2455,'sample.pWP3gk.98.65.flv','/videos/3dgait'),
 (2330,'sample.pWP3gk.98.66.flv','/videos/3dgait'),
 (2323,'sample.pWP3gk.99.59.flv','/videos/3dgait'),
 (2260,'sample.pWP3gk.99.60.flv','/videos/3dgait'),
 (2194,'sample.pWP3gk.99.61.flv','/videos/3dgait'),
 (2182,'sample.pWP3gk.99.62.flv','/videos/3dgait'),
 (2271,'sample.pWP3gk.99.63.flv','/videos/3dgait'),
 (2199,'sample.pWP3gk.99.64.flv','/videos/3dgait'),
 (2224,'sample.pWP3gk.99.65.flv','/videos/3dgait'),
 (2339,'sample.pWP3gk.99.66.flv','/videos/3dgait'),
 (2420,'sample.RK5WSW.105.59.flv','/videos/3dgait'),
 (2355,'sample.RK5WSW.105.60.flv','/videos/3dgait'),
 (2246,'sample.RK5WSW.105.61.flv','/videos/3dgait'),
 (2196,'sample.RK5WSW.105.62.flv','/videos/3dgait'),
 (2412,'sample.RK5WSW.105.63.flv','/videos/3dgait'),
 (2475,'sample.RK5WSW.105.64.flv','/videos/3dgait'),
 (2367,'sample.RK5WSW.105.65.flv','/videos/3dgait'),
 (2282,'sample.RK5WSW.105.66.flv','/videos/3dgait'),
 (2302,'sample.RK5WSW.106.59.flv','/videos/3dgait'),
 (2192,'sample.RK5WSW.106.60.flv','/videos/3dgait'),
 (2383,'sample.RK5WSW.106.61.flv','/videos/3dgait'),
 (2189,'sample.RK5WSW.106.62.flv','/videos/3dgait'),
 (2435,'sample.RK5WSW.106.63.flv','/videos/3dgait'),
 (2318,'sample.RK5WSW.106.64.flv','/videos/3dgait'),
 (2445,'sample.RK5WSW.106.65.flv','/videos/3dgait'),
 (2267,'sample.RK5WSW.106.66.flv','/videos/3dgait'),
 (2442,'sample.RK5WSW.107.59.flv','/videos/3dgait'),
 (2456,'sample.RK5WSW.107.60.flv','/videos/3dgait'),
 (2191,'sample.RK5WSW.107.61.flv','/videos/3dgait'),
 (2433,'sample.RK5WSW.107.62.flv','/videos/3dgait'),
 (2253,'sample.RK5WSW.107.63.flv','/videos/3dgait'),
 (2286,'sample.RK5WSW.107.64.flv','/videos/3dgait'),
 (2498,'sample.RK5WSW.107.65.flv','/videos/3dgait'),
 (2441,'sample.RK5WSW.107.66.flv','/videos/3dgait'),
 (2274,'sample.RK5WSW.108.59.flv','/videos/3dgait'),
 (2228,'sample.RK5WSW.108.60.flv','/videos/3dgait'),
 (2250,'sample.RK5WSW.108.61.flv','/videos/3dgait'),
 (2346,'sample.RK5WSW.108.62.flv','/videos/3dgait'),
 (2500,'sample.RK5WSW.108.63.flv','/videos/3dgait'),
 (2235,'sample.RK5WSW.108.64.flv','/videos/3dgait'),
 (2265,'sample.RK5WSW.108.65.flv','/videos/3dgait'),
 (2444,'sample.RK5WSW.108.66.flv','/videos/3dgait'),
 (2345,'sample.zZaW4g.109.59.flv','/videos/3dgait'),
 (2303,'sample.zZaW4g.109.60.flv','/videos/3dgait'),
 (2481,'sample.zZaW4g.109.61.flv','/videos/3dgait'),
 (2379,'sample.zZaW4g.109.62.flv','/videos/3dgait'),
 (2205,'sample.zZaW4g.109.63.flv','/videos/3dgait'),
 (2261,'sample.zZaW4g.109.64.flv','/videos/3dgait'),
 (2430,'sample.zZaW4g.109.65.flv','/videos/3dgait'),
 (2285,'sample.zZaW4g.109.66.flv','/videos/3dgait'),
 (2203,'sample.zZaW4g.110.59.flv','/videos/3dgait'),
 (2256,'sample.zZaW4g.110.60.flv','/videos/3dgait'),
 (2289,'sample.zZaW4g.110.61.flv','/videos/3dgait'),
 (2320,'sample.zZaW4g.110.62.flv','/videos/3dgait'),
 (2448,'sample.zZaW4g.110.63.flv','/videos/3dgait'),
 (2423,'sample.zZaW4g.110.64.flv','/videos/3dgait'),
 (2210,'sample.zZaW4g.110.65.flv','/videos/3dgait'),
 (2427,'sample.zZaW4g.110.66.flv','/videos/3dgait'),
 (2321,'sample.zZaW4g.111.59.flv','/videos/3dgait'),
 (2288,'sample.zZaW4g.111.60.flv','/videos/3dgait'),
 (2469,'sample.zZaW4g.111.61.flv','/videos/3dgait'),
 (2225,'sample.zZaW4g.111.62.flv','/videos/3dgait'),
 (2394,'sample.zZaW4g.111.63.flv','/videos/3dgait'),
 (2485,'sample.zZaW4g.111.64.flv','/videos/3dgait'),
 (2363,'sample.zZaW4g.111.65.flv','/videos/3dgait'),
 (2272,'sample.zZaW4g.111.66.flv','/videos/3dgait'),
 (2252,'sample.zZaW4g.112.59.flv','/videos/3dgait'),
 (2193,'sample.zZaW4g.112.60.flv','/videos/3dgait'),
 (2211,'sample.zZaW4g.112.61.flv','/videos/3dgait'),
 (2407,'sample.zZaW4g.112.62.flv','/videos/3dgait'),
 (2184,'sample.zZaW4g.112.63.flv','/videos/3dgait'),
 (2360,'sample.zZaW4g.112.64.flv','/videos/3dgait'),
 (2400,'sample.zZaW4g.112.65.flv','/videos/3dgait'),
 (2304,'sample.zZaW4g.112.66.flv','/videos/3dgait');

--
-- Create schema sbio2011
--

CREATE DATABASE IF NOT EXISTS sbio2011;
USE sbio2011;

--
-- Definition of table `comparisons1`
--

